{"version":"1.0","provider_name":"TVM - Televis\u00e3o de Mo\u00e7ambique","provider_url":"https:\/\/www.tvm.co.mz\/novosite","author_name":"Vinodia Janete","author_url":"https:\/\/www.tvm.co.mz\/novosite\/author\/vjanete\/","title":"Geny Catamo pode estar de regresso ao Sporting - TVM - Televis\u00e3o de Mo\u00e7ambique","type":"rich","width":600,"height":338,"html":"<blockquote class=\"wp-embedded-content\" data-secret=\"TyFR07BUjW\"><a href=\"https:\/\/www.tvm.co.mz\/novosite\/2023\/06\/22\/geny-catamo-pode-estar-de-regresso-ao-sporting\/\">Geny Catamo pode estar de regresso ao Sporting<\/a><\/blockquote><iframe sandbox=\"allow-scripts\" security=\"restricted\" src=\"https:\/\/www.tvm.co.mz\/novosite\/2023\/06\/22\/geny-catamo-pode-estar-de-regresso-ao-sporting\/embed\/#?secret=TyFR07BUjW\" width=\"600\" height=\"338\" title=\"&#8220;Geny Catamo pode estar de regresso ao Sporting&#8221; &#8212; TVM - Televis\u00e3o de Mo\u00e7ambique\" data-secret=\"TyFR07BUjW\" frameborder=\"0\" marginwidth=\"0\" marginheight=\"0\" scrolling=\"no\" class=\"wp-embedded-content\"><\/iframe><script>\n\/*! This file is auto-generated *\/\n!function(d,l){\"use strict\";l.querySelector&&d.addEventListener&&\"undefined\"!=typeof URL&&(d.wp=d.wp||{},d.wp.receiveEmbedMessage||(d.wp.receiveEmbedMessage=function(e){var t=e.data;if((t||t.secret||t.message||t.value)&&!\/[^a-zA-Z0-9]\/.test(t.secret)){for(var s,r,n,a=l.querySelectorAll('iframe[data-secret=\"'+t.secret+'\"]'),o=l.querySelectorAll('blockquote[data-secret=\"'+t.secret+'\"]'),c=new RegExp(\"^https?:$\",\"i\"),i=0;i<o.length;i++)o[i].style.display=\"none\";for(i=0;i<a.length;i++)s=a[i],e.source===s.contentWindow&&(s.removeAttribute(\"style\"),\"height\"===t.message?(1e3<(r=parseInt(t.value,10))?r=1e3:~~r<200&&(r=200),s.height=r):\"link\"===t.message&&(r=new URL(s.getAttribute(\"src\")),n=new URL(t.value),c.test(n.protocol))&&n.host===r.host&&l.activeElement===s&&(d.top.location.href=t.value))}},d.addEventListener(\"message\",d.wp.receiveEmbedMessage,!1),l.addEventListener(\"DOMContentLoaded\",function(){for(var e,t,s=l.querySelectorAll(\"iframe.wp-embedded-content\"),r=0;r<s.length;r++)(t=(e=s[r]).getAttribute(\"data-secret\"))||(t=Math.random().toString(36).substring(2,12),e.src+=\"#?secret=\"+t,e.setAttribute(\"data-secret\",t)),e.contentWindow.postMessage({message:\"ready\",secret:t},\"*\")},!1)))}(window,document);\n\/\/# sourceURL=https:\/\/www.tvm.co.mz\/novosite\/wp-includes\/js\/wp-embed.min.js\n<\/script>\n","thumbnail_url":"https:\/\/www.tvm.co.mz\/novosite\/wp-content\/uploads\/2023\/06\/hgoluhgfkjnb.jpg","thumbnail_width":850,"thumbnail_height":464,"description":"Geny Catamo regressa ao Sporting de Portugal para cumprir a pr\u00e9-\u00e9poca na equipa principal \u2019\u2019leonina\u2019\u2019. O internacional mo\u00e7ambicano, que marcou um dos golos da vit\u00f3ria dos \u201cMambas\u201d no Ruanda, domingo \u00faltimo, tem, agora, mais uma oportunidade para convencer R\u00faben Amorim, o treinador \u201cleonino\u201d, a integr\u00e1-lo no plantel para a pr\u00f3xima temporada. Na \u00faltima \u00e9poca, Geny Catamo esteve ao servi\u00e7o do Mar\u00edtimo, por empr\u00e9stimo do Sporting. O jogador, de 22 anos, tem sido sondado tamb\u00e9m por clubes de Espanha, Fran\u00e7a, do Leste da Europa e do Championship, o segundo escal\u00e3o de Inglaterra."}

TVM - Televisão de Moçambique

Geny Catamo pode estar de regresso ao Sporting - TVM - Televisão de Moçambique

<blockquote class="wp-embedded-content" data-secret="TyFR07BUjW"><a href="https://www.tvm.co.mz/novosite/2023/06/22/geny-catamo-pode-estar-de-regresso-ao-sporting/">Geny Catamo pode estar de regresso ao Sporting</a></blockquote><iframe sandbox="allow-scripts" security="restricted" src="https://www.tvm.co.mz/novosite/2023/06/22/geny-catamo-pode-estar-de-regresso-ao-sporting/embed/#?secret=TyFR07BUjW" width="600" height="338" title="&#8220;Geny Catamo pode estar de regresso ao Sporting&#8221; &#8212; TVM - Televisão de Moçambique" data-secret="TyFR07BUjW" frameborder="0" marginwidth="0" marginheight="0" scrolling="no" class="wp-embedded-content"></iframe><script>
/*! This file is auto-generated */
!function(d,l){"use strict";l.querySelector&&d.addEventListener&&"undefined"!=typeof URL&&(d.wp=d.wp||{},d.wp.receiveEmbedMessage||(d.wp.receiveEmbedMessage=function(e){var t=e.data;if((t||t.secret||t.message||t.value)&&!/[^a-zA-Z0-9]/.test(t.secret)){for(var s,r,n,a=l.querySelectorAll('iframe[data-secret="'+t.secret+'"]'),o=l.querySelectorAll('blockquote[data-secret="'+t.secret+'"]'),c=new RegExp("^https?:$","i"),i=0;i<o.length;i++)o[i].style.display="none";for(i=0;i<a.length;i++)s=a[i],e.source===s.contentWindow&&(s.removeAttribute("style"),"height"===t.message?(1e3<(r=parseInt(t.value,10))?r=1e3:~~r<200&&(r=200),s.height=r):"link"===t.message&&(r=new URL(s.getAttribute("src")),n=new URL(t.value),c.test(n.protocol))&&n.host===r.host&&l.activeElement===s&&(d.top.location.href=t.value))}},d.addEventListener("message",d.wp.receiveEmbedMessage,!1),l.addEventListener("DOMContentLoaded",function(){for(var e,t,s=l.querySelectorAll("iframe.wp-embedded-content"),r=0;r<s.length;r++)(t=(e=s[r]).getAttribute("data-secret"))||(t=Math.random().toString(36).substring(2,12),e.src+="#?secret="+t,e.setAttribute("data-secret",t)),e.contentWindow.postMessage({message:"ready",secret:t},"*")},!1)))}(window,document);
//# sourceURL=https://www.tvm.co.mz/novosite/wp-includes/js/wp-embed.min.js
</script>

Geny Catamo regressa ao Sporting de Portugal para cumprir a pré-época na equipa principal ’’leonina’’. O internacional moçambicano, que marcou um dos golos da vitória dos “Mambas” no Ruanda, domingo último, tem, agora, mais uma oportunidade para convencer Rúben Amorim, o treinador “leonino”, a integrá-lo no plantel para a próxima temporada. Na última época, Geny Catamo esteve ao serviço do Marítimo, por empréstimo do Sporting. O jogador, de 22 anos, tem sido sondado também por clubes de Espanha, França, do Leste da Europa e do Championship, o segundo escalão de Inglaterra.
