{"version":"1.0","provider_name":"TVM - Televis\u00e3o de Mo\u00e7ambique","provider_url":"https:\/\/www.tvm.co.mz\/novosite","author_name":"Leopoldino Bambo","author_url":"https:\/\/www.tvm.co.mz\/novosite\/author\/lbambo\/","title":"Aumenta n\u00famero de adultos que aderem \u00e0 alfabetiza\u00e7\u00e3o - TVM - Televis\u00e3o de Mo\u00e7ambique","type":"rich","width":600,"height":338,"html":"<blockquote class=\"wp-embedded-content\" data-secret=\"j1vb06Jl0U\"><a href=\"https:\/\/www.tvm.co.mz\/novosite\/2022\/09\/12\/aumenta-numero-de-adultos-que-aderem-a-alfabetizacao\/\">Aumenta n\u00famero de adultos que aderem \u00e0 alfabetiza\u00e7\u00e3o<\/a><\/blockquote><iframe sandbox=\"allow-scripts\" security=\"restricted\" src=\"https:\/\/www.tvm.co.mz\/novosite\/2022\/09\/12\/aumenta-numero-de-adultos-que-aderem-a-alfabetizacao\/embed\/#?secret=j1vb06Jl0U\" width=\"600\" height=\"338\" title=\"&#8220;Aumenta n\u00famero de adultos que aderem \u00e0 alfabetiza\u00e7\u00e3o&#8221; &#8212; TVM - Televis\u00e3o de Mo\u00e7ambique\" data-secret=\"j1vb06Jl0U\" frameborder=\"0\" marginwidth=\"0\" marginheight=\"0\" scrolling=\"no\" class=\"wp-embedded-content\"><\/iframe><script>\n\/*! This file is auto-generated *\/\n!function(d,l){\"use strict\";l.querySelector&&d.addEventListener&&\"undefined\"!=typeof URL&&(d.wp=d.wp||{},d.wp.receiveEmbedMessage||(d.wp.receiveEmbedMessage=function(e){var t=e.data;if((t||t.secret||t.message||t.value)&&!\/[^a-zA-Z0-9]\/.test(t.secret)){for(var s,r,n,a=l.querySelectorAll('iframe[data-secret=\"'+t.secret+'\"]'),o=l.querySelectorAll('blockquote[data-secret=\"'+t.secret+'\"]'),c=new RegExp(\"^https?:$\",\"i\"),i=0;i<o.length;i++)o[i].style.display=\"none\";for(i=0;i<a.length;i++)s=a[i],e.source===s.contentWindow&&(s.removeAttribute(\"style\"),\"height\"===t.message?(1e3<(r=parseInt(t.value,10))?r=1e3:~~r<200&&(r=200),s.height=r):\"link\"===t.message&&(r=new URL(s.getAttribute(\"src\")),n=new URL(t.value),c.test(n.protocol))&&n.host===r.host&&l.activeElement===s&&(d.top.location.href=t.value))}},d.addEventListener(\"message\",d.wp.receiveEmbedMessage,!1),l.addEventListener(\"DOMContentLoaded\",function(){for(var e,t,s=l.querySelectorAll(\"iframe.wp-embedded-content\"),r=0;r<s.length;r++)(t=(e=s[r]).getAttribute(\"data-secret\"))||(t=Math.random().toString(36).substring(2,12),e.src+=\"#?secret=\"+t,e.setAttribute(\"data-secret\",t)),e.contentWindow.postMessage({message:\"ready\",secret:t},\"*\")},!1)))}(window,document);\n\/\/# sourceURL=https:\/\/www.tvm.co.mz\/novosite\/wp-includes\/js\/wp-embed.min.js\n<\/script>\n","thumbnail_url":"https:\/\/www.tvm.co.mz\/novosite\/wp-content\/uploads\/2022\/09\/ALFABETIZACAO-2.jpeg","thumbnail_width":900,"thumbnail_height":600,"description":"PELO menos 7.637 centros de alfabetiza\u00e7\u00e3o foram criados no presente ano lectivo, \u00e0 escala nacional, contra 2.826 do ano passado, no \u00e2mbito do Plano de Acelera\u00e7\u00e3o de Alfabetiza\u00e7\u00e3o de Jovens e Adultos lan\u00e7ado h\u00e1 dois anos. A informa\u00e7\u00e3o foi partilhada, recentemente, pela Ministra da Educa\u00e7\u00e3o e Desenvolvimento Humano, Carmelita Namashulua. Neste programa, a prov\u00edncia de Nampula ocupa o primeiro lugar com 2342 centros, seguida de Sofala (928 centros), Cabo Delgado (918), Tete (786), Niassa (634), Zamb\u00e9zia (545), Inhambane (468), Gaza (401), Manica (308), Maputo-prov\u00edncia (231) e Cidade de Maputo (76). Segundo a titular da pasta da Educa\u00e7\u00e3o e Desenvolvimento Humano, a cria\u00e7\u00e3o destes centros demonstra que h\u00e1 cada vez mais jovens e adultos que se preocupam em estudar, o que \u00e9 visto como um incentivo \u00e0s comunidades a apostar na forma\u00e7\u00e3o."}

TVM - Televisão de Moçambique

Aumenta número de adultos que aderem à alfabetização - TVM - Televisão de Moçambique

<blockquote class="wp-embedded-content" data-secret="j1vb06Jl0U"><a href="https://www.tvm.co.mz/novosite/2022/09/12/aumenta-numero-de-adultos-que-aderem-a-alfabetizacao/">Aumenta número de adultos que aderem à alfabetização</a></blockquote><iframe sandbox="allow-scripts" security="restricted" src="https://www.tvm.co.mz/novosite/2022/09/12/aumenta-numero-de-adultos-que-aderem-a-alfabetizacao/embed/#?secret=j1vb06Jl0U" width="600" height="338" title="&#8220;Aumenta número de adultos que aderem à alfabetização&#8221; &#8212; TVM - Televisão de Moçambique" data-secret="j1vb06Jl0U" frameborder="0" marginwidth="0" marginheight="0" scrolling="no" class="wp-embedded-content"></iframe><script>
/*! This file is auto-generated */
!function(d,l){"use strict";l.querySelector&&d.addEventListener&&"undefined"!=typeof URL&&(d.wp=d.wp||{},d.wp.receiveEmbedMessage||(d.wp.receiveEmbedMessage=function(e){var t=e.data;if((t||t.secret||t.message||t.value)&&!/[^a-zA-Z0-9]/.test(t.secret)){for(var s,r,n,a=l.querySelectorAll('iframe[data-secret="'+t.secret+'"]'),o=l.querySelectorAll('blockquote[data-secret="'+t.secret+'"]'),c=new RegExp("^https?:$","i"),i=0;i<o.length;i++)o[i].style.display="none";for(i=0;i<a.length;i++)s=a[i],e.source===s.contentWindow&&(s.removeAttribute("style"),"height"===t.message?(1e3<(r=parseInt(t.value,10))?r=1e3:~~r<200&&(r=200),s.height=r):"link"===t.message&&(r=new URL(s.getAttribute("src")),n=new URL(t.value),c.test(n.protocol))&&n.host===r.host&&l.activeElement===s&&(d.top.location.href=t.value))}},d.addEventListener("message",d.wp.receiveEmbedMessage,!1),l.addEventListener("DOMContentLoaded",function(){for(var e,t,s=l.querySelectorAll("iframe.wp-embedded-content"),r=0;r<s.length;r++)(t=(e=s[r]).getAttribute("data-secret"))||(t=Math.random().toString(36).substring(2,12),e.src+="#?secret="+t,e.setAttribute("data-secret",t)),e.contentWindow.postMessage({message:"ready",secret:t},"*")},!1)))}(window,document);
//# sourceURL=https://www.tvm.co.mz/novosite/wp-includes/js/wp-embed.min.js
</script>

PELO menos 7.637 centros de alfabetização foram criados no presente ano lectivo, à escala nacional, contra 2.826 do ano passado, no âmbito do Plano de Aceleração de Alfabetização de Jovens e Adultos lançado há dois anos. A informação foi partilhada, recentemente, pela Ministra da Educação e Desenvolvimento Humano, Carmelita Namashulua. Neste programa, a província de Nampula ocupa o primeiro lugar com 2342 centros, seguida de Sofala (928 centros), Cabo Delgado (918), Tete (786), Niassa (634), Zambézia (545), Inhambane (468), Gaza (401), Manica (308), Maputo-província (231) e Cidade de Maputo (76). Segundo a titular da pasta da Educação e Desenvolvimento Humano, a criação destes centros demonstra que há cada vez mais jovens e adultos que se preocupam em estudar, o que é visto como um incentivo às comunidades a apostar na formação.
