{"version":"1.0","provider_name":"TVM - Televis\u00e3o de Mo\u00e7ambique","provider_url":"https:\/\/www.tvm.co.mz\/novosite","author_name":"Luis Pires","author_url":"https:\/\/www.tvm.co.mz\/novosite\/author\/lpires\/","title":"Centro Franco-Mo\u00e7ambicano acolhe festa da m\u00fasica - TVM - Televis\u00e3o de Mo\u00e7ambique","type":"rich","width":600,"height":338,"html":"<blockquote class=\"wp-embedded-content\" data-secret=\"pepH1W73Zv\"><a href=\"https:\/\/www.tvm.co.mz\/novosite\/2022\/06\/16\/centro-franco-mocambicano-acolhe-festa-da-musica\/\">Centro Franco-Mo\u00e7ambicano acolhe festa da m\u00fasica<\/a><\/blockquote><iframe sandbox=\"allow-scripts\" security=\"restricted\" src=\"https:\/\/www.tvm.co.mz\/novosite\/2022\/06\/16\/centro-franco-mocambicano-acolhe-festa-da-musica\/embed\/#?secret=pepH1W73Zv\" width=\"600\" height=\"338\" title=\"&#8220;Centro Franco-Mo\u00e7ambicano acolhe festa da m\u00fasica&#8221; &#8212; TVM - Televis\u00e3o de Mo\u00e7ambique\" data-secret=\"pepH1W73Zv\" frameborder=\"0\" marginwidth=\"0\" marginheight=\"0\" scrolling=\"no\" class=\"wp-embedded-content\"><\/iframe><script>\n\/*! This file is auto-generated *\/\n!function(d,l){\"use strict\";l.querySelector&&d.addEventListener&&\"undefined\"!=typeof URL&&(d.wp=d.wp||{},d.wp.receiveEmbedMessage||(d.wp.receiveEmbedMessage=function(e){var t=e.data;if((t||t.secret||t.message||t.value)&&!\/[^a-zA-Z0-9]\/.test(t.secret)){for(var s,r,n,a=l.querySelectorAll('iframe[data-secret=\"'+t.secret+'\"]'),o=l.querySelectorAll('blockquote[data-secret=\"'+t.secret+'\"]'),c=new RegExp(\"^https?:$\",\"i\"),i=0;i<o.length;i++)o[i].style.display=\"none\";for(i=0;i<a.length;i++)s=a[i],e.source===s.contentWindow&&(s.removeAttribute(\"style\"),\"height\"===t.message?(1e3<(r=parseInt(t.value,10))?r=1e3:~~r<200&&(r=200),s.height=r):\"link\"===t.message&&(r=new URL(s.getAttribute(\"src\")),n=new URL(t.value),c.test(n.protocol))&&n.host===r.host&&l.activeElement===s&&(d.top.location.href=t.value))}},d.addEventListener(\"message\",d.wp.receiveEmbedMessage,!1),l.addEventListener(\"DOMContentLoaded\",function(){for(var e,t,s=l.querySelectorAll(\"iframe.wp-embedded-content\"),r=0;r<s.length;r++)(t=(e=s[r]).getAttribute(\"data-secret\"))||(t=Math.random().toString(36).substring(2,12),e.src+=\"#?secret=\"+t,e.setAttribute(\"data-secret\",t)),e.contentWindow.postMessage({message:\"ready\",secret:t},\"*\")},!1)))}(window,document);\n\/\/# sourceURL=https:\/\/www.tvm.co.mz\/novosite\/wp-includes\/js\/wp-embed.min.js\n<\/script>\n","thumbnail_url":"https:\/\/www.tvm.co.mz\/novosite\/wp-content\/uploads\/2022\/06\/CCFM.jpg","thumbnail_width":840,"thumbnail_height":463,"description":"Centro Cultural Franco Mo\u00e7ambicano, em Maputo, acolhe este s\u00e1bado a d\u00e9cima edi\u00e7\u00e3o da festa da m\u00fasica.Al\u00e9m de concertos musicais, o evento vai incluir uma feira de artesanato, gastronomia e diversas actividades para crian\u00e7as. [iframe width=&#8221;560&#8243; height=&#8221;315&#8243; src=&#8221;https:\/\/www.youtube.com\/embed\/WK1WSltcPS4&#8243; title=&#8221;YouTube video player&#8221; frameborder=&#8221;0&#8243; allow=&#8221;accelerometer; autoplay; clipboard-write; encrypted-media; gyroscope; picture-in-picture&#8221; allowfullscreen ]"}

TVM - Televisão de Moçambique

Centro Franco-Moçambicano acolhe festa da música - TVM - Televisão de Moçambique

<blockquote class="wp-embedded-content" data-secret="pepH1W73Zv"><a href="https://www.tvm.co.mz/novosite/2022/06/16/centro-franco-mocambicano-acolhe-festa-da-musica/">Centro Franco-Moçambicano acolhe festa da música</a></blockquote><iframe sandbox="allow-scripts" security="restricted" src="https://www.tvm.co.mz/novosite/2022/06/16/centro-franco-mocambicano-acolhe-festa-da-musica/embed/#?secret=pepH1W73Zv" width="600" height="338" title="&#8220;Centro Franco-Moçambicano acolhe festa da música&#8221; &#8212; TVM - Televisão de Moçambique" data-secret="pepH1W73Zv" frameborder="0" marginwidth="0" marginheight="0" scrolling="no" class="wp-embedded-content"></iframe><script>
/*! This file is auto-generated */
!function(d,l){"use strict";l.querySelector&&d.addEventListener&&"undefined"!=typeof URL&&(d.wp=d.wp||{},d.wp.receiveEmbedMessage||(d.wp.receiveEmbedMessage=function(e){var t=e.data;if((t||t.secret||t.message||t.value)&&!/[^a-zA-Z0-9]/.test(t.secret)){for(var s,r,n,a=l.querySelectorAll('iframe[data-secret="'+t.secret+'"]'),o=l.querySelectorAll('blockquote[data-secret="'+t.secret+'"]'),c=new RegExp("^https?:$","i"),i=0;i<o.length;i++)o[i].style.display="none";for(i=0;i<a.length;i++)s=a[i],e.source===s.contentWindow&&(s.removeAttribute("style"),"height"===t.message?(1e3<(r=parseInt(t.value,10))?r=1e3:~~r<200&&(r=200),s.height=r):"link"===t.message&&(r=new URL(s.getAttribute("src")),n=new URL(t.value),c.test(n.protocol))&&n.host===r.host&&l.activeElement===s&&(d.top.location.href=t.value))}},d.addEventListener("message",d.wp.receiveEmbedMessage,!1),l.addEventListener("DOMContentLoaded",function(){for(var e,t,s=l.querySelectorAll("iframe.wp-embedded-content"),r=0;r<s.length;r++)(t=(e=s[r]).getAttribute("data-secret"))||(t=Math.random().toString(36).substring(2,12),e.src+="#?secret="+t,e.setAttribute("data-secret",t)),e.contentWindow.postMessage({message:"ready",secret:t},"*")},!1)))}(window,document);
//# sourceURL=https://www.tvm.co.mz/novosite/wp-includes/js/wp-embed.min.js
</script>

Centro Cultural Franco Moçambicano, em Maputo, acolhe este sábado a décima edição da festa da música.Além de concertos musicais, o evento vai incluir uma feira de artesanato, gastronomia e diversas actividades para crianças. [iframe width=&#8221;560&#8243; height=&#8221;315&#8243; src=&#8221;https://www.youtube.com/embed/WK1WSltcPS4&#8243; title=&#8221;YouTube video player&#8221; frameborder=&#8221;0&#8243; allow=&#8221;accelerometer; autoplay; clipboard-write; encrypted-media; gyroscope; picture-in-picture&#8221; allowfullscreen ]
