{"version":"1.0","provider_name":"TVM - Televis\u00e3o de Mo\u00e7ambique","provider_url":"https:\/\/www.tvm.co.mz\/novosite","author_name":"Leopoldino Bambo","author_url":"https:\/\/www.tvm.co.mz\/novosite\/author\/lbambo\/","title":"PR na celebra\u00e7\u00e3o do centen\u00e1rio de Mondlane - TVM - Televis\u00e3o de Mo\u00e7ambique","type":"rich","width":600,"height":338,"html":"<blockquote class=\"wp-embedded-content\" data-secret=\"eAO7cBafWM\"><a href=\"https:\/\/www.tvm.co.mz\/novosite\/2020\/06\/20\/pr-na-celebracao-do-centenario-de-mondlane\/\">PR na celebra\u00e7\u00e3o do centen\u00e1rio de Mondlane<\/a><\/blockquote><iframe sandbox=\"allow-scripts\" security=\"restricted\" src=\"https:\/\/www.tvm.co.mz\/novosite\/2020\/06\/20\/pr-na-celebracao-do-centenario-de-mondlane\/embed\/#?secret=eAO7cBafWM\" width=\"600\" height=\"338\" title=\"&#8220;PR na celebra\u00e7\u00e3o do centen\u00e1rio de Mondlane&#8221; &#8212; TVM - Televis\u00e3o de Mo\u00e7ambique\" data-secret=\"eAO7cBafWM\" frameborder=\"0\" marginwidth=\"0\" marginheight=\"0\" scrolling=\"no\" class=\"wp-embedded-content\"><\/iframe><script>\n\/*! This file is auto-generated *\/\n!function(d,l){\"use strict\";l.querySelector&&d.addEventListener&&\"undefined\"!=typeof URL&&(d.wp=d.wp||{},d.wp.receiveEmbedMessage||(d.wp.receiveEmbedMessage=function(e){var t=e.data;if((t||t.secret||t.message||t.value)&&!\/[^a-zA-Z0-9]\/.test(t.secret)){for(var s,r,n,a=l.querySelectorAll('iframe[data-secret=\"'+t.secret+'\"]'),o=l.querySelectorAll('blockquote[data-secret=\"'+t.secret+'\"]'),c=new RegExp(\"^https?:$\",\"i\"),i=0;i<o.length;i++)o[i].style.display=\"none\";for(i=0;i<a.length;i++)s=a[i],e.source===s.contentWindow&&(s.removeAttribute(\"style\"),\"height\"===t.message?(1e3<(r=parseInt(t.value,10))?r=1e3:~~r<200&&(r=200),s.height=r):\"link\"===t.message&&(r=new URL(s.getAttribute(\"src\")),n=new URL(t.value),c.test(n.protocol))&&n.host===r.host&&l.activeElement===s&&(d.top.location.href=t.value))}},d.addEventListener(\"message\",d.wp.receiveEmbedMessage,!1),l.addEventListener(\"DOMContentLoaded\",function(){for(var e,t,s=l.querySelectorAll(\"iframe.wp-embedded-content\"),r=0;r<s.length;r++)(t=(e=s[r]).getAttribute(\"data-secret\"))||(t=Math.random().toString(36).substring(2,12),e.src+=\"#?secret=\"+t,e.setAttribute(\"data-secret\",t)),e.contentWindow.postMessage({message:\"ready\",secret:t},\"*\")},!1)))}(window,document);\n\/\/# sourceURL=https:\/\/www.tvm.co.mz\/novosite\/wp-includes\/js\/wp-embed.min.js\n<\/script>\n","thumbnail_url":"https:\/\/www.tvm.co.mz\/novosite\/wp-content\/uploads\/2020\/06\/PR-Nyusi_100__ed_mondlane.jpg","thumbnail_width":1000,"thumbnail_height":611,"description":"O PRESIDENTE da Rep\u00fablica, Filipe Nyusi, dirige esta manh\u00e3 as cerim\u00f3nias de celebra\u00e7\u00e3o dos 100 anos do nascimento de Eduardo Chivambo Mondlane, her\u00f3i nacional e Arquitecto da Unidade Nacional. O acto ter\u00e1 lugar em Nwadjahane, distrito de Mandlakazi, prov\u00edncia de Gaza, sua terra natal. Um comunicado recebido na Redac\u00e7\u00e3o do \u201cNot\u00edcias\u201d refere que, na desloca\u00e7\u00e3o a Gaza, o Chefe do Estado far-se-\u00e1 acompanhar pelos ministros dos Combatentes, Carlos Siliya, e da Cultura e Turismo, Eldevina Materula."}

TVM - Televisão de Moçambique

PR na celebração do centenário de Mondlane - TVM - Televisão de Moçambique

<blockquote class="wp-embedded-content" data-secret="eAO7cBafWM"><a href="https://www.tvm.co.mz/novosite/2020/06/20/pr-na-celebracao-do-centenario-de-mondlane/">PR na celebração do centenário de Mondlane</a></blockquote><iframe sandbox="allow-scripts" security="restricted" src="https://www.tvm.co.mz/novosite/2020/06/20/pr-na-celebracao-do-centenario-de-mondlane/embed/#?secret=eAO7cBafWM" width="600" height="338" title="&#8220;PR na celebração do centenário de Mondlane&#8221; &#8212; TVM - Televisão de Moçambique" data-secret="eAO7cBafWM" frameborder="0" marginwidth="0" marginheight="0" scrolling="no" class="wp-embedded-content"></iframe><script>
/*! This file is auto-generated */
!function(d,l){"use strict";l.querySelector&&d.addEventListener&&"undefined"!=typeof URL&&(d.wp=d.wp||{},d.wp.receiveEmbedMessage||(d.wp.receiveEmbedMessage=function(e){var t=e.data;if((t||t.secret||t.message||t.value)&&!/[^a-zA-Z0-9]/.test(t.secret)){for(var s,r,n,a=l.querySelectorAll('iframe[data-secret="'+t.secret+'"]'),o=l.querySelectorAll('blockquote[data-secret="'+t.secret+'"]'),c=new RegExp("^https?:$","i"),i=0;i<o.length;i++)o[i].style.display="none";for(i=0;i<a.length;i++)s=a[i],e.source===s.contentWindow&&(s.removeAttribute("style"),"height"===t.message?(1e3<(r=parseInt(t.value,10))?r=1e3:~~r<200&&(r=200),s.height=r):"link"===t.message&&(r=new URL(s.getAttribute("src")),n=new URL(t.value),c.test(n.protocol))&&n.host===r.host&&l.activeElement===s&&(d.top.location.href=t.value))}},d.addEventListener("message",d.wp.receiveEmbedMessage,!1),l.addEventListener("DOMContentLoaded",function(){for(var e,t,s=l.querySelectorAll("iframe.wp-embedded-content"),r=0;r<s.length;r++)(t=(e=s[r]).getAttribute("data-secret"))||(t=Math.random().toString(36).substring(2,12),e.src+="#?secret="+t,e.setAttribute("data-secret",t)),e.contentWindow.postMessage({message:"ready",secret:t},"*")},!1)))}(window,document);
//# sourceURL=https://www.tvm.co.mz/novosite/wp-includes/js/wp-embed.min.js
</script>

O PRESIDENTE da República, Filipe Nyusi, dirige esta manhã as cerimónias de celebração dos 100 anos do nascimento de Eduardo Chivambo Mondlane, herói nacional e Arquitecto da Unidade Nacional. O acto terá lugar em Nwadjahane, distrito de Mandlakazi, província de Gaza, sua terra natal. Um comunicado recebido na Redacção do “Notícias” refere que, na deslocação a Gaza, o Chefe do Estado far-se-á acompanhar pelos ministros dos Combatentes, Carlos Siliya, e da Cultura e Turismo, Eldevina Materula.
