{"version":"1.0","provider_name":"TVM - Televis\u00e3o de Mo\u00e7ambique","provider_url":"https:\/\/www.tvm.co.mz\/novosite","author_name":"Leopoldino Bambo","author_url":"https:\/\/www.tvm.co.mz\/novosite\/author\/lbambo\/","title":"Resgatado jovem que escalou torre da EDM - TVM - Televis\u00e3o de Mo\u00e7ambique","type":"rich","width":600,"height":338,"html":"<blockquote class=\"wp-embedded-content\" data-secret=\"PjqSdJVwjY\"><a href=\"https:\/\/www.tvm.co.mz\/novosite\/2020\/06\/13\/resgatado-jovem-que-escalou-torre-da-edm\/\">Resgatado jovem que escalou torre da EDM<\/a><\/blockquote><iframe sandbox=\"allow-scripts\" security=\"restricted\" src=\"https:\/\/www.tvm.co.mz\/novosite\/2020\/06\/13\/resgatado-jovem-que-escalou-torre-da-edm\/embed\/#?secret=PjqSdJVwjY\" width=\"600\" height=\"338\" title=\"&#8220;Resgatado jovem que escalou torre da EDM&#8221; &#8212; TVM - Televis\u00e3o de Mo\u00e7ambique\" data-secret=\"PjqSdJVwjY\" frameborder=\"0\" marginwidth=\"0\" marginheight=\"0\" scrolling=\"no\" class=\"wp-embedded-content\"><\/iframe><script>\n\/*! This file is auto-generated *\/\n!function(d,l){\"use strict\";l.querySelector&&d.addEventListener&&\"undefined\"!=typeof URL&&(d.wp=d.wp||{},d.wp.receiveEmbedMessage||(d.wp.receiveEmbedMessage=function(e){var t=e.data;if((t||t.secret||t.message||t.value)&&!\/[^a-zA-Z0-9]\/.test(t.secret)){for(var s,r,n,a=l.querySelectorAll('iframe[data-secret=\"'+t.secret+'\"]'),o=l.querySelectorAll('blockquote[data-secret=\"'+t.secret+'\"]'),c=new RegExp(\"^https?:$\",\"i\"),i=0;i<o.length;i++)o[i].style.display=\"none\";for(i=0;i<a.length;i++)s=a[i],e.source===s.contentWindow&&(s.removeAttribute(\"style\"),\"height\"===t.message?(1e3<(r=parseInt(t.value,10))?r=1e3:~~r<200&&(r=200),s.height=r):\"link\"===t.message&&(r=new URL(s.getAttribute(\"src\")),n=new URL(t.value),c.test(n.protocol))&&n.host===r.host&&l.activeElement===s&&(d.top.location.href=t.value))}},d.addEventListener(\"message\",d.wp.receiveEmbedMessage,!1),l.addEventListener(\"DOMContentLoaded\",function(){for(var e,t,s=l.querySelectorAll(\"iframe.wp-embedded-content\"),r=0;r<s.length;r++)(t=(e=s[r]).getAttribute(\"data-secret\"))||(t=Math.random().toString(36).substring(2,12),e.src+=\"#?secret=\"+t,e.setAttribute(\"data-secret\",t)),e.contentWindow.postMessage({message:\"ready\",secret:t},\"*\")},!1)))}(window,document);\n\/\/# sourceURL=https:\/\/www.tvm.co.mz\/novosite\/wp-includes\/js\/wp-embed.min.js\n<\/script>\n","thumbnail_url":"https:\/\/www.tvm.co.mz\/novosite\/wp-content\/uploads\/2020\/06\/zdfsgnzsdfzsb.jpg","thumbnail_width":1000,"thumbnail_height":581,"description":"Foi resgatado por colta de 21 horas de ontem, o jovem de nome Ant\u00f3nio, 23 anos de idade, que escalou uma torre de transporte de energia da empresa Electricidade de Mo\u00e7ambique (EDM). As autoridades policiais, que negociaram o resgate do cidad\u00e3o, tiveram que usar a for\u00e7a para retirar o homem que se recusava a descer da torre, salvando desta forma a vida do jovem, que encontrava h\u00e1 mais de 20 metros de altura. Lu\u00eds Amado, porta-voz da EDM, disse \u00e0 imprensa que foram quase 5 horas em que toda a regi\u00e3o Sul do pa\u00eds ficou \u00e0s escuras, desde hospitais, institui\u00e7oes p\u00fablicas, devido ao apag\u00e3o. \u00c9 prematuro avaliar o prejuizo causado pelo apag\u00e3o. Mas, depois deste ins\u00f3lito, a EDM vai refor\u00e7ar a seguran\u00e7a nas torres, para evitar situa\u00e7\u00f5es desta natureza. &#8220;Quando soubemos que um indiv\u00edduo se fez \u00e0s torres de transporte de energia tivemos que desligar o fornecimento de energia, na linha que fornece corrente \u00e0 toda regi\u00e3o Sul do pa\u00eds&#8221;, afirmou. Por sua vez, In\u00e1cio Dina, comandante provincial da Pol\u00edcia em Maputo, disse que o jovem ser\u00e1 submetido \u00e0 ima avalia\u00e7\u00e3o sobre a sua sanidade mental, tratamento se for necess\u00e1rio, para a sua responsabiliza\u00e7\u00e3o. Ele obrigou a EDM a intereomper o fornecimento de corrente em toda a regi\u00e3o Sul, por isso, deve ser apurada a causa e o objectivo que o levou a escalar a linha."}

TVM - Televisão de Moçambique

Resgatado jovem que escalou torre da EDM - TVM - Televisão de Moçambique

<blockquote class="wp-embedded-content" data-secret="PjqSdJVwjY"><a href="https://www.tvm.co.mz/novosite/2020/06/13/resgatado-jovem-que-escalou-torre-da-edm/">Resgatado jovem que escalou torre da EDM</a></blockquote><iframe sandbox="allow-scripts" security="restricted" src="https://www.tvm.co.mz/novosite/2020/06/13/resgatado-jovem-que-escalou-torre-da-edm/embed/#?secret=PjqSdJVwjY" width="600" height="338" title="&#8220;Resgatado jovem que escalou torre da EDM&#8221; &#8212; TVM - Televisão de Moçambique" data-secret="PjqSdJVwjY" frameborder="0" marginwidth="0" marginheight="0" scrolling="no" class="wp-embedded-content"></iframe><script>
/*! This file is auto-generated */
!function(d,l){"use strict";l.querySelector&&d.addEventListener&&"undefined"!=typeof URL&&(d.wp=d.wp||{},d.wp.receiveEmbedMessage||(d.wp.receiveEmbedMessage=function(e){var t=e.data;if((t||t.secret||t.message||t.value)&&!/[^a-zA-Z0-9]/.test(t.secret)){for(var s,r,n,a=l.querySelectorAll('iframe[data-secret="'+t.secret+'"]'),o=l.querySelectorAll('blockquote[data-secret="'+t.secret+'"]'),c=new RegExp("^https?:$","i"),i=0;i<o.length;i++)o[i].style.display="none";for(i=0;i<a.length;i++)s=a[i],e.source===s.contentWindow&&(s.removeAttribute("style"),"height"===t.message?(1e3<(r=parseInt(t.value,10))?r=1e3:~~r<200&&(r=200),s.height=r):"link"===t.message&&(r=new URL(s.getAttribute("src")),n=new URL(t.value),c.test(n.protocol))&&n.host===r.host&&l.activeElement===s&&(d.top.location.href=t.value))}},d.addEventListener("message",d.wp.receiveEmbedMessage,!1),l.addEventListener("DOMContentLoaded",function(){for(var e,t,s=l.querySelectorAll("iframe.wp-embedded-content"),r=0;r<s.length;r++)(t=(e=s[r]).getAttribute("data-secret"))||(t=Math.random().toString(36).substring(2,12),e.src+="#?secret="+t,e.setAttribute("data-secret",t)),e.contentWindow.postMessage({message:"ready",secret:t},"*")},!1)))}(window,document);
//# sourceURL=https://www.tvm.co.mz/novosite/wp-includes/js/wp-embed.min.js
</script>

Foi resgatado por colta de 21 horas de ontem, o jovem de nome António, 23 anos de idade, que escalou uma torre de transporte de energia da empresa Electricidade de Moçambique (EDM). As autoridades policiais, que negociaram o resgate do cidadão, tiveram que usar a força para retirar o homem que se recusava a descer da torre, salvando desta forma a vida do jovem, que encontrava há mais de 20 metros de altura. Luís Amado, porta-voz da EDM, disse à imprensa que foram quase 5 horas em que toda a região Sul do país ficou às escuras, desde hospitais, instituiçoes públicas, devido ao apagão. É prematuro avaliar o prejuizo causado pelo apagão. Mas, depois deste insólito, a EDM vai reforçar a segurança nas torres, para evitar situações desta natureza. &#8220;Quando soubemos que um indivíduo se fez às torres de transporte de energia tivemos que desligar o fornecimento de energia, na linha que fornece corrente à toda região Sul do país&#8221;, afirmou. Por sua vez, Inácio Dina, comandante provincial da Polícia em Maputo, disse que o jovem será submetido à ima avaliação sobre a sua sanidade mental, tratamento se for necessário, para a sua responsabilização. Ele obrigou a EDM a intereomper o fornecimento de corrente em toda a região Sul, por isso, deve ser apurada a causa e o objectivo que o levou a escalar a linha.
