{"version":"1.0","provider_name":"TVM - Televis\u00e3o de Mo\u00e7ambique","provider_url":"https:\/\/www.tvm.co.mz\/novosite","author_name":"Leopoldino Bambo","author_url":"https:\/\/www.tvm.co.mz\/novosite\/author\/lbambo\/","title":"Deputados debatem respostas do Governo - TVM - Televis\u00e3o de Mo\u00e7ambique","type":"rich","width":600,"height":338,"html":"<blockquote class=\"wp-embedded-content\" data-secret=\"uUl3nHMm7p\"><a href=\"https:\/\/www.tvm.co.mz\/novosite\/2020\/05\/27\/deputados-debatem-respostas-do-governo\/\">Deputados debatem respostas do Governo<\/a><\/blockquote><iframe sandbox=\"allow-scripts\" security=\"restricted\" src=\"https:\/\/www.tvm.co.mz\/novosite\/2020\/05\/27\/deputados-debatem-respostas-do-governo\/embed\/#?secret=uUl3nHMm7p\" width=\"600\" height=\"338\" title=\"&#8220;Deputados debatem respostas do Governo&#8221; &#8212; TVM - Televis\u00e3o de Mo\u00e7ambique\" data-secret=\"uUl3nHMm7p\" frameborder=\"0\" marginwidth=\"0\" marginheight=\"0\" scrolling=\"no\" class=\"wp-embedded-content\"><\/iframe><script>\n\/*! This file is auto-generated *\/\n!function(d,l){\"use strict\";l.querySelector&&d.addEventListener&&\"undefined\"!=typeof URL&&(d.wp=d.wp||{},d.wp.receiveEmbedMessage||(d.wp.receiveEmbedMessage=function(e){var t=e.data;if((t||t.secret||t.message||t.value)&&!\/[^a-zA-Z0-9]\/.test(t.secret)){for(var s,r,n,a=l.querySelectorAll('iframe[data-secret=\"'+t.secret+'\"]'),o=l.querySelectorAll('blockquote[data-secret=\"'+t.secret+'\"]'),c=new RegExp(\"^https?:$\",\"i\"),i=0;i<o.length;i++)o[i].style.display=\"none\";for(i=0;i<a.length;i++)s=a[i],e.source===s.contentWindow&&(s.removeAttribute(\"style\"),\"height\"===t.message?(1e3<(r=parseInt(t.value,10))?r=1e3:~~r<200&&(r=200),s.height=r):\"link\"===t.message&&(r=new URL(s.getAttribute(\"src\")),n=new URL(t.value),c.test(n.protocol))&&n.host===r.host&&l.activeElement===s&&(d.top.location.href=t.value))}},d.addEventListener(\"message\",d.wp.receiveEmbedMessage,!1),l.addEventListener(\"DOMContentLoaded\",function(){for(var e,t,s=l.querySelectorAll(\"iframe.wp-embedded-content\"),r=0;r<s.length;r++)(t=(e=s[r]).getAttribute(\"data-secret\"))||(t=Math.random().toString(36).substring(2,12),e.src+=\"#?secret=\"+t,e.setAttribute(\"data-secret\",t)),e.contentWindow.postMessage({message:\"ready\",secret:t},\"*\")},!1)))}(window,document);\n\/\/# sourceURL=https:\/\/www.tvm.co.mz\/novosite\/wp-includes\/js\/wp-embed.min.js\n<\/script>\n","thumbnail_url":"https:\/\/www.tvm.co.mz\/novosite\/wp-content\/uploads\/2020\/05\/thuccmbs.web_.sapo_.jpg","thumbnail_width":800,"thumbnail_height":571,"description":"O Governo encontra-se, desde a manh\u00e3 de hoje, na Assembleia da Rep\u00fablica a responder a 15 perguntas apresentadas pelos deputados das bancadas da Frelimo, Renamo e do MDM. O Primeiro-ministro, Carlos Agostinho do Ros\u00e1rio, que dirige a equipa do Governo, disse, em sede do Parlamento, que o Executivo mant\u00e9m o compromisso e determina\u00e7\u00e3o de continuar a garantir a integridade territorial, manuten\u00e7\u00e3o da ordem e tranquilidade p\u00fablica. O Governo continuar\u00e1 a envidar esfor\u00e7os na preven\u00e7\u00e3o e combate actos criminais, tais como assassinatos, raptos, roubos, entre outros. \u201cPara o alcance deste objectivo reafirmamos o compromisso de refor\u00e7ar cada vez mais a capacidade operativa das For\u00e7as de Defesa e Seguran\u00e7a, para continuar a combater energicamente, as ac\u00e7\u00f5es terroristas e outras criminosas\u201d, referiu. Por sua vez, o Ministro da Sa\u00fade, Armindo Tiago, disse que o seu sector continua a implementar ac\u00e7\u00f5es de preven\u00e7\u00e3o da Covid-19, atrav\u00e9s da testagem, rastreio e instala\u00e7\u00e3o de laborat\u00f3rio. \u201cAmanh\u00e3 vamos receber kits de testagem para o uso em m\u00e1quinas da Gen-Experts, e a partir do pr\u00f3ximo m\u00eas todas as prov\u00edncias come\u00e7aram a realizar a colecta de amostras e testagem local da Covid-19\u201d, explicou, lamentou a destrui\u00e7\u00e3o de unidades sanit\u00e1rias devido aos fen\u00f3menos naturais e ac\u00e7\u00e3o humana, os grupos armados j\u00e1 destru\u00edram 19 hospitais em Cabo Delgado e dois na regi\u00e3o centro do pa\u00eds\u201d. Carmelita Namashulua, Ministra da Educa\u00e7\u00e3o e Desenvolvimento Humano, explicou que o sector est\u00e1 a trabalhar no reajuste dos planos lectivos para o per\u00edodo p\u00f3s-Covid-19, e tamb\u00e9m na aproxima\u00e7\u00e3o entre as escolas privadas e pais e encarregados de educa\u00e7\u00e3o, no sentido de encontrar solu\u00e7\u00f5es equilibradas para a situa\u00e7\u00e3o de suspens\u00e3o de aulas, por motivo do estado de emerg\u00eancia. Intervieram igualmente, os ministros Max Tonela, dos Recursos Minerais e Energia, do Interior, Amade Miquidade, Celso Coreia, de Agricultura e Desenvolvimento Rural, e Jo\u00e3o Machatine, de Obras P\u00fablicas, Habita\u00e7\u00e3o e Recursos H\u00eddricos."}

TVM - Televisão de Moçambique

Deputados debatem respostas do Governo - TVM - Televisão de Moçambique

<blockquote class="wp-embedded-content" data-secret="uUl3nHMm7p"><a href="https://www.tvm.co.mz/novosite/2020/05/27/deputados-debatem-respostas-do-governo/">Deputados debatem respostas do Governo</a></blockquote><iframe sandbox="allow-scripts" security="restricted" src="https://www.tvm.co.mz/novosite/2020/05/27/deputados-debatem-respostas-do-governo/embed/#?secret=uUl3nHMm7p" width="600" height="338" title="&#8220;Deputados debatem respostas do Governo&#8221; &#8212; TVM - Televisão de Moçambique" data-secret="uUl3nHMm7p" frameborder="0" marginwidth="0" marginheight="0" scrolling="no" class="wp-embedded-content"></iframe><script>
/*! This file is auto-generated */
!function(d,l){"use strict";l.querySelector&&d.addEventListener&&"undefined"!=typeof URL&&(d.wp=d.wp||{},d.wp.receiveEmbedMessage||(d.wp.receiveEmbedMessage=function(e){var t=e.data;if((t||t.secret||t.message||t.value)&&!/[^a-zA-Z0-9]/.test(t.secret)){for(var s,r,n,a=l.querySelectorAll('iframe[data-secret="'+t.secret+'"]'),o=l.querySelectorAll('blockquote[data-secret="'+t.secret+'"]'),c=new RegExp("^https?:$","i"),i=0;i<o.length;i++)o[i].style.display="none";for(i=0;i<a.length;i++)s=a[i],e.source===s.contentWindow&&(s.removeAttribute("style"),"height"===t.message?(1e3<(r=parseInt(t.value,10))?r=1e3:~~r<200&&(r=200),s.height=r):"link"===t.message&&(r=new URL(s.getAttribute("src")),n=new URL(t.value),c.test(n.protocol))&&n.host===r.host&&l.activeElement===s&&(d.top.location.href=t.value))}},d.addEventListener("message",d.wp.receiveEmbedMessage,!1),l.addEventListener("DOMContentLoaded",function(){for(var e,t,s=l.querySelectorAll("iframe.wp-embedded-content"),r=0;r<s.length;r++)(t=(e=s[r]).getAttribute("data-secret"))||(t=Math.random().toString(36).substring(2,12),e.src+="#?secret="+t,e.setAttribute("data-secret",t)),e.contentWindow.postMessage({message:"ready",secret:t},"*")},!1)))}(window,document);
//# sourceURL=https://www.tvm.co.mz/novosite/wp-includes/js/wp-embed.min.js
</script>

O Governo encontra-se, desde a manhã de hoje, na Assembleia da República a responder a 15 perguntas apresentadas pelos deputados das bancadas da Frelimo, Renamo e do MDM. O Primeiro-ministro, Carlos Agostinho do Rosário, que dirige a equipa do Governo, disse, em sede do Parlamento, que o Executivo mantém o compromisso e determinação de continuar a garantir a integridade territorial, manutenção da ordem e tranquilidade pública. O Governo continuará a envidar esforços na prevenção e combate actos criminais, tais como assassinatos, raptos, roubos, entre outros. “Para o alcance deste objectivo reafirmamos o compromisso de reforçar cada vez mais a capacidade operativa das Forças de Defesa e Segurança, para continuar a combater energicamente, as acções terroristas e outras criminosas”, referiu. Por sua vez, o Ministro da Saúde, Armindo Tiago, disse que o seu sector continua a implementar acções de prevenção da Covid-19, através da testagem, rastreio e instalação de laboratório. “Amanhã vamos receber kits de testagem para o uso em máquinas da Gen-Experts, e a partir do próximo mês todas as províncias começaram a realizar a colecta de amostras e testagem local da Covid-19”, explicou, lamentou a destruição de unidades sanitárias devido aos fenómenos naturais e acção humana, os grupos armados já destruíram 19 hospitais em Cabo Delgado e dois na região centro do país”. Carmelita Namashulua, Ministra da Educação e Desenvolvimento Humano, explicou que o sector está a trabalhar no reajuste dos planos lectivos para o período pós-Covid-19, e também na aproximação entre as escolas privadas e pais e encarregados de educação, no sentido de encontrar soluções equilibradas para a situação de suspensão de aulas, por motivo do estado de emergência. Intervieram igualmente, os ministros Max Tonela, dos Recursos Minerais e Energia, do Interior, Amade Miquidade, Celso Coreia, de Agricultura e Desenvolvimento Rural, e João Machatine, de Obras Públicas, Habitação e Recursos Hídricos.
