{"version":"1.0","provider_name":"TVM - Televis\u00e3o de Mo\u00e7ambique","provider_url":"https:\/\/www.tvm.co.mz\/novosite","author_name":"Edson Sengo","author_url":"https:\/\/www.tvm.co.mz\/novosite\/author\/esengo\/","title":"Primeiro Ministro confere posse - TVM - Televis\u00e3o de Mo\u00e7ambique","type":"rich","width":600,"height":338,"html":"<blockquote class=\"wp-embedded-content\" data-secret=\"J0cltHxpeb\"><a href=\"https:\/\/www.tvm.co.mz\/novosite\/2020\/04\/21\/primeiro-ministro-confere-posse\/\">Primeiro Ministro confere posse<\/a><\/blockquote><iframe sandbox=\"allow-scripts\" security=\"restricted\" src=\"https:\/\/www.tvm.co.mz\/novosite\/2020\/04\/21\/primeiro-ministro-confere-posse\/embed\/#?secret=J0cltHxpeb\" width=\"600\" height=\"338\" title=\"&#8220;Primeiro Ministro confere posse&#8221; &#8212; TVM - Televis\u00e3o de Mo\u00e7ambique\" data-secret=\"J0cltHxpeb\" frameborder=\"0\" marginwidth=\"0\" marginheight=\"0\" scrolling=\"no\" class=\"wp-embedded-content\"><\/iframe><script>\n\/*! This file is auto-generated *\/\n!function(d,l){\"use strict\";l.querySelector&&d.addEventListener&&\"undefined\"!=typeof URL&&(d.wp=d.wp||{},d.wp.receiveEmbedMessage||(d.wp.receiveEmbedMessage=function(e){var t=e.data;if((t||t.secret||t.message||t.value)&&!\/[^a-zA-Z0-9]\/.test(t.secret)){for(var s,r,n,a=l.querySelectorAll('iframe[data-secret=\"'+t.secret+'\"]'),o=l.querySelectorAll('blockquote[data-secret=\"'+t.secret+'\"]'),c=new RegExp(\"^https?:$\",\"i\"),i=0;i<o.length;i++)o[i].style.display=\"none\";for(i=0;i<a.length;i++)s=a[i],e.source===s.contentWindow&&(s.removeAttribute(\"style\"),\"height\"===t.message?(1e3<(r=parseInt(t.value,10))?r=1e3:~~r<200&&(r=200),s.height=r):\"link\"===t.message&&(r=new URL(s.getAttribute(\"src\")),n=new URL(t.value),c.test(n.protocol))&&n.host===r.host&&l.activeElement===s&&(d.top.location.href=t.value))}},d.addEventListener(\"message\",d.wp.receiveEmbedMessage,!1),l.addEventListener(\"DOMContentLoaded\",function(){for(var e,t,s=l.querySelectorAll(\"iframe.wp-embedded-content\"),r=0;r<s.length;r++)(t=(e=s[r]).getAttribute(\"data-secret\"))||(t=Math.random().toString(36).substring(2,12),e.src+=\"#?secret=\"+t,e.setAttribute(\"data-secret\",t)),e.contentWindow.postMessage({message:\"ready\",secret:t},\"*\")},!1)))}(window,document);\n\/\/# sourceURL=https:\/\/www.tvm.co.mz\/novosite\/wp-includes\/js\/wp-embed.min.js\n<\/script>\n","thumbnail_url":"https:\/\/www.tvm.co.mz\/novosite\/wp-content\/uploads\/2020\/04\/Screen_Shot_2020-04-21_at_8.22.13_PM.jpeg","thumbnail_width":910,"thumbnail_height":519,"description":"O Primeiro-Ministro, Carlos Agostinho do Ros\u00e1rio, insta aos PCA\u2019s da Autoridade Reguladora da Concorr\u00eancia, Fundo Nacional de Desenvolvimento Sustent\u00e1vel e a Secret\u00e1ria Executiva do SETSAN, a adoptarem maior criatividade, na resolu\u00e7\u00e3o de problemas concretos do Povo mo\u00e7ambicano. No acto da tomada de posse dos dirigentes, o Primeiro-Ministro pediu, igualmente, para que aloquem recursos financeiros de que disp\u00f5em para actividades de maior impacto econ\u00f3mico e social. S\u00e3o dois PCA\u2019s e uma Secret\u00e1ria Executiva, do Secretariado T\u00e9cnico de Seguran\u00e7a Alimentar e Nutricional, SETSAN, empossadas esta ter\u00e7a-feira pelo Primeiro-ministro, Carlos Agostinho do Ros\u00e1rio. J\u00falio Pio vai exercer fun\u00e7\u00f5es de Presidente do Conselho de Administra\u00e7\u00e3o da Autoridade Reguladora da Concorr\u00eancia. Cl\u00e1udio Borges vai presidir o Conselho de Administra\u00e7\u00e3o do Fundo Nacional de Desenvolvimento Sustent\u00e1vel. Celmira da Silva vai exercer fun\u00e7\u00f5es de Secret\u00e1ria Executiva do SETSAN, a quem recomenda-se que priorize o aumento dos n\u00edveis de produ\u00e7\u00e3o agr\u00e1ria e pesqueiro, para a melhoria da seguran\u00e7a alimentar e nutricional no pa\u00eds. A todos, o Primeiro-ministro quer que pautem por uma direc\u00e7\u00e3o orientada para resultados e baseados nos princ\u00edpios de isen\u00e7\u00e3o, transpar\u00eancia e respeito pela coisa p\u00fablica."}

TVM - Televisão de Moçambique

Primeiro Ministro confere posse - TVM - Televisão de Moçambique

<blockquote class="wp-embedded-content" data-secret="J0cltHxpeb"><a href="https://www.tvm.co.mz/novosite/2020/04/21/primeiro-ministro-confere-posse/">Primeiro Ministro confere posse</a></blockquote><iframe sandbox="allow-scripts" security="restricted" src="https://www.tvm.co.mz/novosite/2020/04/21/primeiro-ministro-confere-posse/embed/#?secret=J0cltHxpeb" width="600" height="338" title="&#8220;Primeiro Ministro confere posse&#8221; &#8212; TVM - Televisão de Moçambique" data-secret="J0cltHxpeb" frameborder="0" marginwidth="0" marginheight="0" scrolling="no" class="wp-embedded-content"></iframe><script>
/*! This file is auto-generated */
!function(d,l){"use strict";l.querySelector&&d.addEventListener&&"undefined"!=typeof URL&&(d.wp=d.wp||{},d.wp.receiveEmbedMessage||(d.wp.receiveEmbedMessage=function(e){var t=e.data;if((t||t.secret||t.message||t.value)&&!/[^a-zA-Z0-9]/.test(t.secret)){for(var s,r,n,a=l.querySelectorAll('iframe[data-secret="'+t.secret+'"]'),o=l.querySelectorAll('blockquote[data-secret="'+t.secret+'"]'),c=new RegExp("^https?:$","i"),i=0;i<o.length;i++)o[i].style.display="none";for(i=0;i<a.length;i++)s=a[i],e.source===s.contentWindow&&(s.removeAttribute("style"),"height"===t.message?(1e3<(r=parseInt(t.value,10))?r=1e3:~~r<200&&(r=200),s.height=r):"link"===t.message&&(r=new URL(s.getAttribute("src")),n=new URL(t.value),c.test(n.protocol))&&n.host===r.host&&l.activeElement===s&&(d.top.location.href=t.value))}},d.addEventListener("message",d.wp.receiveEmbedMessage,!1),l.addEventListener("DOMContentLoaded",function(){for(var e,t,s=l.querySelectorAll("iframe.wp-embedded-content"),r=0;r<s.length;r++)(t=(e=s[r]).getAttribute("data-secret"))||(t=Math.random().toString(36).substring(2,12),e.src+="#?secret="+t,e.setAttribute("data-secret",t)),e.contentWindow.postMessage({message:"ready",secret:t},"*")},!1)))}(window,document);
//# sourceURL=https://www.tvm.co.mz/novosite/wp-includes/js/wp-embed.min.js
</script>

O Primeiro-Ministro, Carlos Agostinho do Rosário, insta aos PCA’s da Autoridade Reguladora da Concorrência, Fundo Nacional de Desenvolvimento Sustentável e a Secretária Executiva do SETSAN, a adoptarem maior criatividade, na resolução de problemas concretos do Povo moçambicano. No acto da tomada de posse dos dirigentes, o Primeiro-Ministro pediu, igualmente, para que aloquem recursos financeiros de que dispõem para actividades de maior impacto económico e social. São dois PCA’s e uma Secretária Executiva, do Secretariado Técnico de Segurança Alimentar e Nutricional, SETSAN, empossadas esta terça-feira pelo Primeiro-ministro, Carlos Agostinho do Rosário. Júlio Pio vai exercer funções de Presidente do Conselho de Administração da Autoridade Reguladora da Concorrência. Cláudio Borges vai presidir o Conselho de Administração do Fundo Nacional de Desenvolvimento Sustentável. Celmira da Silva vai exercer funções de Secretária Executiva do SETSAN, a quem recomenda-se que priorize o aumento dos níveis de produção agrária e pesqueiro, para a melhoria da segurança alimentar e nutricional no país. A todos, o Primeiro-ministro quer que pautem por uma direcção orientada para resultados e baseados nos princípios de isenção, transparência e respeito pela coisa pública.
