{"version":"1.0","provider_name":"TVM - Televis\u00e3o de Mo\u00e7ambique","provider_url":"https:\/\/www.tvm.co.mz\/novosite","author_name":"Edson Sengo","author_url":"https:\/\/www.tvm.co.mz\/novosite\/author\/esengo\/","title":"Conselho Municipal irrevers\u00edvel na decis\u00e3o de retirar das ruas os vendedores informais - TVM - Televis\u00e3o de Mo\u00e7ambique","type":"rich","width":600,"height":338,"html":"<blockquote class=\"wp-embedded-content\" data-secret=\"V2nK7HRj9i\"><a href=\"https:\/\/www.tvm.co.mz\/novosite\/2020\/03\/25\/vendedores-informais-campo-novo\/\">Conselho Municipal irrevers\u00edvel na decis\u00e3o de retirar das ruas os vendedores informais<\/a><\/blockquote><iframe sandbox=\"allow-scripts\" security=\"restricted\" src=\"https:\/\/www.tvm.co.mz\/novosite\/2020\/03\/25\/vendedores-informais-campo-novo\/embed\/#?secret=V2nK7HRj9i\" width=\"600\" height=\"338\" title=\"&#8220;Conselho Municipal irrevers\u00edvel na decis\u00e3o de retirar das ruas os vendedores informais&#8221; &#8212; TVM - Televis\u00e3o de Mo\u00e7ambique\" data-secret=\"V2nK7HRj9i\" frameborder=\"0\" marginwidth=\"0\" marginheight=\"0\" scrolling=\"no\" class=\"wp-embedded-content\"><\/iframe><script>\n\/*! This file is auto-generated *\/\n!function(d,l){\"use strict\";l.querySelector&&d.addEventListener&&\"undefined\"!=typeof URL&&(d.wp=d.wp||{},d.wp.receiveEmbedMessage||(d.wp.receiveEmbedMessage=function(e){var t=e.data;if((t||t.secret||t.message||t.value)&&!\/[^a-zA-Z0-9]\/.test(t.secret)){for(var s,r,n,a=l.querySelectorAll('iframe[data-secret=\"'+t.secret+'\"]'),o=l.querySelectorAll('blockquote[data-secret=\"'+t.secret+'\"]'),c=new RegExp(\"^https?:$\",\"i\"),i=0;i<o.length;i++)o[i].style.display=\"none\";for(i=0;i<a.length;i++)s=a[i],e.source===s.contentWindow&&(s.removeAttribute(\"style\"),\"height\"===t.message?(1e3<(r=parseInt(t.value,10))?r=1e3:~~r<200&&(r=200),s.height=r):\"link\"===t.message&&(r=new URL(s.getAttribute(\"src\")),n=new URL(t.value),c.test(n.protocol))&&n.host===r.host&&l.activeElement===s&&(d.top.location.href=t.value))}},d.addEventListener(\"message\",d.wp.receiveEmbedMessage,!1),l.addEventListener(\"DOMContentLoaded\",function(){for(var e,t,s=l.querySelectorAll(\"iframe.wp-embedded-content\"),r=0;r<s.length;r++)(t=(e=s[r]).getAttribute(\"data-secret\"))||(t=Math.random().toString(36).substring(2,12),e.src+=\"#?secret=\"+t,e.setAttribute(\"data-secret\",t)),e.contentWindow.postMessage({message:\"ready\",secret:t},\"*\")},!1)))}(window,document);\n\/\/# sourceURL=https:\/\/www.tvm.co.mz\/novosite\/wp-includes\/js\/wp-embed.min.js\n<\/script>\n","thumbnail_url":"https:\/\/www.tvm.co.mz\/novosite\/wp-content\/uploads\/2020\/03\/Screen_Shot_2020-03-25_at_8.28.00_PM.jpeg","thumbnail_width":1022,"thumbnail_height":568,"description":"For\u00e7a de seguran\u00e7a conjunta solidifica retirada compulsiva dos vendedores informais da baixa da cidade de Maputo. Pelo segundo dia consecutivo&nbsp; a baixa &nbsp;respira novo ar e apresenta novo visual. O Conselho Municipal de Maputo debate-se agora com o problema de enquadramento dos vendedores informais nos mercados j\u00e1 existentes. \u00c9 um facto consolidado. &nbsp;A baixa da cidade de Maputo apresenta um novo visual. Os passeios livres de aglomerados e os mun\u00edcipes a circularem livremente. A for\u00e7a policial conjunta mant\u00e9m se estacion\u00e1ria em v\u00e1rios pontos. Pequenos grupos de vendedores ainda se mant\u00eam nas redondezas a espera de um eventual retorno ao of\u00edcio. Mas o grosso dos vendedores informais j\u00e1 se desdobra a procura de novos espa\u00e7os para o com\u00e9rcio. E este \u00e9 o futuro centro de com\u00e9rcio informal de Maputo a chamada zona das antenas no bairro de Hulene. Um campo virgem por desbravar. Enquanto isso outros mercados oferecem bancas para a venda \u00e9 o caso do mercado Mukoriana no bairro dos combatentes. Uma antiga vendedeira do mercado confirmou aos microfones da TVM haver espa\u00e7o para mais vendedores. O Conselho municipal da cidade de Maputo diz que o&nbsp; actual processo de reorganiza\u00e7\u00e3o dos mercados \u00e9 irrevers\u00edvel.&nbsp;"}

TVM - Televisão de Moçambique

Conselho Municipal irreversível na decisão de retirar das ruas os vendedores informais - TVM - Televisão de Moçambique

<blockquote class="wp-embedded-content" data-secret="V2nK7HRj9i"><a href="https://www.tvm.co.mz/novosite/2020/03/25/vendedores-informais-campo-novo/">Conselho Municipal irreversível na decisão de retirar das ruas os vendedores informais</a></blockquote><iframe sandbox="allow-scripts" security="restricted" src="https://www.tvm.co.mz/novosite/2020/03/25/vendedores-informais-campo-novo/embed/#?secret=V2nK7HRj9i" width="600" height="338" title="&#8220;Conselho Municipal irreversível na decisão de retirar das ruas os vendedores informais&#8221; &#8212; TVM - Televisão de Moçambique" data-secret="V2nK7HRj9i" frameborder="0" marginwidth="0" marginheight="0" scrolling="no" class="wp-embedded-content"></iframe><script>
/*! This file is auto-generated */
!function(d,l){"use strict";l.querySelector&&d.addEventListener&&"undefined"!=typeof URL&&(d.wp=d.wp||{},d.wp.receiveEmbedMessage||(d.wp.receiveEmbedMessage=function(e){var t=e.data;if((t||t.secret||t.message||t.value)&&!/[^a-zA-Z0-9]/.test(t.secret)){for(var s,r,n,a=l.querySelectorAll('iframe[data-secret="'+t.secret+'"]'),o=l.querySelectorAll('blockquote[data-secret="'+t.secret+'"]'),c=new RegExp("^https?:$","i"),i=0;i<o.length;i++)o[i].style.display="none";for(i=0;i<a.length;i++)s=a[i],e.source===s.contentWindow&&(s.removeAttribute("style"),"height"===t.message?(1e3<(r=parseInt(t.value,10))?r=1e3:~~r<200&&(r=200),s.height=r):"link"===t.message&&(r=new URL(s.getAttribute("src")),n=new URL(t.value),c.test(n.protocol))&&n.host===r.host&&l.activeElement===s&&(d.top.location.href=t.value))}},d.addEventListener("message",d.wp.receiveEmbedMessage,!1),l.addEventListener("DOMContentLoaded",function(){for(var e,t,s=l.querySelectorAll("iframe.wp-embedded-content"),r=0;r<s.length;r++)(t=(e=s[r]).getAttribute("data-secret"))||(t=Math.random().toString(36).substring(2,12),e.src+="#?secret="+t,e.setAttribute("data-secret",t)),e.contentWindow.postMessage({message:"ready",secret:t},"*")},!1)))}(window,document);
//# sourceURL=https://www.tvm.co.mz/novosite/wp-includes/js/wp-embed.min.js
</script>

Força de segurança conjunta solidifica retirada compulsiva dos vendedores informais da baixa da cidade de Maputo. Pelo segundo dia consecutivo&nbsp; a baixa &nbsp;respira novo ar e apresenta novo visual. O Conselho Municipal de Maputo debate-se agora com o problema de enquadramento dos vendedores informais nos mercados já existentes. É um facto consolidado. &nbsp;A baixa da cidade de Maputo apresenta um novo visual. Os passeios livres de aglomerados e os munícipes a circularem livremente. A força policial conjunta mantém se estacionária em vários pontos. Pequenos grupos de vendedores ainda se mantêm nas redondezas a espera de um eventual retorno ao ofício. Mas o grosso dos vendedores informais já se desdobra a procura de novos espaços para o comércio. E este é o futuro centro de comércio informal de Maputo a chamada zona das antenas no bairro de Hulene. Um campo virgem por desbravar. Enquanto isso outros mercados oferecem bancas para a venda é o caso do mercado Mukoriana no bairro dos combatentes. Uma antiga vendedeira do mercado confirmou aos microfones da TVM haver espaço para mais vendedores. O Conselho municipal da cidade de Maputo diz que o&nbsp; actual processo de reorganização dos mercados é irreversível.&nbsp;
