{"version":"1.0","provider_name":"TVM - Televis\u00e3o de Mo\u00e7ambique","provider_url":"https:\/\/www.tvm.co.mz\/novosite","author_name":"Leopoldino Bambo","author_url":"https:\/\/www.tvm.co.mz\/novosite\/author\/lbambo\/","title":"Autoridade Tribut\u00e1ria satisfeita com selagem - TVM - Televis\u00e3o de Mo\u00e7ambique","type":"rich","width":600,"height":338,"html":"<blockquote class=\"wp-embedded-content\" data-secret=\"UZjUUXM6Cu\"><a href=\"https:\/\/www.tvm.co.mz\/novosite\/2020\/01\/29\/autoridade-tributaria-satisfeita-com-selagem\/\">Autoridade Tribut\u00e1ria satisfeita com selagem<\/a><\/blockquote><iframe sandbox=\"allow-scripts\" security=\"restricted\" src=\"https:\/\/www.tvm.co.mz\/novosite\/2020\/01\/29\/autoridade-tributaria-satisfeita-com-selagem\/embed\/#?secret=UZjUUXM6Cu\" width=\"600\" height=\"338\" title=\"&#8220;Autoridade Tribut\u00e1ria satisfeita com selagem&#8221; &#8212; TVM - Televis\u00e3o de Mo\u00e7ambique\" data-secret=\"UZjUUXM6Cu\" frameborder=\"0\" marginwidth=\"0\" marginheight=\"0\" scrolling=\"no\" class=\"wp-embedded-content\"><\/iframe><script>\n\/*! This file is auto-generated *\/\n!function(d,l){\"use strict\";l.querySelector&&d.addEventListener&&\"undefined\"!=typeof URL&&(d.wp=d.wp||{},d.wp.receiveEmbedMessage||(d.wp.receiveEmbedMessage=function(e){var t=e.data;if((t||t.secret||t.message||t.value)&&!\/[^a-zA-Z0-9]\/.test(t.secret)){for(var s,r,n,a=l.querySelectorAll('iframe[data-secret=\"'+t.secret+'\"]'),o=l.querySelectorAll('blockquote[data-secret=\"'+t.secret+'\"]'),c=new RegExp(\"^https?:$\",\"i\"),i=0;i<o.length;i++)o[i].style.display=\"none\";for(i=0;i<a.length;i++)s=a[i],e.source===s.contentWindow&&(s.removeAttribute(\"style\"),\"height\"===t.message?(1e3<(r=parseInt(t.value,10))?r=1e3:~~r<200&&(r=200),s.height=r):\"link\"===t.message&&(r=new URL(s.getAttribute(\"src\")),n=new URL(t.value),c.test(n.protocol))&&n.host===r.host&&l.activeElement===s&&(d.top.location.href=t.value))}},d.addEventListener(\"message\",d.wp.receiveEmbedMessage,!1),l.addEventListener(\"DOMContentLoaded\",function(){for(var e,t,s=l.querySelectorAll(\"iframe.wp-embedded-content\"),r=0;r<s.length;r++)(t=(e=s[r]).getAttribute(\"data-secret\"))||(t=Math.random().toString(36).substring(2,12),e.src+=\"#?secret=\"+t,e.setAttribute(\"data-secret\",t)),e.contentWindow.postMessage({message:\"ready\",secret:t},\"*\")},!1)))}(window,document);\n\/\/# sourceURL=https:\/\/www.tvm.co.mz\/novosite\/wp-includes\/js\/wp-embed.min.js\n<\/script>\n","thumbnail_url":"https:\/\/www.tvm.co.mz\/novosite\/wp-content\/uploads\/2020\/01\/E-prematuro-falar-do-impacto-da-selagem_articleimage.jpg","thumbnail_width":770,"thumbnail_height":510,"description":"A Autoridade Tribut\u00e1ria de Mo\u00e7ambique (AT) d\u00e1 nota positiva \u00e0 implementa\u00e7\u00e3o do selo fiscal, introduzido no pa\u00eds em 2017. A satisfa\u00e7\u00e3o foi manifestada h\u00e1 dias, em Maputo, por ocasi\u00e3o da celebra\u00e7\u00e3o do Dia Mundial das Alf\u00e2ndegas assinalado domingo. \u201cQuando esta medida foi introduzida, vimos um crescimento exponencial de receitas aduaneiras, o que quer dizer que \u00e9 consequ\u00eancia directa da aplica\u00e7\u00e3o dos selos\u201d, admitiu Tinga, em declara\u00e7\u00f5es h\u00e1 dias por ocasi\u00e3o do Dia Mundial das Alf\u00e2ndegas. Sem se referir a n\u00fameros, a fonte sublinhou que o sistema de selagem tem que ser acompanhado da necess\u00e1ria fiscaliza\u00e7\u00e3o, porque, segundo reconheceu, ainda existem algumas fragilidades em termos de meios. Fernando Tinga apontou a necessidade de se povoar todos os mercados e centros comerciais, de modo a cobrir-se os focos de contrabando. por seu turno, o director-geral das Alf\u00e2ndegas, Aly Mall\u00e1, garantiu que a institui\u00e7\u00e3o que dirige ir\u00e1, no presente ano, focalizar os seus esfor\u00e7os no combate aos crimes aduaneiros nas principais fronteiras do pa\u00eds, com vista a permitir maior arrecada\u00e7\u00e3o de receitas para os cofres do Estado. Para este ano, o Dia Mundial das Alf\u00e2ndegas foi celebrado sob o lema \u201cAlf\u00e2ndegas Fomentando a Sustentabilidade Para as Pessoas, Prosperidade e do Planeta\u201d. Segundo Aly Mall\u00e1, o foco desenhado pela sua institui\u00e7\u00e3o visa responder o desafio lan\u00e7ado recentemente pelo Presidente da Rep\u00fablica, que insta as Alf\u00e2ndegas a engajarem-seno combate aos contra crimes aduaneiros, destacando-se o contrabando, a contrafac\u00e7\u00e3o, a pirataria, o crime organizado transnacional, entre outros. \u201cDeste modo, as Alf\u00e2ndegas s\u00e3o mandatadas e posicionadas nas fronteiras para jogar um papel proeminente na cadeia internacional de suprimentos e assegurar um futuro sustent\u00e1vel, seguro e inclusivo, refor\u00e7ando, desta maneira, a boa governa\u00e7\u00e3o no pa\u00eds\u201d, disse. No \u00e2mbito da facilita\u00e7\u00e3o ao com\u00e9rcio, as Alf\u00e2ndegas de Mo\u00e7ambique, segundo ele, v\u00e3o continuar a implementar os processos de moderniza\u00e7\u00e3o tecnol\u00f3gica tendentes \u00e0simplifica\u00e7\u00e3o de procedimentos aduaneiros com reflexos na minimiza\u00e7\u00e3o do tempo de desembara\u00e7o das mercadorias, sendo que a implementa\u00e7\u00e3o do conceito \u201cAlf\u00e2ndega Digital\u201d, sem o uso do papel, constituir\u00e1 a maior conquista no processo de moderniza\u00e7\u00e3o."}

TVM - Televisão de Moçambique

Autoridade Tributária satisfeita com selagem - TVM - Televisão de Moçambique

<blockquote class="wp-embedded-content" data-secret="UZjUUXM6Cu"><a href="https://www.tvm.co.mz/novosite/2020/01/29/autoridade-tributaria-satisfeita-com-selagem/">Autoridade Tributária satisfeita com selagem</a></blockquote><iframe sandbox="allow-scripts" security="restricted" src="https://www.tvm.co.mz/novosite/2020/01/29/autoridade-tributaria-satisfeita-com-selagem/embed/#?secret=UZjUUXM6Cu" width="600" height="338" title="&#8220;Autoridade Tributária satisfeita com selagem&#8221; &#8212; TVM - Televisão de Moçambique" data-secret="UZjUUXM6Cu" frameborder="0" marginwidth="0" marginheight="0" scrolling="no" class="wp-embedded-content"></iframe><script>
/*! This file is auto-generated */
!function(d,l){"use strict";l.querySelector&&d.addEventListener&&"undefined"!=typeof URL&&(d.wp=d.wp||{},d.wp.receiveEmbedMessage||(d.wp.receiveEmbedMessage=function(e){var t=e.data;if((t||t.secret||t.message||t.value)&&!/[^a-zA-Z0-9]/.test(t.secret)){for(var s,r,n,a=l.querySelectorAll('iframe[data-secret="'+t.secret+'"]'),o=l.querySelectorAll('blockquote[data-secret="'+t.secret+'"]'),c=new RegExp("^https?:$","i"),i=0;i<o.length;i++)o[i].style.display="none";for(i=0;i<a.length;i++)s=a[i],e.source===s.contentWindow&&(s.removeAttribute("style"),"height"===t.message?(1e3<(r=parseInt(t.value,10))?r=1e3:~~r<200&&(r=200),s.height=r):"link"===t.message&&(r=new URL(s.getAttribute("src")),n=new URL(t.value),c.test(n.protocol))&&n.host===r.host&&l.activeElement===s&&(d.top.location.href=t.value))}},d.addEventListener("message",d.wp.receiveEmbedMessage,!1),l.addEventListener("DOMContentLoaded",function(){for(var e,t,s=l.querySelectorAll("iframe.wp-embedded-content"),r=0;r<s.length;r++)(t=(e=s[r]).getAttribute("data-secret"))||(t=Math.random().toString(36).substring(2,12),e.src+="#?secret="+t,e.setAttribute("data-secret",t)),e.contentWindow.postMessage({message:"ready",secret:t},"*")},!1)))}(window,document);
//# sourceURL=https://www.tvm.co.mz/novosite/wp-includes/js/wp-embed.min.js
</script>

A Autoridade Tributária de Moçambique (AT) dá nota positiva à implementação do selo fiscal, introduzido no país em 2017. A satisfação foi manifestada há dias, em Maputo, por ocasião da celebração do Dia Mundial das Alfândegas assinalado domingo. “Quando esta medida foi introduzida, vimos um crescimento exponencial de receitas aduaneiras, o que quer dizer que é consequência directa da aplicação dos selos”, admitiu Tinga, em declarações há dias por ocasião do Dia Mundial das Alfândegas. Sem se referir a números, a fonte sublinhou que o sistema de selagem tem que ser acompanhado da necessária fiscalização, porque, segundo reconheceu, ainda existem algumas fragilidades em termos de meios. Fernando Tinga apontou a necessidade de se povoar todos os mercados e centros comerciais, de modo a cobrir-se os focos de contrabando. por seu turno, o director-geral das Alfândegas, Aly Mallá, garantiu que a instituição que dirige irá, no presente ano, focalizar os seus esforços no combate aos crimes aduaneiros nas principais fronteiras do país, com vista a permitir maior arrecadação de receitas para os cofres do Estado. Para este ano, o Dia Mundial das Alfândegas foi celebrado sob o lema “Alfândegas Fomentando a Sustentabilidade Para as Pessoas, Prosperidade e do Planeta”. Segundo Aly Mallá, o foco desenhado pela sua instituição visa responder o desafio lançado recentemente pelo Presidente da República, que insta as Alfândegas a engajarem-seno combate aos contra crimes aduaneiros, destacando-se o contrabando, a contrafacção, a pirataria, o crime organizado transnacional, entre outros. “Deste modo, as Alfândegas são mandatadas e posicionadas nas fronteiras para jogar um papel proeminente na cadeia internacional de suprimentos e assegurar um futuro sustentável, seguro e inclusivo, reforçando, desta maneira, a boa governação no país”, disse. No âmbito da facilitação ao comércio, as Alfândegas de Moçambique, segundo ele, vão continuar a implementar os processos de modernização tecnológica tendentes àsimplificação de procedimentos aduaneiros com reflexos na minimização do tempo de desembaraço das mercadorias, sendo que a implementação do conceito “Alfândega Digital”, sem o uso do papel, constituirá a maior conquista no processo de modernização.
