{"version":"1.0","provider_name":"TVM - Televis\u00e3o de Mo\u00e7ambique","provider_url":"https:\/\/www.tvm.co.mz\/novosite","author_name":"Leopoldino Bambo","author_url":"https:\/\/www.tvm.co.mz\/novosite\/author\/lbambo\/","title":"Niassa acolhe abertura oficial do ano lectivo 2020 - TVM - Televis\u00e3o de Mo\u00e7ambique","type":"rich","width":600,"height":338,"html":"<blockquote class=\"wp-embedded-content\" data-secret=\"G9hZ8W1eI8\"><a href=\"https:\/\/www.tvm.co.mz\/novosite\/2020\/01\/26\/niassa-acolhe-abertura-oficial-do-ano-lectivo-2020\/\">Niassa acolhe abertura oficial do ano lectivo 2020<\/a><\/blockquote><iframe sandbox=\"allow-scripts\" security=\"restricted\" src=\"https:\/\/www.tvm.co.mz\/novosite\/2020\/01\/26\/niassa-acolhe-abertura-oficial-do-ano-lectivo-2020\/embed\/#?secret=G9hZ8W1eI8\" width=\"600\" height=\"338\" title=\"&#8220;Niassa acolhe abertura oficial do ano lectivo 2020&#8221; &#8212; TVM - Televis\u00e3o de Mo\u00e7ambique\" data-secret=\"G9hZ8W1eI8\" frameborder=\"0\" marginwidth=\"0\" marginheight=\"0\" scrolling=\"no\" class=\"wp-embedded-content\"><\/iframe><script>\n\/*! This file is auto-generated *\/\n!function(d,l){\"use strict\";l.querySelector&&d.addEventListener&&\"undefined\"!=typeof URL&&(d.wp=d.wp||{},d.wp.receiveEmbedMessage||(d.wp.receiveEmbedMessage=function(e){var t=e.data;if((t||t.secret||t.message||t.value)&&!\/[^a-zA-Z0-9]\/.test(t.secret)){for(var s,r,n,a=l.querySelectorAll('iframe[data-secret=\"'+t.secret+'\"]'),o=l.querySelectorAll('blockquote[data-secret=\"'+t.secret+'\"]'),c=new RegExp(\"^https?:$\",\"i\"),i=0;i<o.length;i++)o[i].style.display=\"none\";for(i=0;i<a.length;i++)s=a[i],e.source===s.contentWindow&&(s.removeAttribute(\"style\"),\"height\"===t.message?(1e3<(r=parseInt(t.value,10))?r=1e3:~~r<200&&(r=200),s.height=r):\"link\"===t.message&&(r=new URL(s.getAttribute(\"src\")),n=new URL(t.value),c.test(n.protocol))&&n.host===r.host&&l.activeElement===s&&(d.top.location.href=t.value))}},d.addEventListener(\"message\",d.wp.receiveEmbedMessage,!1),l.addEventListener(\"DOMContentLoaded\",function(){for(var e,t,s=l.querySelectorAll(\"iframe.wp-embedded-content\"),r=0;r<s.length;r++)(t=(e=s[r]).getAttribute(\"data-secret\"))||(t=Math.random().toString(36).substring(2,12),e.src+=\"#?secret=\"+t,e.setAttribute(\"data-secret\",t)),e.contentWindow.postMessage({message:\"ready\",secret:t},\"*\")},!1)))}(window,document);\n\/\/# sourceURL=https:\/\/www.tvm.co.mz\/novosite\/wp-includes\/js\/wp-embed.min.js\n<\/script>\n","thumbnail_url":"https:\/\/www.tvm.co.mz\/novosite\/wp-content\/uploads\/2020\/01\/crianca_mocambique.jpg","thumbnail_width":1024,"thumbnail_height":578,"description":"A Escola Prim\u00e1ria de Chiconono, distrito de Muembe, no Niassa, vai acolher, a 31 de Janeiro, a cerim\u00f3nia central de abertura do ano lectivo 2020, anunciou esta semana o Governo. A cerim\u00f3nia ser\u00e1 dirigida pelo Presidente da Rep\u00fablica, Filipe Nyusi, segundo informa\u00e7\u00e3o partilhada esta quinta-feira em Maputo no final da I Sess\u00e3o Ordin\u00e1ria do Conselho de Ministros. A porta-voz da sess\u00e3o, a Ministra da Justi\u00e7a, Assuntos Constitucionais e Religiosos, Helena Kida, disse que a abertura do ano escolar ter\u00e1 r\u00e9plicas em todo o pa\u00eds.Recentemente o Minist\u00e9rio da Educa\u00e7\u00e3o e Desenvolvimento Humano (MINEDH) garantiu ter recebido at\u00e9 in\u00edcio do m\u00eas em curso 70,52 por cento da encomenda do livro escolar para o presente ano lectivo, esperando fazer a aloca\u00e7\u00e3o atempada em todas as escolas do pa\u00eds.O sector da Educa\u00e7\u00e3o adquiriu pouco mais de 18,5 milh\u00f5es de livros escolares para o Ensino Prim\u00e1rio. Deste n\u00famero, cerca de 18,1 milh\u00f5es s\u00e3o livros da primeira \u00e0 s\u00e9tima classe e os restantes 325.600 manuais e gui\u00f5es para professores.O MINEDH garante igualmente que vai alocar atempadamente o livro escolar a todas escolas do pa\u00eds, apesar dos constrangimentos que se registam no processo.Para o ensino bilingue, que constitui uma das apostas do sector para a melhoria da qualidade e facilidade no processo de ensino e aprendizagem, foi adquirido para este ano pouco mais de 1.1 milh\u00e3o de livros do aluno e 11.375 manuais do professor.Os livros da terceira \u00e0 s\u00e9tima classe s\u00e3o atribu\u00eddos aos alunos por \u201cempr\u00e9stimo\u201d, o que significa que o aluno recebe o livro no in\u00edcio do ano lectivo e devolve-o no fim do mesmo ano. Mesmo assim anualmente o MINEDH faz uma reposi\u00e7\u00e3o destes livros na ordem de 40 por cento. (AIM)"}

TVM - Televisão de Moçambique

Niassa acolhe abertura oficial do ano lectivo 2020 - TVM - Televisão de Moçambique

<blockquote class="wp-embedded-content" data-secret="G9hZ8W1eI8"><a href="https://www.tvm.co.mz/novosite/2020/01/26/niassa-acolhe-abertura-oficial-do-ano-lectivo-2020/">Niassa acolhe abertura oficial do ano lectivo 2020</a></blockquote><iframe sandbox="allow-scripts" security="restricted" src="https://www.tvm.co.mz/novosite/2020/01/26/niassa-acolhe-abertura-oficial-do-ano-lectivo-2020/embed/#?secret=G9hZ8W1eI8" width="600" height="338" title="&#8220;Niassa acolhe abertura oficial do ano lectivo 2020&#8221; &#8212; TVM - Televisão de Moçambique" data-secret="G9hZ8W1eI8" frameborder="0" marginwidth="0" marginheight="0" scrolling="no" class="wp-embedded-content"></iframe><script>
/*! This file is auto-generated */
!function(d,l){"use strict";l.querySelector&&d.addEventListener&&"undefined"!=typeof URL&&(d.wp=d.wp||{},d.wp.receiveEmbedMessage||(d.wp.receiveEmbedMessage=function(e){var t=e.data;if((t||t.secret||t.message||t.value)&&!/[^a-zA-Z0-9]/.test(t.secret)){for(var s,r,n,a=l.querySelectorAll('iframe[data-secret="'+t.secret+'"]'),o=l.querySelectorAll('blockquote[data-secret="'+t.secret+'"]'),c=new RegExp("^https?:$","i"),i=0;i<o.length;i++)o[i].style.display="none";for(i=0;i<a.length;i++)s=a[i],e.source===s.contentWindow&&(s.removeAttribute("style"),"height"===t.message?(1e3<(r=parseInt(t.value,10))?r=1e3:~~r<200&&(r=200),s.height=r):"link"===t.message&&(r=new URL(s.getAttribute("src")),n=new URL(t.value),c.test(n.protocol))&&n.host===r.host&&l.activeElement===s&&(d.top.location.href=t.value))}},d.addEventListener("message",d.wp.receiveEmbedMessage,!1),l.addEventListener("DOMContentLoaded",function(){for(var e,t,s=l.querySelectorAll("iframe.wp-embedded-content"),r=0;r<s.length;r++)(t=(e=s[r]).getAttribute("data-secret"))||(t=Math.random().toString(36).substring(2,12),e.src+="#?secret="+t,e.setAttribute("data-secret",t)),e.contentWindow.postMessage({message:"ready",secret:t},"*")},!1)))}(window,document);
//# sourceURL=https://www.tvm.co.mz/novosite/wp-includes/js/wp-embed.min.js
</script>

A Escola Primária de Chiconono, distrito de Muembe, no Niassa, vai acolher, a 31 de Janeiro, a cerimónia central de abertura do ano lectivo 2020, anunciou esta semana o Governo. A cerimónia será dirigida pelo Presidente da República, Filipe Nyusi, segundo informação partilhada esta quinta-feira em Maputo no final da I Sessão Ordinária do Conselho de Ministros. A porta-voz da sessão, a Ministra da Justiça, Assuntos Constitucionais e Religiosos, Helena Kida, disse que a abertura do ano escolar terá réplicas em todo o país.Recentemente o Ministério da Educação e Desenvolvimento Humano (MINEDH) garantiu ter recebido até início do mês em curso 70,52 por cento da encomenda do livro escolar para o presente ano lectivo, esperando fazer a alocação atempada em todas as escolas do país.O sector da Educação adquiriu pouco mais de 18,5 milhões de livros escolares para o Ensino Primário. Deste número, cerca de 18,1 milhões são livros da primeira à sétima classe e os restantes 325.600 manuais e guiões para professores.O MINEDH garante igualmente que vai alocar atempadamente o livro escolar a todas escolas do país, apesar dos constrangimentos que se registam no processo.Para o ensino bilingue, que constitui uma das apostas do sector para a melhoria da qualidade e facilidade no processo de ensino e aprendizagem, foi adquirido para este ano pouco mais de 1.1 milhão de livros do aluno e 11.375 manuais do professor.Os livros da terceira à sétima classe são atribuídos aos alunos por “empréstimo”, o que significa que o aluno recebe o livro no início do ano lectivo e devolve-o no fim do mesmo ano. Mesmo assim anualmente o MINEDH faz uma reposição destes livros na ordem de 40 por cento. (AIM)
