{"version":"1.0","provider_name":"TVM - Televis\u00e3o de Mo\u00e7ambique","provider_url":"https:\/\/www.tvm.co.mz\/novosite","author_name":"Leopoldino Bambo","author_url":"https:\/\/www.tvm.co.mz\/novosite\/author\/lbambo\/","title":"Nyusi hoje no Ruanda para fortalecer rela\u00e7\u00f5es - TVM - Televis\u00e3o de Mo\u00e7ambique","type":"rich","width":600,"height":338,"html":"<blockquote class=\"wp-embedded-content\" data-secret=\"1B3T98Mpww\"><a href=\"https:\/\/www.tvm.co.mz\/novosite\/2019\/12\/02\/nyusi-hoje-no-ruanda-para-fortalecer-relacoes\/\">Nyusi hoje no Ruanda para fortalecer rela\u00e7\u00f5es<\/a><\/blockquote><iframe sandbox=\"allow-scripts\" security=\"restricted\" src=\"https:\/\/www.tvm.co.mz\/novosite\/2019\/12\/02\/nyusi-hoje-no-ruanda-para-fortalecer-relacoes\/embed\/#?secret=1B3T98Mpww\" width=\"600\" height=\"338\" title=\"&#8220;Nyusi hoje no Ruanda para fortalecer rela\u00e7\u00f5es&#8221; &#8212; TVM - Televis\u00e3o de Mo\u00e7ambique\" data-secret=\"1B3T98Mpww\" frameborder=\"0\" marginwidth=\"0\" marginheight=\"0\" scrolling=\"no\" class=\"wp-embedded-content\"><\/iframe><script>\n\/*! This file is auto-generated *\/\n!function(d,l){\"use strict\";l.querySelector&&d.addEventListener&&\"undefined\"!=typeof URL&&(d.wp=d.wp||{},d.wp.receiveEmbedMessage||(d.wp.receiveEmbedMessage=function(e){var t=e.data;if((t||t.secret||t.message||t.value)&&!\/[^a-zA-Z0-9]\/.test(t.secret)){for(var s,r,n,a=l.querySelectorAll('iframe[data-secret=\"'+t.secret+'\"]'),o=l.querySelectorAll('blockquote[data-secret=\"'+t.secret+'\"]'),c=new RegExp(\"^https?:$\",\"i\"),i=0;i<o.length;i++)o[i].style.display=\"none\";for(i=0;i<a.length;i++)s=a[i],e.source===s.contentWindow&&(s.removeAttribute(\"style\"),\"height\"===t.message?(1e3<(r=parseInt(t.value,10))?r=1e3:~~r<200&&(r=200),s.height=r):\"link\"===t.message&&(r=new URL(s.getAttribute(\"src\")),n=new URL(t.value),c.test(n.protocol))&&n.host===r.host&&l.activeElement===s&&(d.top.location.href=t.value))}},d.addEventListener(\"message\",d.wp.receiveEmbedMessage,!1),l.addEventListener(\"DOMContentLoaded\",function(){for(var e,t,s=l.querySelectorAll(\"iframe.wp-embedded-content\"),r=0;r<s.length;r++)(t=(e=s[r]).getAttribute(\"data-secret\"))||(t=Math.random().toString(36).substring(2,12),e.src+=\"#?secret=\"+t,e.setAttribute(\"data-secret\",t)),e.contentWindow.postMessage({message:\"ready\",secret:t},\"*\")},!1)))}(window,document);\n\/\/# sourceURL=https:\/\/www.tvm.co.mz\/novosite\/wp-includes\/js\/wp-embed.min.js\n<\/script>\n","thumbnail_url":"https:\/\/www.tvm.co.mz\/novosite\/wp-content\/uploads\/2019\/12\/fsszdbasbas.jpg","thumbnail_width":972,"thumbnail_height":588,"description":"O PRESIDENTE da Rep\u00fablica, Filipe Nyusi, chega hoje a Kigali, a capital do Ruanda, para uma visita de trabalho de dois dias a este pa\u00eds africano da regi\u00e3o dos Grandes Lagos, destinada a manter acesas as rela\u00e7\u00f5es de amizade e de coopera\u00e7\u00e3o entre os dois Estados. Um comunicado da Presid\u00eancia da Rep\u00fablica recebido na nossa Redac\u00e7\u00e3o indica que,no Ruanda, o Chefe do Estado vai participar, hoje e amanh\u00e3, em Kigali, na XX Confer\u00eancia Internacional sobre Sida e Infec\u00e7\u00f5es de Transmiss\u00e3o Sexual em \u00c1frica (ICASA 2019), que vai decorrer sob o lema \u201c\u00c1frica livre deSIDA: inova\u00e7\u00e3o, comunidade e lideran\u00e7a pol\u00edtica\u201d. A ICASA \u00e9 uma plataforma que visa chamar aten\u00e7\u00e3o aos l\u00edderes africanos para a estrat\u00e9gia 90-90-90 e concentra-se na renova\u00e7\u00e3o do seu compromisso de uma \u00c1frica livre daSIDA e de como alcan\u00e7ar essa vis\u00e3o. Durante a visita, Filipe Nyusi estar\u00e1 num frente-a-frente com o seu hom\u00f3logo ruand\u00eas, Paul Kagame, no qual ser\u00e1 passada em revista a coopera\u00e7\u00e3o bilateral. O Chefe do Estado vai igualmente participar no di\u00e1logo de alto n\u00edvel sobre investimentos em \u00c1frica, evento que vai reunir l\u00edderes do continente. Neste encontro, o Presidente da Rep\u00fablica, que desembarca esta manh\u00e3 em Kigali, vai fazer uma interven\u00e7\u00e3o na qual destacar\u00e1, mais uma vez, o compromisso do Governo no sector, traduzido em ac\u00e7\u00f5es visando,sobretudo,garantir o acesso e uma assist\u00eancia de qualidade aos cidad\u00e3os, bem como a expans\u00e3o dos cuidados de sa\u00fade \u00e0s zonas mais rec\u00f4nditas do pa\u00eds. Falando ontem a jornalistas que acompanham o Chefe do Estado mo\u00e7ambicano nesta desloca\u00e7\u00e3o, o Ministro dos Neg\u00f3cios Estrangeiros e Coopera\u00e7\u00e3o, Jos\u00e9 Pacheco, explicou que a import\u00e2ncia do sector daSa\u00fade em Mo\u00e7ambique, emsi transversal, ditou a participa\u00e7\u00e3o de uma delega\u00e7\u00e3o mo\u00e7ambicana chefiada ao mais alto n\u00edvel. Pacheco afirmou que,fundamentalmente,Mo\u00e7ambique pretende partilhar, colher experi\u00eancia e avaliar o trabalho que tem sido feito para criar cada vez melhores condi\u00e7\u00f5es de atendimento aos cidad\u00e3os. O ministro dos Neg\u00f3cios Estrangeiros e Coopera\u00e7\u00e3o sublinhou que a quest\u00e3o da sa\u00fade em Mo\u00e7ambique \u00e9 prioridade das prioridades, tendo em conta a sua transversalidade. V\u00e1rias ac\u00e7\u00f5es est\u00e3o em curso no sector da Sa\u00fade no pa\u00eds, destacando-se a iniciativa presidencial \u201cUm distrito,um hospital\u201d, um desafio que, segundo Jos\u00e9 Pacheco, permitir\u00e1 que Mo\u00e7ambique d\u00ea um grande salto em termos de atendimento aos cidad\u00e3os. \u201cN\u00e3o h\u00e1 d\u00favida que a sa\u00fade \u00e9 uma prioridade fundamental, porque homens saud\u00e1veis s\u00e3o capazes de dar maior contribui\u00e7\u00e3o \u00e0 produ\u00e7\u00e3o\u201d, indicou o governante, acrescentando que,ligado a este exerc\u00edcio do Executivo, existe um programa de forma\u00e7\u00e3o aos mais variados n\u00edveis para garantir pessoal de qualidade no sector. Felisberto Arna\u00e7a em Kigali"}

TVM - Televisão de Moçambique

Nyusi hoje no Ruanda para fortalecer relações - TVM - Televisão de Moçambique

<blockquote class="wp-embedded-content" data-secret="1B3T98Mpww"><a href="https://www.tvm.co.mz/novosite/2019/12/02/nyusi-hoje-no-ruanda-para-fortalecer-relacoes/">Nyusi hoje no Ruanda para fortalecer relações</a></blockquote><iframe sandbox="allow-scripts" security="restricted" src="https://www.tvm.co.mz/novosite/2019/12/02/nyusi-hoje-no-ruanda-para-fortalecer-relacoes/embed/#?secret=1B3T98Mpww" width="600" height="338" title="&#8220;Nyusi hoje no Ruanda para fortalecer relações&#8221; &#8212; TVM - Televisão de Moçambique" data-secret="1B3T98Mpww" frameborder="0" marginwidth="0" marginheight="0" scrolling="no" class="wp-embedded-content"></iframe><script>
/*! This file is auto-generated */
!function(d,l){"use strict";l.querySelector&&d.addEventListener&&"undefined"!=typeof URL&&(d.wp=d.wp||{},d.wp.receiveEmbedMessage||(d.wp.receiveEmbedMessage=function(e){var t=e.data;if((t||t.secret||t.message||t.value)&&!/[^a-zA-Z0-9]/.test(t.secret)){for(var s,r,n,a=l.querySelectorAll('iframe[data-secret="'+t.secret+'"]'),o=l.querySelectorAll('blockquote[data-secret="'+t.secret+'"]'),c=new RegExp("^https?:$","i"),i=0;i<o.length;i++)o[i].style.display="none";for(i=0;i<a.length;i++)s=a[i],e.source===s.contentWindow&&(s.removeAttribute("style"),"height"===t.message?(1e3<(r=parseInt(t.value,10))?r=1e3:~~r<200&&(r=200),s.height=r):"link"===t.message&&(r=new URL(s.getAttribute("src")),n=new URL(t.value),c.test(n.protocol))&&n.host===r.host&&l.activeElement===s&&(d.top.location.href=t.value))}},d.addEventListener("message",d.wp.receiveEmbedMessage,!1),l.addEventListener("DOMContentLoaded",function(){for(var e,t,s=l.querySelectorAll("iframe.wp-embedded-content"),r=0;r<s.length;r++)(t=(e=s[r]).getAttribute("data-secret"))||(t=Math.random().toString(36).substring(2,12),e.src+="#?secret="+t,e.setAttribute("data-secret",t)),e.contentWindow.postMessage({message:"ready",secret:t},"*")},!1)))}(window,document);
//# sourceURL=https://www.tvm.co.mz/novosite/wp-includes/js/wp-embed.min.js
</script>

O PRESIDENTE da República, Filipe Nyusi, chega hoje a Kigali, a capital do Ruanda, para uma visita de trabalho de dois dias a este país africano da região dos Grandes Lagos, destinada a manter acesas as relações de amizade e de cooperação entre os dois Estados. Um comunicado da Presidência da República recebido na nossa Redacção indica que,no Ruanda, o Chefe do Estado vai participar, hoje e amanhã, em Kigali, na XX Conferência Internacional sobre Sida e Infecções de Transmissão Sexual em África (ICASA 2019), que vai decorrer sob o lema “África livre deSIDA: inovação, comunidade e liderança política”. A ICASA é uma plataforma que visa chamar atenção aos líderes africanos para a estratégia 90-90-90 e concentra-se na renovação do seu compromisso de uma África livre daSIDA e de como alcançar essa visão. Durante a visita, Filipe Nyusi estará num frente-a-frente com o seu homólogo ruandês, Paul Kagame, no qual será passada em revista a cooperação bilateral. O Chefe do Estado vai igualmente participar no diálogo de alto nível sobre investimentos em África, evento que vai reunir líderes do continente. Neste encontro, o Presidente da República, que desembarca esta manhã em Kigali, vai fazer uma intervenção na qual destacará, mais uma vez, o compromisso do Governo no sector, traduzido em acções visando,sobretudo,garantir o acesso e uma assistência de qualidade aos cidadãos, bem como a expansão dos cuidados de saúde às zonas mais recônditas do país. Falando ontem a jornalistas que acompanham o Chefe do Estado moçambicano nesta deslocação, o Ministro dos Negócios Estrangeiros e Cooperação, José Pacheco, explicou que a importância do sector daSaúde em Moçambique, emsi transversal, ditou a participação de uma delegação moçambicana chefiada ao mais alto nível. Pacheco afirmou que,fundamentalmente,Moçambique pretende partilhar, colher experiência e avaliar o trabalho que tem sido feito para criar cada vez melhores condições de atendimento aos cidadãos. O ministro dos Negócios Estrangeiros e Cooperação sublinhou que a questão da saúde em Moçambique é prioridade das prioridades, tendo em conta a sua transversalidade. Várias acções estão em curso no sector da Saúde no país, destacando-se a iniciativa presidencial “Um distrito,um hospital”, um desafio que, segundo José Pacheco, permitirá que Moçambique dê um grande salto em termos de atendimento aos cidadãos. “Não há dúvida que a saúde é uma prioridade fundamental, porque homens saudáveis são capazes de dar maior contribuição à produção”, indicou o governante, acrescentando que,ligado a este exercício do Executivo, existe um programa de formação aos mais variados níveis para garantir pessoal de qualidade no sector. Felisberto Arnaça em Kigali
