{"version":"1.0","provider_name":"TVM - Televis\u00e3o de Mo\u00e7ambique","provider_url":"https:\/\/www.tvm.co.mz\/novosite","author_name":"Leopoldino Bambo","author_url":"https:\/\/www.tvm.co.mz\/novosite\/author\/lbambo\/","title":"HIV\/Sida em Mo\u00e7ambique: Quadro continua preocupante - TVM - Televis\u00e3o de Mo\u00e7ambique","type":"rich","width":600,"height":338,"html":"<blockquote class=\"wp-embedded-content\" data-secret=\"EjyoJZQB2A\"><a href=\"https:\/\/www.tvm.co.mz\/novosite\/2019\/12\/02\/hiv-sida-em-mocambique-quadro-continua-preocupante\/\">HIV\/Sida em Mo\u00e7ambique: Quadro continua preocupante<\/a><\/blockquote><iframe sandbox=\"allow-scripts\" security=\"restricted\" src=\"https:\/\/www.tvm.co.mz\/novosite\/2019\/12\/02\/hiv-sida-em-mocambique-quadro-continua-preocupante\/embed\/#?secret=EjyoJZQB2A\" width=\"600\" height=\"338\" title=\"&#8220;HIV\/Sida em Mo\u00e7ambique: Quadro continua preocupante&#8221; &#8212; TVM - Televis\u00e3o de Mo\u00e7ambique\" data-secret=\"EjyoJZQB2A\" frameborder=\"0\" marginwidth=\"0\" marginheight=\"0\" scrolling=\"no\" class=\"wp-embedded-content\"><\/iframe><script>\n\/*! This file is auto-generated *\/\n!function(d,l){\"use strict\";l.querySelector&&d.addEventListener&&\"undefined\"!=typeof URL&&(d.wp=d.wp||{},d.wp.receiveEmbedMessage||(d.wp.receiveEmbedMessage=function(e){var t=e.data;if((t||t.secret||t.message||t.value)&&!\/[^a-zA-Z0-9]\/.test(t.secret)){for(var s,r,n,a=l.querySelectorAll('iframe[data-secret=\"'+t.secret+'\"]'),o=l.querySelectorAll('blockquote[data-secret=\"'+t.secret+'\"]'),c=new RegExp(\"^https?:$\",\"i\"),i=0;i<o.length;i++)o[i].style.display=\"none\";for(i=0;i<a.length;i++)s=a[i],e.source===s.contentWindow&&(s.removeAttribute(\"style\"),\"height\"===t.message?(1e3<(r=parseInt(t.value,10))?r=1e3:~~r<200&&(r=200),s.height=r):\"link\"===t.message&&(r=new URL(s.getAttribute(\"src\")),n=new URL(t.value),c.test(n.protocol))&&n.host===r.host&&l.activeElement===s&&(d.top.location.href=t.value))}},d.addEventListener(\"message\",d.wp.receiveEmbedMessage,!1),l.addEventListener(\"DOMContentLoaded\",function(){for(var e,t,s=l.querySelectorAll(\"iframe.wp-embedded-content\"),r=0;r<s.length;r++)(t=(e=s[r]).getAttribute(\"data-secret\"))||(t=Math.random().toString(36).substring(2,12),e.src+=\"#?secret=\"+t,e.setAttribute(\"data-secret\",t)),e.contentWindow.postMessage({message:\"ready\",secret:t},\"*\")},!1)))}(window,document);\n\/\/# sourceURL=https:\/\/www.tvm.co.mz\/novosite\/wp-includes\/js\/wp-embed.min.js\n<\/script>\n","thumbnail_url":"https:\/\/www.tvm.co.mz\/novosite\/wp-content\/uploads\/2019\/12\/HIV-SIDA.gif","thumbnail_width":770,"thumbnail_height":513,"description":"O QUADRO do HIV\/SIDA continua preocupante em Mo\u00e7ambique apesar dos avan\u00e7os que o pa\u00eds registou nos \u00faltimos cinco anos nas \u00e1reas de preven\u00e7\u00e3o e combate. A preocupa\u00e7\u00e3o foi partilhada ontem pelo Presidente da Rep\u00fablica, falando na celebra\u00e7\u00e3o do 1 de Dezembro, Dia Mundial de Combate \u00e0SIDA, que teve como palco a cidade de Nampula. Uma das apreens\u00f5es de Filipe Nyusi tem a ver com o cont\u00ednuo registo de novas infec\u00e7\u00f5es, mas tamb\u00e9m com os n\u00edveis de transmiss\u00e3o vertical (de m\u00e3e para filho),que continuam altos, com uma taxa de 15 por cento. O estigma e discrimina\u00e7\u00e3o apessoas que vivem ou que est\u00e3o afectadas pela doen\u00e7a adensam o quadro deinquieta\u00e7\u00f5es. Ainda assim, segundo o Chefe do Estado, como resultado do esfor\u00e7o conjunto do Governo e parceiros de coopera\u00e7\u00e3o, entre 2014 e 2018 Mo\u00e7ambique registou uma redu\u00e7\u00e3o de cerca de 20 por cento de mortes relacionados com o HIV\/SIDA, havendo perspectivas animadores de que a luta prossiga com maior dinamismo. Os avan\u00e7os alcan\u00e7ados, segundo Nyusi, s\u00e3o sobretudo resultado de v\u00e1rias ac\u00e7\u00f5es como o quarto Plano Estrat\u00e9gico Nacional de Resposta e da Estrat\u00e9gia 90\/90\/90 da ONUSIDA. Ao abrigo desta estrat\u00e9gia, explica o Chefe do Estado, pretende-se que 90 por cento das pessoas vivendo com HIV no pa\u00eds sejam diagnosticadas atrav\u00e9s da expans\u00e3o dos servi\u00e7os de aconselhamento e testagem. Tamb\u00e9m se pretende que 90 por cento das pessoas diagnosticadas recebam tratamento anti-retroviral e que 90 por cento daqueles que recebem este tratamento tenham o v\u00edrus no sangue fragilizado, para que n\u00e3o possam transmiti-loa outras pessoas. \u201cEstamos a trabalhar para isso\u201d, assegurou o Chefe do Estado. Explicou que algumas das novas infec\u00e7\u00f5es com o v\u00edrus est\u00e3o relacionadas com pr\u00e1ticas tradicionais e comportamentos sociais reprov\u00e1veis. \u201cO estigma e a discrimina\u00e7\u00e3o t\u00eam levado ao abandono de pessoas vivendo com HIV por parte de parceiros ou familiares. Tamb\u00e9m levam\u00e0 redu\u00e7\u00e3o da sua auto-estima, \u00e0 exclus\u00e3o social, perda de emprego e bens, fraco desempenho no trabalho, nega\u00e7\u00e3o de servi\u00e7os p\u00fabicos b\u00e1sicos, falta de cuidados e apoio ou at\u00e9 a serem v\u00edtimas de viol\u00eancia\u201d, disse Filipe Nyusi. Para o Chefe do Estado, estas atitudes negativas da sociedade levam a que muitas pessoas evitem os testes deHIV ou n\u00e3o revelem o seu estado serol\u00f3gico, o que acaba por ter reflexos no quadro geral da doen\u00e7a. Sobre os avan\u00e7os registados ao longo do quinqu\u00e9nio, o Presidente da Rep\u00fablica disse que no in\u00edcio os servi\u00e7os de tratamento anti-retroviral no pa\u00eds estavam apenas dispon\u00edveis em 753 unidades do Servi\u00e7o Nacional de Sa\u00fade, correspondendo a uma cobertura de 52 por cento, contra as actuais 1538 unidades sanit\u00e1rias que asseguram uma cobertura estimada em 93 por cento. Esta expans\u00e3o, segundo o Presidente da Rep\u00fablica, tamb\u00e9m resultou no aumento do rastreio das pessoas que vivem com a doen\u00e7a que beneficiam do tratamento anti-retroviral, que passou de 640.312 em 2014, para pouco mais de um milh\u00e3o e trezentos mil pacientes at\u00e9 Junho do presente ano. Presentes na cerim\u00f3nia estiveram a representante da sociedade civil, Gilda Jossias; a coordenadora residente das Na\u00e7\u00f5es Unidas, Myrta Kaulard;o embaixador dos Estados Unidos da Am\u00e9rica, Dennis Hearne, em representa\u00e7\u00e3o dos parceiros de coopera\u00e7\u00e3o. Nas suas mensagens,reiteraram a disponibilidade de continuar a apoiar o Governo mo\u00e7ambicano no combate \u00e0 doen\u00e7a."}

TVM - Televisão de Moçambique

HIV/Sida em Moçambique: Quadro continua preocupante - TVM - Televisão de Moçambique

<blockquote class="wp-embedded-content" data-secret="EjyoJZQB2A"><a href="https://www.tvm.co.mz/novosite/2019/12/02/hiv-sida-em-mocambique-quadro-continua-preocupante/">HIV/Sida em Moçambique: Quadro continua preocupante</a></blockquote><iframe sandbox="allow-scripts" security="restricted" src="https://www.tvm.co.mz/novosite/2019/12/02/hiv-sida-em-mocambique-quadro-continua-preocupante/embed/#?secret=EjyoJZQB2A" width="600" height="338" title="&#8220;HIV/Sida em Moçambique: Quadro continua preocupante&#8221; &#8212; TVM - Televisão de Moçambique" data-secret="EjyoJZQB2A" frameborder="0" marginwidth="0" marginheight="0" scrolling="no" class="wp-embedded-content"></iframe><script>
/*! This file is auto-generated */
!function(d,l){"use strict";l.querySelector&&d.addEventListener&&"undefined"!=typeof URL&&(d.wp=d.wp||{},d.wp.receiveEmbedMessage||(d.wp.receiveEmbedMessage=function(e){var t=e.data;if((t||t.secret||t.message||t.value)&&!/[^a-zA-Z0-9]/.test(t.secret)){for(var s,r,n,a=l.querySelectorAll('iframe[data-secret="'+t.secret+'"]'),o=l.querySelectorAll('blockquote[data-secret="'+t.secret+'"]'),c=new RegExp("^https?:$","i"),i=0;i<o.length;i++)o[i].style.display="none";for(i=0;i<a.length;i++)s=a[i],e.source===s.contentWindow&&(s.removeAttribute("style"),"height"===t.message?(1e3<(r=parseInt(t.value,10))?r=1e3:~~r<200&&(r=200),s.height=r):"link"===t.message&&(r=new URL(s.getAttribute("src")),n=new URL(t.value),c.test(n.protocol))&&n.host===r.host&&l.activeElement===s&&(d.top.location.href=t.value))}},d.addEventListener("message",d.wp.receiveEmbedMessage,!1),l.addEventListener("DOMContentLoaded",function(){for(var e,t,s=l.querySelectorAll("iframe.wp-embedded-content"),r=0;r<s.length;r++)(t=(e=s[r]).getAttribute("data-secret"))||(t=Math.random().toString(36).substring(2,12),e.src+="#?secret="+t,e.setAttribute("data-secret",t)),e.contentWindow.postMessage({message:"ready",secret:t},"*")},!1)))}(window,document);
//# sourceURL=https://www.tvm.co.mz/novosite/wp-includes/js/wp-embed.min.js
</script>

O QUADRO do HIV/SIDA continua preocupante em Moçambique apesar dos avanços que o país registou nos últimos cinco anos nas áreas de prevenção e combate. A preocupação foi partilhada ontem pelo Presidente da República, falando na celebração do 1 de Dezembro, Dia Mundial de Combate àSIDA, que teve como palco a cidade de Nampula. Uma das apreensões de Filipe Nyusi tem a ver com o contínuo registo de novas infecções, mas também com os níveis de transmissão vertical (de mãe para filho),que continuam altos, com uma taxa de 15 por cento. O estigma e discriminação apessoas que vivem ou que estão afectadas pela doença adensam o quadro deinquietações. Ainda assim, segundo o Chefe do Estado, como resultado do esforço conjunto do Governo e parceiros de cooperação, entre 2014 e 2018 Moçambique registou uma redução de cerca de 20 por cento de mortes relacionados com o HIV/SIDA, havendo perspectivas animadores de que a luta prossiga com maior dinamismo. Os avanços alcançados, segundo Nyusi, são sobretudo resultado de várias acções como o quarto Plano Estratégico Nacional de Resposta e da Estratégia 90/90/90 da ONUSIDA. Ao abrigo desta estratégia, explica o Chefe do Estado, pretende-se que 90 por cento das pessoas vivendo com HIV no país sejam diagnosticadas através da expansão dos serviços de aconselhamento e testagem. Também se pretende que 90 por cento das pessoas diagnosticadas recebam tratamento anti-retroviral e que 90 por cento daqueles que recebem este tratamento tenham o vírus no sangue fragilizado, para que não possam transmiti-loa outras pessoas. “Estamos a trabalhar para isso”, assegurou o Chefe do Estado. Explicou que algumas das novas infecções com o vírus estão relacionadas com práticas tradicionais e comportamentos sociais reprováveis. “O estigma e a discriminação têm levado ao abandono de pessoas vivendo com HIV por parte de parceiros ou familiares. Também levamà redução da sua auto-estima, à exclusão social, perda de emprego e bens, fraco desempenho no trabalho, negação de serviços púbicos básicos, falta de cuidados e apoio ou até a serem vítimas de violência”, disse Filipe Nyusi. Para o Chefe do Estado, estas atitudes negativas da sociedade levam a que muitas pessoas evitem os testes deHIV ou não revelem o seu estado serológico, o que acaba por ter reflexos no quadro geral da doença. Sobre os avanços registados ao longo do quinquénio, o Presidente da República disse que no início os serviços de tratamento anti-retroviral no país estavam apenas disponíveis em 753 unidades do Serviço Nacional de Saúde, correspondendo a uma cobertura de 52 por cento, contra as actuais 1538 unidades sanitárias que asseguram uma cobertura estimada em 93 por cento. Esta expansão, segundo o Presidente da República, também resultou no aumento do rastreio das pessoas que vivem com a doença que beneficiam do tratamento anti-retroviral, que passou de 640.312 em 2014, para pouco mais de um milhão e trezentos mil pacientes até Junho do presente ano. Presentes na cerimónia estiveram a representante da sociedade civil, Gilda Jossias; a coordenadora residente das Nações Unidas, Myrta Kaulard;o embaixador dos Estados Unidos da América, Dennis Hearne, em representação dos parceiros de cooperação. Nas suas mensagens,reiteraram a disponibilidade de continuar a apoiar o Governo moçambicano no combate à doença.
