{"version":"1.0","provider_name":"TVM - Televis\u00e3o de Mo\u00e7ambique","provider_url":"https:\/\/www.tvm.co.mz\/novosite","author_name":"Leopoldino Bambo","author_url":"https:\/\/www.tvm.co.mz\/novosite\/author\/lbambo\/","title":"Presidente da Rep\u00fablica trabalha na prov\u00edncia de Manica - TVM - Televis\u00e3o de Mo\u00e7ambique","type":"rich","width":600,"height":338,"html":"<blockquote class=\"wp-embedded-content\" data-secret=\"JXTgnxfOcm\"><a href=\"https:\/\/www.tvm.co.mz\/novosite\/2019\/11\/14\/presidente-da-republica-trabalha-na-provincia-de-manica\/\">Presidente da Rep\u00fablica trabalha na prov\u00edncia de Manica<\/a><\/blockquote><iframe sandbox=\"allow-scripts\" security=\"restricted\" src=\"https:\/\/www.tvm.co.mz\/novosite\/2019\/11\/14\/presidente-da-republica-trabalha-na-provincia-de-manica\/embed\/#?secret=JXTgnxfOcm\" width=\"600\" height=\"338\" title=\"&#8220;Presidente da Rep\u00fablica trabalha na prov\u00edncia de Manica&#8221; &#8212; TVM - Televis\u00e3o de Mo\u00e7ambique\" data-secret=\"JXTgnxfOcm\" frameborder=\"0\" marginwidth=\"0\" marginheight=\"0\" scrolling=\"no\" class=\"wp-embedded-content\"><\/iframe><script>\n\/*! This file is auto-generated *\/\n!function(d,l){\"use strict\";l.querySelector&&d.addEventListener&&\"undefined\"!=typeof URL&&(d.wp=d.wp||{},d.wp.receiveEmbedMessage||(d.wp.receiveEmbedMessage=function(e){var t=e.data;if((t||t.secret||t.message||t.value)&&!\/[^a-zA-Z0-9]\/.test(t.secret)){for(var s,r,n,a=l.querySelectorAll('iframe[data-secret=\"'+t.secret+'\"]'),o=l.querySelectorAll('blockquote[data-secret=\"'+t.secret+'\"]'),c=new RegExp(\"^https?:$\",\"i\"),i=0;i<o.length;i++)o[i].style.display=\"none\";for(i=0;i<a.length;i++)s=a[i],e.source===s.contentWindow&&(s.removeAttribute(\"style\"),\"height\"===t.message?(1e3<(r=parseInt(t.value,10))?r=1e3:~~r<200&&(r=200),s.height=r):\"link\"===t.message&&(r=new URL(s.getAttribute(\"src\")),n=new URL(t.value),c.test(n.protocol))&&n.host===r.host&&l.activeElement===s&&(d.top.location.href=t.value))}},d.addEventListener(\"message\",d.wp.receiveEmbedMessage,!1),l.addEventListener(\"DOMContentLoaded\",function(){for(var e,t,s=l.querySelectorAll(\"iframe.wp-embedded-content\"),r=0;r<s.length;r++)(t=(e=s[r]).getAttribute(\"data-secret\"))||(t=Math.random().toString(36).substring(2,12),e.src+=\"#?secret=\"+t,e.setAttribute(\"data-secret\",t)),e.contentWindow.postMessage({message:\"ready\",secret:t},\"*\")},!1)))}(window,document);\n\/\/# sourceURL=https:\/\/www.tvm.co.mz\/novosite\/wp-includes\/js\/wp-embed.min.js\n<\/script>\n","thumbnail_url":"https:\/\/www.tvm.co.mz\/novosite\/wp-content\/uploads\/2019\/06\/Nyusi-2.gif","thumbnail_width":770,"thumbnail_height":549,"description":"O Presidente da Rep\u00fablica, Filipe Nyusi, encontra-se desde a manh\u00e3 de hoje a realizar uma visita de trabalho na prov\u00edncia de Manica. Nesta parcela do pa\u00eds, Nyusi vai proceder com a inaugura\u00e7\u00e3o do Sistema de Abastecimento de \u00c1gua de Vanduzi, em cerim\u00f3nia agendada para esta manh\u00e3. Ainda hoje, o Chefe do Estado desloca-se ao Posto Administrativo de Inchope, distrito de Gondola, para dirigir a cerim\u00f3nia de inaugura\u00e7\u00e3o da Estrada Beira-Inchope-Machipanda (EN6), e orientar um com\u00edcio popular. Nesta desloca\u00e7\u00e3o o Presidente Nyusi faz-se acompanhar pelos Ministros das Obras P\u00fablicas, Habita\u00e7\u00e3o e Recursos H\u00eddricos, Jo\u00e3o Machatine; dos Neg\u00f3cios Estrangeiros e Coopera\u00e7\u00e3o, Jos\u00e9 Pacheco; dos Transportes e Comunica\u00e7\u00f5es, Carlos Mesquita; pelos governadores de Sofala, Alberto Mondlane; de Tete, Paulo Auade; de Niassa, Francisca Tom\u00e1s; pelo Embaixador da Rep\u00fablica Popular da China, Su Jian; por quadros da Presid\u00eancia da Rep\u00fablica e de outras institui\u00e7\u00f5es do Estado."}

TVM - Televisão de Moçambique

Presidente da República trabalha na província de Manica - TVM - Televisão de Moçambique

<blockquote class="wp-embedded-content" data-secret="JXTgnxfOcm"><a href="https://www.tvm.co.mz/novosite/2019/11/14/presidente-da-republica-trabalha-na-provincia-de-manica/">Presidente da República trabalha na província de Manica</a></blockquote><iframe sandbox="allow-scripts" security="restricted" src="https://www.tvm.co.mz/novosite/2019/11/14/presidente-da-republica-trabalha-na-provincia-de-manica/embed/#?secret=JXTgnxfOcm" width="600" height="338" title="&#8220;Presidente da República trabalha na província de Manica&#8221; &#8212; TVM - Televisão de Moçambique" data-secret="JXTgnxfOcm" frameborder="0" marginwidth="0" marginheight="0" scrolling="no" class="wp-embedded-content"></iframe><script>
/*! This file is auto-generated */
!function(d,l){"use strict";l.querySelector&&d.addEventListener&&"undefined"!=typeof URL&&(d.wp=d.wp||{},d.wp.receiveEmbedMessage||(d.wp.receiveEmbedMessage=function(e){var t=e.data;if((t||t.secret||t.message||t.value)&&!/[^a-zA-Z0-9]/.test(t.secret)){for(var s,r,n,a=l.querySelectorAll('iframe[data-secret="'+t.secret+'"]'),o=l.querySelectorAll('blockquote[data-secret="'+t.secret+'"]'),c=new RegExp("^https?:$","i"),i=0;i<o.length;i++)o[i].style.display="none";for(i=0;i<a.length;i++)s=a[i],e.source===s.contentWindow&&(s.removeAttribute("style"),"height"===t.message?(1e3<(r=parseInt(t.value,10))?r=1e3:~~r<200&&(r=200),s.height=r):"link"===t.message&&(r=new URL(s.getAttribute("src")),n=new URL(t.value),c.test(n.protocol))&&n.host===r.host&&l.activeElement===s&&(d.top.location.href=t.value))}},d.addEventListener("message",d.wp.receiveEmbedMessage,!1),l.addEventListener("DOMContentLoaded",function(){for(var e,t,s=l.querySelectorAll("iframe.wp-embedded-content"),r=0;r<s.length;r++)(t=(e=s[r]).getAttribute("data-secret"))||(t=Math.random().toString(36).substring(2,12),e.src+="#?secret="+t,e.setAttribute("data-secret",t)),e.contentWindow.postMessage({message:"ready",secret:t},"*")},!1)))}(window,document);
//# sourceURL=https://www.tvm.co.mz/novosite/wp-includes/js/wp-embed.min.js
</script>

O Presidente da República, Filipe Nyusi, encontra-se desde a manhã de hoje a realizar uma visita de trabalho na província de Manica. Nesta parcela do país, Nyusi vai proceder com a inauguração do Sistema de Abastecimento de Água de Vanduzi, em cerimónia agendada para esta manhã. Ainda hoje, o Chefe do Estado desloca-se ao Posto Administrativo de Inchope, distrito de Gondola, para dirigir a cerimónia de inauguração da Estrada Beira-Inchope-Machipanda (EN6), e orientar um comício popular. Nesta deslocação o Presidente Nyusi faz-se acompanhar pelos Ministros das Obras Públicas, Habitação e Recursos Hídricos, João Machatine; dos Negócios Estrangeiros e Cooperação, José Pacheco; dos Transportes e Comunicações, Carlos Mesquita; pelos governadores de Sofala, Alberto Mondlane; de Tete, Paulo Auade; de Niassa, Francisca Tomás; pelo Embaixador da República Popular da China, Su Jian; por quadros da Presidência da República e de outras instituições do Estado.
