{"version":"1.0","provider_name":"TVM - Televis\u00e3o de Mo\u00e7ambique","provider_url":"https:\/\/www.tvm.co.mz\/novosite","author_name":"Leopoldino Bambo","author_url":"https:\/\/www.tvm.co.mz\/novosite\/author\/lbambo\/","title":"Nyusi partilha agenda econ\u00f3mica de Mo\u00e7ambique - TVM - Televis\u00e3o de Mo\u00e7ambique","type":"rich","width":600,"height":338,"html":"<blockquote class=\"wp-embedded-content\" data-secret=\"jb3lkQaRHQ\"><a href=\"https:\/\/www.tvm.co.mz\/novosite\/2019\/10\/23\/nyusi-partilha-agenda-economica-de-mocambique\/\">Nyusi partilha agenda econ\u00f3mica de Mo\u00e7ambique<\/a><\/blockquote><iframe sandbox=\"allow-scripts\" security=\"restricted\" src=\"https:\/\/www.tvm.co.mz\/novosite\/2019\/10\/23\/nyusi-partilha-agenda-economica-de-mocambique\/embed\/#?secret=jb3lkQaRHQ\" width=\"600\" height=\"338\" title=\"&#8220;Nyusi partilha agenda econ\u00f3mica de Mo\u00e7ambique&#8221; &#8212; TVM - Televis\u00e3o de Mo\u00e7ambique\" data-secret=\"jb3lkQaRHQ\" frameborder=\"0\" marginwidth=\"0\" marginheight=\"0\" scrolling=\"no\" class=\"wp-embedded-content\"><\/iframe><script>\n\/*! This file is auto-generated *\/\n!function(d,l){\"use strict\";l.querySelector&&d.addEventListener&&\"undefined\"!=typeof URL&&(d.wp=d.wp||{},d.wp.receiveEmbedMessage||(d.wp.receiveEmbedMessage=function(e){var t=e.data;if((t||t.secret||t.message||t.value)&&!\/[^a-zA-Z0-9]\/.test(t.secret)){for(var s,r,n,a=l.querySelectorAll('iframe[data-secret=\"'+t.secret+'\"]'),o=l.querySelectorAll('blockquote[data-secret=\"'+t.secret+'\"]'),c=new RegExp(\"^https?:$\",\"i\"),i=0;i<o.length;i++)o[i].style.display=\"none\";for(i=0;i<a.length;i++)s=a[i],e.source===s.contentWindow&&(s.removeAttribute(\"style\"),\"height\"===t.message?(1e3<(r=parseInt(t.value,10))?r=1e3:~~r<200&&(r=200),s.height=r):\"link\"===t.message&&(r=new URL(s.getAttribute(\"src\")),n=new URL(t.value),c.test(n.protocol))&&n.host===r.host&&l.activeElement===s&&(d.top.location.href=t.value))}},d.addEventListener(\"message\",d.wp.receiveEmbedMessage,!1),l.addEventListener(\"DOMContentLoaded\",function(){for(var e,t,s=l.querySelectorAll(\"iframe.wp-embedded-content\"),r=0;r<s.length;r++)(t=(e=s[r]).getAttribute(\"data-secret\"))||(t=Math.random().toString(36).substring(2,12),e.src+=\"#?secret=\"+t,e.setAttribute(\"data-secret\",t)),e.contentWindow.postMessage({message:\"ready\",secret:t},\"*\")},!1)))}(window,document);\n\/\/# sourceURL=https:\/\/www.tvm.co.mz\/novosite\/wp-includes\/js\/wp-embed.min.js\n<\/script>\n","thumbnail_url":"https:\/\/www.tvm.co.mz\/novosite\/wp-content\/uploads\/2019\/10\/NYUSI-7.gif","thumbnail_width":770,"thumbnail_height":500,"description":"O CHEFE de Estado mo\u00e7ambicano toma parte na cimeira R\u00fassia-\u00c1frica, que hoje e amanh\u00e3 tem lugar na cidade russa de Sochi, com participa\u00e7\u00e3o tamb\u00e9m do Presidente da Federa\u00e7\u00e3o Russa, Vladimir Putin, e diversos outros l\u00edderes africanos. Putin e o seu hom\u00f3logo eg\u00edpcio, Abdel Fattah al-Sisi, na qualidade de presidente em exerc\u00edcio da Uni\u00e3o Africana (UA), co-presidir\u00e3o a cimeira, o primeiro evento desse n\u00edvel na longa hist\u00f3ria das rela\u00e7\u00f5es russo-africanas. Segundo o ministro mo\u00e7ambicano dos Neg\u00f3cios Estrangeiros, Jos\u00e9 Pacheco, a R\u00fassia adoptou a cimeira como plataforma de interac\u00e7\u00e3o com \u00c1frica, para contribuir na busca de \u201csolu\u00e7\u00f5es para os desafios globais que hoje t\u00eam como agenda principal a paz e a sustentabilidade econ\u00f3mica dos nossos Estados\u201d. Em Sochi, o Presidente Filipe Nyusi participa tamb\u00e9m no F\u00f3rum Econ\u00f3mico R\u00fassia-\u00c1frica, a decorrer em paralelo com a cimeira. O F\u00f3rum, a acontecer igualmente hoje e amanh\u00e3, contar\u00e1 com a presen\u00e7a de Chefes de Estado africanos, representantes de empresas e entidades governamentais russas, africanas e internacionais, bem como representantes de associa\u00e7\u00f5es de integra\u00e7\u00e3o do continente africano. Doze empres\u00e1rios mo\u00e7ambicanos, enquadrados na CTA &#8211; Confedera\u00e7\u00e3o das Associa\u00e7\u00f5es Econ\u00f3micas de Mo\u00e7ambique \u2013 participam no F\u00f3rum Econ\u00f3mico. De acordo Jos\u00e9 Pacheco, Mo\u00e7ambique traz para cimeira e para o f\u00f3rum a sua agenda de desenvolvimento assente em quatro principais prioridades, nomeadamente, agricultura, energia, infra-estruturas e turismo. Estes sectores-base \u201cn\u00e3o fecham os investimentos noutras \u00e1reas transversais, como a sa\u00fade e educa\u00e7\u00e3o\u201d, disse ontem, em Sochi, o chefe da diplomacia mo\u00e7ambicana. Com esta perspectiva, Nyusi recebeu ontem em audi\u00eancia l\u00edderes de empresas russas, como, Alexander A. Mikheev, director-geral da Rosoboronexport, uma empresa estatal russa de exporta\u00e7\u00f5es e importa\u00e7\u00f5es de produtos, tecnologias e servi\u00e7os militares e defesa; Andrey Kostin, PCA da VTB, um dos principais bancos universais da R\u00fassia, e teve ainda um almo\u00e7o de trabalho com Dimitry Mazepin, PCA da Uralkali, uma empresa russa de produ\u00e7\u00e3o e exporta\u00e7\u00e3o de fertilizantes \u00e0 base de pot\u00e1ssio. \u201cEmpres\u00e1rios russos olham com muito interesse as possibilidades de investir em Mo\u00e7ambique\u201d, segundo Pacheco. &nbsp; Por sua vez, numa curta declara\u00e7\u00e3o \u00e0 imprensa mo\u00e7ambicana no final do encontro com Nyusi, o PCA do VTB disse ter conversado com o chefe do Estado mo\u00e7ambicano \u201cas perspectivas, planos para aumentar a nossa coopera\u00e7\u00e3o\u201d com Mo\u00e7ambique. Nesse sentido, uma delega\u00e7\u00e3o do banco russo deve visitar Mo\u00e7ambique ainda este ano. Sobre a quest\u00e3o das d\u00edvidas (n\u00e3o declaradas), Andrey Kostin afirmou que o assunto foi abordado e \u201cdecidimos continuar com as discuss\u00f5es para encontrar as solu\u00e7\u00f5es do problema\u201d. Hoje e amanh\u00e3, o Presidente mo\u00e7ambicano tem previsto encontros bilaterais com outros chefes de Estados, entre os quais o hom\u00f3logo Vladimir Putin. Numa curta declara\u00e7\u00e3o \u00e0 imprensa mo\u00e7ambicana no final do encontra com Nyusi, o PCA do VTB disse ter conversado com o chefe do Estado mo\u00e7ambicano sobre \u201cas perspectivas e planos para aumentar a nossa coopera\u00e7\u00e3o\u201d com Mo\u00e7ambique. Nesse sentido, uma delega\u00e7\u00e3o do banco russo deve visitar Mo\u00e7ambique ainda este ano. Sobre a quest\u00e3o das d\u00edvidas (n\u00e3o declaradas), Andrey Kostin afirmou que o assunto foi abordado e \u201cdecidimos continuar com as discuss\u00f5es para encontrar as solu\u00e7\u00f5es do problema\u201d. Hoje e amanh\u00e3, o Presidente mo\u00e7ambicano tem previsto encontros bilaterais com outros Chefes de Estados, entre os quais o hom\u00f3logo Vladimir Putin. (JOS\u00c9 MACHADO, nosso enviado) Jornal Not\u00edcias"}

TVM - Televisão de Moçambique

Nyusi partilha agenda económica de Moçambique - TVM - Televisão de Moçambique

<blockquote class="wp-embedded-content" data-secret="jb3lkQaRHQ"><a href="https://www.tvm.co.mz/novosite/2019/10/23/nyusi-partilha-agenda-economica-de-mocambique/">Nyusi partilha agenda económica de Moçambique</a></blockquote><iframe sandbox="allow-scripts" security="restricted" src="https://www.tvm.co.mz/novosite/2019/10/23/nyusi-partilha-agenda-economica-de-mocambique/embed/#?secret=jb3lkQaRHQ" width="600" height="338" title="&#8220;Nyusi partilha agenda económica de Moçambique&#8221; &#8212; TVM - Televisão de Moçambique" data-secret="jb3lkQaRHQ" frameborder="0" marginwidth="0" marginheight="0" scrolling="no" class="wp-embedded-content"></iframe><script>
/*! This file is auto-generated */
!function(d,l){"use strict";l.querySelector&&d.addEventListener&&"undefined"!=typeof URL&&(d.wp=d.wp||{},d.wp.receiveEmbedMessage||(d.wp.receiveEmbedMessage=function(e){var t=e.data;if((t||t.secret||t.message||t.value)&&!/[^a-zA-Z0-9]/.test(t.secret)){for(var s,r,n,a=l.querySelectorAll('iframe[data-secret="'+t.secret+'"]'),o=l.querySelectorAll('blockquote[data-secret="'+t.secret+'"]'),c=new RegExp("^https?:$","i"),i=0;i<o.length;i++)o[i].style.display="none";for(i=0;i<a.length;i++)s=a[i],e.source===s.contentWindow&&(s.removeAttribute("style"),"height"===t.message?(1e3<(r=parseInt(t.value,10))?r=1e3:~~r<200&&(r=200),s.height=r):"link"===t.message&&(r=new URL(s.getAttribute("src")),n=new URL(t.value),c.test(n.protocol))&&n.host===r.host&&l.activeElement===s&&(d.top.location.href=t.value))}},d.addEventListener("message",d.wp.receiveEmbedMessage,!1),l.addEventListener("DOMContentLoaded",function(){for(var e,t,s=l.querySelectorAll("iframe.wp-embedded-content"),r=0;r<s.length;r++)(t=(e=s[r]).getAttribute("data-secret"))||(t=Math.random().toString(36).substring(2,12),e.src+="#?secret="+t,e.setAttribute("data-secret",t)),e.contentWindow.postMessage({message:"ready",secret:t},"*")},!1)))}(window,document);
//# sourceURL=https://www.tvm.co.mz/novosite/wp-includes/js/wp-embed.min.js
</script>

O CHEFE de Estado moçambicano toma parte na cimeira Rússia-África, que hoje e amanhã tem lugar na cidade russa de Sochi, com participação também do Presidente da Federação Russa, Vladimir Putin, e diversos outros líderes africanos. Putin e o seu homólogo egípcio, Abdel Fattah al-Sisi, na qualidade de presidente em exercício da União Africana (UA), co-presidirão a cimeira, o primeiro evento desse nível na longa história das relações russo-africanas. Segundo o ministro moçambicano dos Negócios Estrangeiros, José Pacheco, a Rússia adoptou a cimeira como plataforma de interacção com África, para contribuir na busca de “soluções para os desafios globais que hoje têm como agenda principal a paz e a sustentabilidade económica dos nossos Estados”. Em Sochi, o Presidente Filipe Nyusi participa também no Fórum Económico Rússia-África, a decorrer em paralelo com a cimeira. O Fórum, a acontecer igualmente hoje e amanhã, contará com a presença de Chefes de Estado africanos, representantes de empresas e entidades governamentais russas, africanas e internacionais, bem como representantes de associações de integração do continente africano. Doze empresários moçambicanos, enquadrados na CTA &#8211; Confederação das Associações Económicas de Moçambique – participam no Fórum Económico. De acordo José Pacheco, Moçambique traz para cimeira e para o fórum a sua agenda de desenvolvimento assente em quatro principais prioridades, nomeadamente, agricultura, energia, infra-estruturas e turismo. Estes sectores-base “não fecham os investimentos noutras áreas transversais, como a saúde e educação”, disse ontem, em Sochi, o chefe da diplomacia moçambicana. Com esta perspectiva, Nyusi recebeu ontem em audiência líderes de empresas russas, como, Alexander A. Mikheev, director-geral da Rosoboronexport, uma empresa estatal russa de exportações e importações de produtos, tecnologias e serviços militares e defesa; Andrey Kostin, PCA da VTB, um dos principais bancos universais da Rússia, e teve ainda um almoço de trabalho com Dimitry Mazepin, PCA da Uralkali, uma empresa russa de produção e exportação de fertilizantes à base de potássio. “Empresários russos olham com muito interesse as possibilidades de investir em Moçambique”, segundo Pacheco. &nbsp; Por sua vez, numa curta declaração à imprensa moçambicana no final do encontro com Nyusi, o PCA do VTB disse ter conversado com o chefe do Estado moçambicano “as perspectivas, planos para aumentar a nossa cooperação” com Moçambique. Nesse sentido, uma delegação do banco russo deve visitar Moçambique ainda este ano. Sobre a questão das dívidas (não declaradas), Andrey Kostin afirmou que o assunto foi abordado e “decidimos continuar com as discussões para encontrar as soluções do problema”. Hoje e amanhã, o Presidente moçambicano tem previsto encontros bilaterais com outros chefes de Estados, entre os quais o homólogo Vladimir Putin. Numa curta declaração à imprensa moçambicana no final do encontra com Nyusi, o PCA do VTB disse ter conversado com o chefe do Estado moçambicano sobre “as perspectivas e planos para aumentar a nossa cooperação” com Moçambique. Nesse sentido, uma delegação do banco russo deve visitar Moçambique ainda este ano. Sobre a questão das dívidas (não declaradas), Andrey Kostin afirmou que o assunto foi abordado e “decidimos continuar com as discussões para encontrar as soluções do problema”. Hoje e amanhã, o Presidente moçambicano tem previsto encontros bilaterais com outros Chefes de Estados, entre os quais o homólogo Vladimir Putin. (JOSÉ MACHADO, nosso enviado) Jornal Notícias
