{"version":"1.0","provider_name":"TVM - Televis\u00e3o de Mo\u00e7ambique","provider_url":"https:\/\/www.tvm.co.mz\/novosite","author_name":"Leopoldino Bambo","author_url":"https:\/\/www.tvm.co.mz\/novosite\/author\/lbambo\/","title":"Autocarro arde em plena marcha no Zimpeto - TVM - Televis\u00e3o de Mo\u00e7ambique","type":"rich","width":600,"height":338,"html":"<blockquote class=\"wp-embedded-content\" data-secret=\"XmzkUI2iRX\"><a href=\"https:\/\/www.tvm.co.mz\/novosite\/2019\/10\/23\/autocarro-arde-em-plena-marcha-no-zimpeto\/\">Autocarro arde em plena marcha no Zimpeto<\/a><\/blockquote><iframe sandbox=\"allow-scripts\" security=\"restricted\" src=\"https:\/\/www.tvm.co.mz\/novosite\/2019\/10\/23\/autocarro-arde-em-plena-marcha-no-zimpeto\/embed\/#?secret=XmzkUI2iRX\" width=\"600\" height=\"338\" title=\"&#8220;Autocarro arde em plena marcha no Zimpeto&#8221; &#8212; TVM - Televis\u00e3o de Mo\u00e7ambique\" data-secret=\"XmzkUI2iRX\" frameborder=\"0\" marginwidth=\"0\" marginheight=\"0\" scrolling=\"no\" class=\"wp-embedded-content\"><\/iframe><script>\n\/*! This file is auto-generated *\/\n!function(d,l){\"use strict\";l.querySelector&&d.addEventListener&&\"undefined\"!=typeof URL&&(d.wp=d.wp||{},d.wp.receiveEmbedMessage||(d.wp.receiveEmbedMessage=function(e){var t=e.data;if((t||t.secret||t.message||t.value)&&!\/[^a-zA-Z0-9]\/.test(t.secret)){for(var s,r,n,a=l.querySelectorAll('iframe[data-secret=\"'+t.secret+'\"]'),o=l.querySelectorAll('blockquote[data-secret=\"'+t.secret+'\"]'),c=new RegExp(\"^https?:$\",\"i\"),i=0;i<o.length;i++)o[i].style.display=\"none\";for(i=0;i<a.length;i++)s=a[i],e.source===s.contentWindow&&(s.removeAttribute(\"style\"),\"height\"===t.message?(1e3<(r=parseInt(t.value,10))?r=1e3:~~r<200&&(r=200),s.height=r):\"link\"===t.message&&(r=new URL(s.getAttribute(\"src\")),n=new URL(t.value),c.test(n.protocol))&&n.host===r.host&&l.activeElement===s&&(d.top.location.href=t.value))}},d.addEventListener(\"message\",d.wp.receiveEmbedMessage,!1),l.addEventListener(\"DOMContentLoaded\",function(){for(var e,t,s=l.querySelectorAll(\"iframe.wp-embedded-content\"),r=0;r<s.length;r++)(t=(e=s[r]).getAttribute(\"data-secret\"))||(t=Math.random().toString(36).substring(2,12),e.src+=\"#?secret=\"+t,e.setAttribute(\"data-secret\",t)),e.contentWindow.postMessage({message:\"ready\",secret:t},\"*\")},!1)))}(window,document);\n\/\/# sourceURL=https:\/\/www.tvm.co.mz\/novosite\/wp-includes\/js\/wp-embed.min.js\n<\/script>\n","thumbnail_url":"https:\/\/www.tvm.co.mz\/novosite\/wp-content\/uploads\/2019\/10\/Autocarro-completo.jpg","thumbnail_width":770,"thumbnail_height":500,"description":"Um autocarro de transporte de passageiros que opera na rota Zimpeto-Baixa ardeu, na manh\u00e3 de hoje, em plena marcha na avenida de Mo\u00e7ambique, nas proximidades das bombas de combust\u00edvel localizadas junto ao cruzamento com avenida Nelson Mandela, que d\u00e1 acesso a &#8220;Matendene&#8221;, na cidade de Maputo. A viatura com a chapa de matr\u00edcula AFH 077 MC fazia o trajecto Baixa-Zimpeto, quando um curto circuito provocou o inc\u00eandio, disse o cobrador. Segundo a fonte, quando as chamas deflagraram na viatura n\u00e3o houve registo de feridos entre os passageiros e a tripula\u00e7ao, acrescentando que um curto circuito no motor provocou o incidente. Uma equipa do Servi\u00e7o Nacional de Salva\u00e7\u00e3o P\u00fablica estacionada no Est\u00e1dio Nacional do Zimpeto foi accionada para debelar as chamas que consumiam o autocaarro. Por sua vez, os bombeiros em servi\u00e7o confirmaram que houve um curto circiito nas baterias do autocarro que teria provocado o incidente, sem entretanto, provocar ferimentos aos passageiros e a tripula\u00e7ao. Jornal Not\u00edcias"}

TVM - Televisão de Moçambique

Autocarro arde em plena marcha no Zimpeto - TVM - Televisão de Moçambique

<blockquote class="wp-embedded-content" data-secret="XmzkUI2iRX"><a href="https://www.tvm.co.mz/novosite/2019/10/23/autocarro-arde-em-plena-marcha-no-zimpeto/">Autocarro arde em plena marcha no Zimpeto</a></blockquote><iframe sandbox="allow-scripts" security="restricted" src="https://www.tvm.co.mz/novosite/2019/10/23/autocarro-arde-em-plena-marcha-no-zimpeto/embed/#?secret=XmzkUI2iRX" width="600" height="338" title="&#8220;Autocarro arde em plena marcha no Zimpeto&#8221; &#8212; TVM - Televisão de Moçambique" data-secret="XmzkUI2iRX" frameborder="0" marginwidth="0" marginheight="0" scrolling="no" class="wp-embedded-content"></iframe><script>
/*! This file is auto-generated */
!function(d,l){"use strict";l.querySelector&&d.addEventListener&&"undefined"!=typeof URL&&(d.wp=d.wp||{},d.wp.receiveEmbedMessage||(d.wp.receiveEmbedMessage=function(e){var t=e.data;if((t||t.secret||t.message||t.value)&&!/[^a-zA-Z0-9]/.test(t.secret)){for(var s,r,n,a=l.querySelectorAll('iframe[data-secret="'+t.secret+'"]'),o=l.querySelectorAll('blockquote[data-secret="'+t.secret+'"]'),c=new RegExp("^https?:$","i"),i=0;i<o.length;i++)o[i].style.display="none";for(i=0;i<a.length;i++)s=a[i],e.source===s.contentWindow&&(s.removeAttribute("style"),"height"===t.message?(1e3<(r=parseInt(t.value,10))?r=1e3:~~r<200&&(r=200),s.height=r):"link"===t.message&&(r=new URL(s.getAttribute("src")),n=new URL(t.value),c.test(n.protocol))&&n.host===r.host&&l.activeElement===s&&(d.top.location.href=t.value))}},d.addEventListener("message",d.wp.receiveEmbedMessage,!1),l.addEventListener("DOMContentLoaded",function(){for(var e,t,s=l.querySelectorAll("iframe.wp-embedded-content"),r=0;r<s.length;r++)(t=(e=s[r]).getAttribute("data-secret"))||(t=Math.random().toString(36).substring(2,12),e.src+="#?secret="+t,e.setAttribute("data-secret",t)),e.contentWindow.postMessage({message:"ready",secret:t},"*")},!1)))}(window,document);
//# sourceURL=https://www.tvm.co.mz/novosite/wp-includes/js/wp-embed.min.js
</script>

Um autocarro de transporte de passageiros que opera na rota Zimpeto-Baixa ardeu, na manhã de hoje, em plena marcha na avenida de Moçambique, nas proximidades das bombas de combustível localizadas junto ao cruzamento com avenida Nelson Mandela, que dá acesso a &#8220;Matendene&#8221;, na cidade de Maputo. A viatura com a chapa de matrícula AFH 077 MC fazia o trajecto Baixa-Zimpeto, quando um curto circuito provocou o incêndio, disse o cobrador. Segundo a fonte, quando as chamas deflagraram na viatura não houve registo de feridos entre os passageiros e a tripulaçao, acrescentando que um curto circuito no motor provocou o incidente. Uma equipa do Serviço Nacional de Salvação Pública estacionada no Estádio Nacional do Zimpeto foi accionada para debelar as chamas que consumiam o autocaarro. Por sua vez, os bombeiros em serviço confirmaram que houve um curto circiito nas baterias do autocarro que teria provocado o incidente, sem entretanto, provocar ferimentos aos passageiros e a tripulaçao. Jornal Notícias
