{"version":"1.0","provider_name":"TVM - Televis\u00e3o de Mo\u00e7ambique","provider_url":"https:\/\/www.tvm.co.mz\/novosite","author_name":"Leopoldino Bambo","author_url":"https:\/\/www.tvm.co.mz\/novosite\/author\/lbambo\/","title":"Elei\u00e7\u00f5es na FMF a 14 de Dezembro - TVM - Televis\u00e3o de Mo\u00e7ambique","type":"rich","width":600,"height":338,"html":"<blockquote class=\"wp-embedded-content\" data-secret=\"HnP2ZL4gdl\"><a href=\"https:\/\/www.tvm.co.mz\/novosite\/2019\/09\/30\/eleicoes-na-fmf-a-14-de-dezembro\/\">Elei\u00e7\u00f5es na FMF a 14 de Dezembro<\/a><\/blockquote><iframe sandbox=\"allow-scripts\" security=\"restricted\" src=\"https:\/\/www.tvm.co.mz\/novosite\/2019\/09\/30\/eleicoes-na-fmf-a-14-de-dezembro\/embed\/#?secret=HnP2ZL4gdl\" width=\"600\" height=\"338\" title=\"&#8220;Elei\u00e7\u00f5es na FMF a 14 de Dezembro&#8221; &#8212; TVM - Televis\u00e3o de Mo\u00e7ambique\" data-secret=\"HnP2ZL4gdl\" frameborder=\"0\" marginwidth=\"0\" marginheight=\"0\" scrolling=\"no\" class=\"wp-embedded-content\"><\/iframe><script>\n\/*! This file is auto-generated *\/\n!function(d,l){\"use strict\";l.querySelector&&d.addEventListener&&\"undefined\"!=typeof URL&&(d.wp=d.wp||{},d.wp.receiveEmbedMessage||(d.wp.receiveEmbedMessage=function(e){var t=e.data;if((t||t.secret||t.message||t.value)&&!\/[^a-zA-Z0-9]\/.test(t.secret)){for(var s,r,n,a=l.querySelectorAll('iframe[data-secret=\"'+t.secret+'\"]'),o=l.querySelectorAll('blockquote[data-secret=\"'+t.secret+'\"]'),c=new RegExp(\"^https?:$\",\"i\"),i=0;i<o.length;i++)o[i].style.display=\"none\";for(i=0;i<a.length;i++)s=a[i],e.source===s.contentWindow&&(s.removeAttribute(\"style\"),\"height\"===t.message?(1e3<(r=parseInt(t.value,10))?r=1e3:~~r<200&&(r=200),s.height=r):\"link\"===t.message&&(r=new URL(s.getAttribute(\"src\")),n=new URL(t.value),c.test(n.protocol))&&n.host===r.host&&l.activeElement===s&&(d.top.location.href=t.value))}},d.addEventListener(\"message\",d.wp.receiveEmbedMessage,!1),l.addEventListener(\"DOMContentLoaded\",function(){for(var e,t,s=l.querySelectorAll(\"iframe.wp-embedded-content\"),r=0;r<s.length;r++)(t=(e=s[r]).getAttribute(\"data-secret\"))||(t=Math.random().toString(36).substring(2,12),e.src+=\"#?secret=\"+t,e.setAttribute(\"data-secret\",t)),e.contentWindow.postMessage({message:\"ready\",secret:t},\"*\")},!1)))}(window,document);\n\/\/# sourceURL=https:\/\/www.tvm.co.mz\/novosite\/wp-includes\/js\/wp-embed.min.js\n<\/script>\n","thumbnail_url":"https:\/\/www.tvm.co.mz\/novosite\/wp-content\/uploads\/2019\/09\/FMF.gif","thumbnail_width":770,"thumbnail_height":506,"description":"AS elei\u00e7\u00f5es da nova direc\u00e7\u00e3o da Federa\u00e7\u00e3o Mo\u00e7ambicana de Futebol (FMF) ter\u00e3o lugar a 14 de Dezembro pr\u00f3ximo, conforme decis\u00e3o da Assembleia Geral ordin\u00e1ria realizada sexta-feira em Maputo. A data foi proposta pela direc\u00e7\u00e3o liderada por Alberto Simango Jr., a qual justificou que \u00e9 o per\u00edodo ideal,atendendo que em Novembro os \u201cMambas\u201dter\u00e3o dois jogos inseridos nas eliminat\u00f3rias de qualifica\u00e7\u00e3o \u00e0 fase final do CAN 2020, em Maputo, diante do Ruanda, e na cidade da Praia, contra Cabo Verde. Alberto Simango Jr. observou que seria complicado realizar as elei\u00e7\u00f5es antes dos dois desafios,como sugeriram algumas associa\u00e7\u00f5es, apontando a necessidade de preparar os jogos da melhor formapara a qualifica\u00e7\u00e3o da equipa. Assim, as elei\u00e7\u00f5es ser\u00e3o convocadas durante o m\u00eas de Novembro para permitir que os interessados se preparem devidamente. A Assembleia Geral tamb\u00e9m apreciou outros pontos, como o relat\u00f3rio de actividades de 2018, plano de actividades e relat\u00f3rio de 2019 e respectivo or\u00e7amento, o regulamento revisto do licenciamento de clubes e ainda o pedido de ren\u00fancia de Feizal Sidat do cargo de presidente honor\u00e1rio da FMF. Todos documentos foram aprovados por maioria, tendo merecido aceso debate o plano de actividades, relat\u00f3rio e or\u00e7amento de 2019, porque as associa\u00e7\u00f5es alegavam que as actividades ainda est\u00e3o em curso e n\u00e3o tiveram oportunidade de apreciar este documento antesdo encontro. Jornal Not\u00edcias"}

TVM - Televisão de Moçambique

Eleições na FMF a 14 de Dezembro - TVM - Televisão de Moçambique

<blockquote class="wp-embedded-content" data-secret="HnP2ZL4gdl"><a href="https://www.tvm.co.mz/novosite/2019/09/30/eleicoes-na-fmf-a-14-de-dezembro/">Eleições na FMF a 14 de Dezembro</a></blockquote><iframe sandbox="allow-scripts" security="restricted" src="https://www.tvm.co.mz/novosite/2019/09/30/eleicoes-na-fmf-a-14-de-dezembro/embed/#?secret=HnP2ZL4gdl" width="600" height="338" title="&#8220;Eleições na FMF a 14 de Dezembro&#8221; &#8212; TVM - Televisão de Moçambique" data-secret="HnP2ZL4gdl" frameborder="0" marginwidth="0" marginheight="0" scrolling="no" class="wp-embedded-content"></iframe><script>
/*! This file is auto-generated */
!function(d,l){"use strict";l.querySelector&&d.addEventListener&&"undefined"!=typeof URL&&(d.wp=d.wp||{},d.wp.receiveEmbedMessage||(d.wp.receiveEmbedMessage=function(e){var t=e.data;if((t||t.secret||t.message||t.value)&&!/[^a-zA-Z0-9]/.test(t.secret)){for(var s,r,n,a=l.querySelectorAll('iframe[data-secret="'+t.secret+'"]'),o=l.querySelectorAll('blockquote[data-secret="'+t.secret+'"]'),c=new RegExp("^https?:$","i"),i=0;i<o.length;i++)o[i].style.display="none";for(i=0;i<a.length;i++)s=a[i],e.source===s.contentWindow&&(s.removeAttribute("style"),"height"===t.message?(1e3<(r=parseInt(t.value,10))?r=1e3:~~r<200&&(r=200),s.height=r):"link"===t.message&&(r=new URL(s.getAttribute("src")),n=new URL(t.value),c.test(n.protocol))&&n.host===r.host&&l.activeElement===s&&(d.top.location.href=t.value))}},d.addEventListener("message",d.wp.receiveEmbedMessage,!1),l.addEventListener("DOMContentLoaded",function(){for(var e,t,s=l.querySelectorAll("iframe.wp-embedded-content"),r=0;r<s.length;r++)(t=(e=s[r]).getAttribute("data-secret"))||(t=Math.random().toString(36).substring(2,12),e.src+="#?secret="+t,e.setAttribute("data-secret",t)),e.contentWindow.postMessage({message:"ready",secret:t},"*")},!1)))}(window,document);
//# sourceURL=https://www.tvm.co.mz/novosite/wp-includes/js/wp-embed.min.js
</script>

AS eleições da nova direcção da Federação Moçambicana de Futebol (FMF) terão lugar a 14 de Dezembro próximo, conforme decisão da Assembleia Geral ordinária realizada sexta-feira em Maputo. A data foi proposta pela direcção liderada por Alberto Simango Jr., a qual justificou que é o período ideal,atendendo que em Novembro os “Mambas”terão dois jogos inseridos nas eliminatórias de qualificação à fase final do CAN 2020, em Maputo, diante do Ruanda, e na cidade da Praia, contra Cabo Verde. Alberto Simango Jr. observou que seria complicado realizar as eleições antes dos dois desafios,como sugeriram algumas associações, apontando a necessidade de preparar os jogos da melhor formapara a qualificação da equipa. Assim, as eleições serão convocadas durante o mês de Novembro para permitir que os interessados se preparem devidamente. A Assembleia Geral também apreciou outros pontos, como o relatório de actividades de 2018, plano de actividades e relatório de 2019 e respectivo orçamento, o regulamento revisto do licenciamento de clubes e ainda o pedido de renúncia de Feizal Sidat do cargo de presidente honorário da FMF. Todos documentos foram aprovados por maioria, tendo merecido aceso debate o plano de actividades, relatório e orçamento de 2019, porque as associações alegavam que as actividades ainda estão em curso e não tiveram oportunidade de apreciar este documento antesdo encontro. Jornal Notícias
