{"version":"1.0","provider_name":"TVM - Televis\u00e3o de Mo\u00e7ambique","provider_url":"https:\/\/www.tvm.co.mz\/novosite","author_name":"Leopoldino Bambo","author_url":"https:\/\/www.tvm.co.mz\/novosite\/author\/lbambo\/","title":"Tr\u00e1fego condicionado na avenida marginal - TVM - Televis\u00e3o de Mo\u00e7ambique","type":"rich","width":600,"height":338,"html":"<blockquote class=\"wp-embedded-content\" data-secret=\"YDNQesqTlm\"><a href=\"https:\/\/www.tvm.co.mz\/novosite\/2019\/07\/18\/trafego-condicionado-na-avenida-marginal\/\">Tr\u00e1fego condicionado na avenida marginal<\/a><\/blockquote><iframe sandbox=\"allow-scripts\" security=\"restricted\" src=\"https:\/\/www.tvm.co.mz\/novosite\/2019\/07\/18\/trafego-condicionado-na-avenida-marginal\/embed\/#?secret=YDNQesqTlm\" width=\"600\" height=\"338\" title=\"&#8220;Tr\u00e1fego condicionado na avenida marginal&#8221; &#8212; TVM - Televis\u00e3o de Mo\u00e7ambique\" data-secret=\"YDNQesqTlm\" frameborder=\"0\" marginwidth=\"0\" marginheight=\"0\" scrolling=\"no\" class=\"wp-embedded-content\"><\/iframe><script>\n\/*! This file is auto-generated *\/\n!function(d,l){\"use strict\";l.querySelector&&d.addEventListener&&\"undefined\"!=typeof URL&&(d.wp=d.wp||{},d.wp.receiveEmbedMessage||(d.wp.receiveEmbedMessage=function(e){var t=e.data;if((t||t.secret||t.message||t.value)&&!\/[^a-zA-Z0-9]\/.test(t.secret)){for(var s,r,n,a=l.querySelectorAll('iframe[data-secret=\"'+t.secret+'\"]'),o=l.querySelectorAll('blockquote[data-secret=\"'+t.secret+'\"]'),c=new RegExp(\"^https?:$\",\"i\"),i=0;i<o.length;i++)o[i].style.display=\"none\";for(i=0;i<a.length;i++)s=a[i],e.source===s.contentWindow&&(s.removeAttribute(\"style\"),\"height\"===t.message?(1e3<(r=parseInt(t.value,10))?r=1e3:~~r<200&&(r=200),s.height=r):\"link\"===t.message&&(r=new URL(s.getAttribute(\"src\")),n=new URL(t.value),c.test(n.protocol))&&n.host===r.host&&l.activeElement===s&&(d.top.location.href=t.value))}},d.addEventListener(\"message\",d.wp.receiveEmbedMessage,!1),l.addEventListener(\"DOMContentLoaded\",function(){for(var e,t,s=l.querySelectorAll(\"iframe.wp-embedded-content\"),r=0;r<s.length;r++)(t=(e=s[r]).getAttribute(\"data-secret\"))||(t=Math.random().toString(36).substring(2,12),e.src+=\"#?secret=\"+t,e.setAttribute(\"data-secret\",t)),e.contentWindow.postMessage({message:\"ready\",secret:t},\"*\")},!1)))}(window,document);\n\/\/# sourceURL=https:\/\/www.tvm.co.mz\/novosite\/wp-includes\/js\/wp-embed.min.js\n<\/script>\n","thumbnail_url":"https:\/\/www.tvm.co.mz\/novosite\/wp-content\/uploads\/2019\/07\/Circular.gif","thumbnail_width":770,"thumbnail_height":433,"description":"O tr\u00e1fego na Avenida Marginal, no tro\u00e7o entre o Centro de Confer\u00eancias Joaquim Chissano e a Rua do Palmar (antigo Mercado do Peixe), estar\u00e1 condicionado, a partir das 20 horas de amanha e por um per\u00edodo de nove (9) dias, para dar lugar a constru\u00e7\u00e3o de duas estruturas de drenagem de \u00e1guas pluviais, das \u00e1reas circunvizinhas do novo Complexo da Embaixada dos Estados Unidos da Am\u00e9rica. O Conselho Municipal de Maputo (CMM) e a Comiss\u00e3o de Implementa\u00e7\u00e3o da extin\u00e7\u00e3o da Empresa de Desenvolvimento de Maputo Sul, E.P. (EDMS) deram conta que o tro\u00e7o estar\u00e1 interdito totalmente amanh\u00e3 e depois (s\u00e1bado e domingo) e a 27 e 28 de Julho. Nos restantes dias estar\u00e1 condicionado das 5.30 \u00e0s 20 horas e fechado no restante per\u00edodo. A retoma da circula\u00e7\u00e3o normal est\u00e1 prevista para o pr\u00f3ximo dia 29 de Julho. Para garantir uma circula\u00e7\u00e3o segura de ve\u00edculos durante o per\u00edodo, ser\u00e1 observado o plano de gest\u00e3o de tr\u00e1fego, projectado para efeito."}

TVM - Televisão de Moçambique

Tráfego condicionado na avenida marginal - TVM - Televisão de Moçambique

<blockquote class="wp-embedded-content" data-secret="YDNQesqTlm"><a href="https://www.tvm.co.mz/novosite/2019/07/18/trafego-condicionado-na-avenida-marginal/">Tráfego condicionado na avenida marginal</a></blockquote><iframe sandbox="allow-scripts" security="restricted" src="https://www.tvm.co.mz/novosite/2019/07/18/trafego-condicionado-na-avenida-marginal/embed/#?secret=YDNQesqTlm" width="600" height="338" title="&#8220;Tráfego condicionado na avenida marginal&#8221; &#8212; TVM - Televisão de Moçambique" data-secret="YDNQesqTlm" frameborder="0" marginwidth="0" marginheight="0" scrolling="no" class="wp-embedded-content"></iframe><script>
/*! This file is auto-generated */
!function(d,l){"use strict";l.querySelector&&d.addEventListener&&"undefined"!=typeof URL&&(d.wp=d.wp||{},d.wp.receiveEmbedMessage||(d.wp.receiveEmbedMessage=function(e){var t=e.data;if((t||t.secret||t.message||t.value)&&!/[^a-zA-Z0-9]/.test(t.secret)){for(var s,r,n,a=l.querySelectorAll('iframe[data-secret="'+t.secret+'"]'),o=l.querySelectorAll('blockquote[data-secret="'+t.secret+'"]'),c=new RegExp("^https?:$","i"),i=0;i<o.length;i++)o[i].style.display="none";for(i=0;i<a.length;i++)s=a[i],e.source===s.contentWindow&&(s.removeAttribute("style"),"height"===t.message?(1e3<(r=parseInt(t.value,10))?r=1e3:~~r<200&&(r=200),s.height=r):"link"===t.message&&(r=new URL(s.getAttribute("src")),n=new URL(t.value),c.test(n.protocol))&&n.host===r.host&&l.activeElement===s&&(d.top.location.href=t.value))}},d.addEventListener("message",d.wp.receiveEmbedMessage,!1),l.addEventListener("DOMContentLoaded",function(){for(var e,t,s=l.querySelectorAll("iframe.wp-embedded-content"),r=0;r<s.length;r++)(t=(e=s[r]).getAttribute("data-secret"))||(t=Math.random().toString(36).substring(2,12),e.src+="#?secret="+t,e.setAttribute("data-secret",t)),e.contentWindow.postMessage({message:"ready",secret:t},"*")},!1)))}(window,document);
//# sourceURL=https://www.tvm.co.mz/novosite/wp-includes/js/wp-embed.min.js
</script>

O tráfego na Avenida Marginal, no troço entre o Centro de Conferências Joaquim Chissano e a Rua do Palmar (antigo Mercado do Peixe), estará condicionado, a partir das 20 horas de amanha e por um período de nove (9) dias, para dar lugar a construção de duas estruturas de drenagem de águas pluviais, das áreas circunvizinhas do novo Complexo da Embaixada dos Estados Unidos da América. O Conselho Municipal de Maputo (CMM) e a Comissão de Implementação da extinção da Empresa de Desenvolvimento de Maputo Sul, E.P. (EDMS) deram conta que o troço estará interdito totalmente amanhã e depois (sábado e domingo) e a 27 e 28 de Julho. Nos restantes dias estará condicionado das 5.30 às 20 horas e fechado no restante período. A retoma da circulação normal está prevista para o próximo dia 29 de Julho. Para garantir uma circulação segura de veículos durante o período, será observado o plano de gestão de tráfego, projectado para efeito.
