{"version":"1.0","provider_name":"TVM - Televis\u00e3o de Mo\u00e7ambique","provider_url":"https:\/\/www.tvm.co.mz\/novosite","author_name":"Leopoldino Bambo","author_url":"https:\/\/www.tvm.co.mz\/novosite\/author\/lbambo\/","title":"Julgamento de Julius Malema adiado para Setembro - TVM - Televis\u00e3o de Mo\u00e7ambique","type":"rich","width":600,"height":338,"html":"<blockquote class=\"wp-embedded-content\" data-secret=\"zCyH7rYWEB\"><a href=\"https:\/\/www.tvm.co.mz\/novosite\/2019\/07\/09\/julgamento-de-julius-malema-adiado-para-setembro\/\">Julgamento de Julius Malema adiado para Setembro<\/a><\/blockquote><iframe sandbox=\"allow-scripts\" security=\"restricted\" src=\"https:\/\/www.tvm.co.mz\/novosite\/2019\/07\/09\/julgamento-de-julius-malema-adiado-para-setembro\/embed\/#?secret=zCyH7rYWEB\" width=\"600\" height=\"338\" title=\"&#8220;Julgamento de Julius Malema adiado para Setembro&#8221; &#8212; TVM - Televis\u00e3o de Mo\u00e7ambique\" data-secret=\"zCyH7rYWEB\" frameborder=\"0\" marginwidth=\"0\" marginheight=\"0\" scrolling=\"no\" class=\"wp-embedded-content\"><\/iframe><script>\n\/*! This file is auto-generated *\/\n!function(d,l){\"use strict\";l.querySelector&&d.addEventListener&&\"undefined\"!=typeof URL&&(d.wp=d.wp||{},d.wp.receiveEmbedMessage||(d.wp.receiveEmbedMessage=function(e){var t=e.data;if((t||t.secret||t.message||t.value)&&!\/[^a-zA-Z0-9]\/.test(t.secret)){for(var s,r,n,a=l.querySelectorAll('iframe[data-secret=\"'+t.secret+'\"]'),o=l.querySelectorAll('blockquote[data-secret=\"'+t.secret+'\"]'),c=new RegExp(\"^https?:$\",\"i\"),i=0;i<o.length;i++)o[i].style.display=\"none\";for(i=0;i<a.length;i++)s=a[i],e.source===s.contentWindow&&(s.removeAttribute(\"style\"),\"height\"===t.message?(1e3<(r=parseInt(t.value,10))?r=1e3:~~r<200&&(r=200),s.height=r):\"link\"===t.message&&(r=new URL(s.getAttribute(\"src\")),n=new URL(t.value),c.test(n.protocol))&&n.host===r.host&&l.activeElement===s&&(d.top.location.href=t.value))}},d.addEventListener(\"message\",d.wp.receiveEmbedMessage,!1),l.addEventListener(\"DOMContentLoaded\",function(){for(var e,t,s=l.querySelectorAll(\"iframe.wp-embedded-content\"),r=0;r<s.length;r++)(t=(e=s[r]).getAttribute(\"data-secret\"))||(t=Math.random().toString(36).substring(2,12),e.src+=\"#?secret=\"+t,e.setAttribute(\"data-secret\",t)),e.contentWindow.postMessage({message:\"ready\",secret:t},\"*\")},!1)))}(window,document);\n\/\/# sourceURL=https:\/\/www.tvm.co.mz\/novosite\/wp-includes\/js\/wp-embed.min.js\n<\/script>\n","thumbnail_url":"https:\/\/www.tvm.co.mz\/novosite\/wp-content\/uploads\/2019\/07\/Malema-696x377.jpg","thumbnail_width":696,"thumbnail_height":377,"description":"O julgamento do l\u00edder do partido sul-africano Economic Freedom Fighters (EFF), Julius Malema, acusado de violar a Lei de Encontros Desordeiros, foi adiado para 09 de Setembro, noticiou ontem a imprensa local. Os advogados de Malema compareceram, ontem, no tribunal de Newcastle, prov\u00edncia de KwaZulu-Natal, encarregue do processo motivado por afirma\u00e7\u00f5es do opositor num congresso do EFF em Junho de 2016. Malema disse ent\u00e3o, aos seus apoiantes, para ocuparem as terras, que pertenciam aos negros e que os brancos n\u00e3o podiam reclamar a propriedade de terrenos da \u00c1frica do Sul, segundo o di\u00e1rio sul-africano \u201cTimesLive\u201d. O opositor tinha sido acusado do mesmo crime em Bloemfontain, depois de fazer declara\u00e7\u00f5es semelhantes em 2014. Num pedido feito ao Supremo Tribunal em Pret\u00f3ria, Malema pediu a anula\u00e7\u00e3o da Lei de Encontros Desordeiros. Segundo o \u201cTimesLive\u201d, o EFF deve abordar o Tribunal Constitucional sul-africano, para que a lei seja considerada inconstitucional."}

TVM - Televisão de Moçambique

Julgamento de Julius Malema adiado para Setembro - TVM - Televisão de Moçambique

<blockquote class="wp-embedded-content" data-secret="zCyH7rYWEB"><a href="https://www.tvm.co.mz/novosite/2019/07/09/julgamento-de-julius-malema-adiado-para-setembro/">Julgamento de Julius Malema adiado para Setembro</a></blockquote><iframe sandbox="allow-scripts" security="restricted" src="https://www.tvm.co.mz/novosite/2019/07/09/julgamento-de-julius-malema-adiado-para-setembro/embed/#?secret=zCyH7rYWEB" width="600" height="338" title="&#8220;Julgamento de Julius Malema adiado para Setembro&#8221; &#8212; TVM - Televisão de Moçambique" data-secret="zCyH7rYWEB" frameborder="0" marginwidth="0" marginheight="0" scrolling="no" class="wp-embedded-content"></iframe><script>
/*! This file is auto-generated */
!function(d,l){"use strict";l.querySelector&&d.addEventListener&&"undefined"!=typeof URL&&(d.wp=d.wp||{},d.wp.receiveEmbedMessage||(d.wp.receiveEmbedMessage=function(e){var t=e.data;if((t||t.secret||t.message||t.value)&&!/[^a-zA-Z0-9]/.test(t.secret)){for(var s,r,n,a=l.querySelectorAll('iframe[data-secret="'+t.secret+'"]'),o=l.querySelectorAll('blockquote[data-secret="'+t.secret+'"]'),c=new RegExp("^https?:$","i"),i=0;i<o.length;i++)o[i].style.display="none";for(i=0;i<a.length;i++)s=a[i],e.source===s.contentWindow&&(s.removeAttribute("style"),"height"===t.message?(1e3<(r=parseInt(t.value,10))?r=1e3:~~r<200&&(r=200),s.height=r):"link"===t.message&&(r=new URL(s.getAttribute("src")),n=new URL(t.value),c.test(n.protocol))&&n.host===r.host&&l.activeElement===s&&(d.top.location.href=t.value))}},d.addEventListener("message",d.wp.receiveEmbedMessage,!1),l.addEventListener("DOMContentLoaded",function(){for(var e,t,s=l.querySelectorAll("iframe.wp-embedded-content"),r=0;r<s.length;r++)(t=(e=s[r]).getAttribute("data-secret"))||(t=Math.random().toString(36).substring(2,12),e.src+="#?secret="+t,e.setAttribute("data-secret",t)),e.contentWindow.postMessage({message:"ready",secret:t},"*")},!1)))}(window,document);
//# sourceURL=https://www.tvm.co.mz/novosite/wp-includes/js/wp-embed.min.js
</script>

O julgamento do líder do partido sul-africano Economic Freedom Fighters (EFF), Julius Malema, acusado de violar a Lei de Encontros Desordeiros, foi adiado para 09 de Setembro, noticiou ontem a imprensa local. Os advogados de Malema compareceram, ontem, no tribunal de Newcastle, província de KwaZulu-Natal, encarregue do processo motivado por afirmações do opositor num congresso do EFF em Junho de 2016. Malema disse então, aos seus apoiantes, para ocuparem as terras, que pertenciam aos negros e que os brancos não podiam reclamar a propriedade de terrenos da África do Sul, segundo o diário sul-africano “TimesLive”. O opositor tinha sido acusado do mesmo crime em Bloemfontain, depois de fazer declarações semelhantes em 2014. Num pedido feito ao Supremo Tribunal em Pretória, Malema pediu a anulação da Lei de Encontros Desordeiros. Segundo o “TimesLive”, o EFF deve abordar o Tribunal Constitucional sul-africano, para que a lei seja considerada inconstitucional.
