{"version":"1.0","provider_name":"TVM - Televis\u00e3o de Mo\u00e7ambique","provider_url":"https:\/\/www.tvm.co.mz\/novosite","author_name":"Leopoldino Bambo","author_url":"https:\/\/www.tvm.co.mz\/novosite\/author\/lbambo\/","title":"Migra\u00e7\u00e3o Digital: PM recomenda cumprimento de prazos - TVM - Televis\u00e3o de Mo\u00e7ambique","type":"rich","width":600,"height":338,"html":"<blockquote class=\"wp-embedded-content\" data-secret=\"BHpMOMp0w3\"><a href=\"https:\/\/www.tvm.co.mz\/novosite\/2019\/07\/04\/migracao-digital-pm-recomenda-cumprimento-de-prazos-2\/\">Migra\u00e7\u00e3o Digital: PM recomenda cumprimento de prazos<\/a><\/blockquote><iframe sandbox=\"allow-scripts\" security=\"restricted\" src=\"https:\/\/www.tvm.co.mz\/novosite\/2019\/07\/04\/migracao-digital-pm-recomenda-cumprimento-de-prazos-2\/embed\/#?secret=BHpMOMp0w3\" width=\"600\" height=\"338\" title=\"&#8220;Migra\u00e7\u00e3o Digital: PM recomenda cumprimento de prazos&#8221; &#8212; TVM - Televis\u00e3o de Mo\u00e7ambique\" data-secret=\"BHpMOMp0w3\" frameborder=\"0\" marginwidth=\"0\" marginheight=\"0\" scrolling=\"no\" class=\"wp-embedded-content\"><\/iframe><script>\n\/*! This file is auto-generated *\/\n!function(d,l){\"use strict\";l.querySelector&&d.addEventListener&&\"undefined\"!=typeof URL&&(d.wp=d.wp||{},d.wp.receiveEmbedMessage||(d.wp.receiveEmbedMessage=function(e){var t=e.data;if((t||t.secret||t.message||t.value)&&!\/[^a-zA-Z0-9]\/.test(t.secret)){for(var s,r,n,a=l.querySelectorAll('iframe[data-secret=\"'+t.secret+'\"]'),o=l.querySelectorAll('blockquote[data-secret=\"'+t.secret+'\"]'),c=new RegExp(\"^https?:$\",\"i\"),i=0;i<o.length;i++)o[i].style.display=\"none\";for(i=0;i<a.length;i++)s=a[i],e.source===s.contentWindow&&(s.removeAttribute(\"style\"),\"height\"===t.message?(1e3<(r=parseInt(t.value,10))?r=1e3:~~r<200&&(r=200),s.height=r):\"link\"===t.message&&(r=new URL(s.getAttribute(\"src\")),n=new URL(t.value),c.test(n.protocol))&&n.host===r.host&&l.activeElement===s&&(d.top.location.href=t.value))}},d.addEventListener(\"message\",d.wp.receiveEmbedMessage,!1),l.addEventListener(\"DOMContentLoaded\",function(){for(var e,t,s=l.querySelectorAll(\"iframe.wp-embedded-content\"),r=0;r<s.length;r++)(t=(e=s[r]).getAttribute(\"data-secret\"))||(t=Math.random().toString(36).substring(2,12),e.src+=\"#?secret=\"+t,e.setAttribute(\"data-secret\",t)),e.contentWindow.postMessage({message:\"ready\",secret:t},\"*\")},!1)))}(window,document);\n\/\/# sourceURL=https:\/\/www.tvm.co.mz\/novosite\/wp-includes\/js\/wp-embed.min.js\n<\/script>\n","thumbnail_url":"https:\/\/www.tvm.co.mz\/novosite\/wp-content\/uploads\/2019\/07\/img074674-135-20180313-055816.jpg","thumbnail_width":749,"thumbnail_height":500,"description":"O PRIMEIRO-MINISTRO Carlos Agostinho do Ros\u00e1rio recomendou ontem ao Gabinete de Informa\u00e7\u00e3o (GABINFO) e outros intervenientes no processo de migra\u00e7\u00e3o digital a assegurar o cumprimento dos prazos estabelecidos e celeridade nestas transforma\u00e7\u00f5es.S\u00f3 assim, segundo o PM, poder\u00e1 criar-se condi\u00e7\u00f5es necess\u00e1rias para que os mo\u00e7ambicanos beneficiem das vantagens tecnol\u00f3gicas da mudan\u00e7a, com destaque para robustez e qualidade na transmiss\u00e3o do sinal, facilidade de produ\u00e7\u00e3o de conte\u00fados para v\u00e1rias plataformas de comunica\u00e7\u00e3o e espa\u00e7o para mais canais de r\u00e1dio e televis\u00e3o.&nbsp;Falando na abertura do X Conselho Consultivo do GABINFO, que decorre desde ontem, no distrito de Boane, Carlos Agostinho do Ros\u00e1rio instou para o aprofundamento da quest\u00e3o da cria\u00e7\u00e3o de um regulador da comunica\u00e7\u00e3o social, devendo prever a ausculta\u00e7\u00e3o das diferentes sensibilidades que ir\u00e3o cimentar os consensos sobre as modalidades, atribui\u00e7\u00f5es e compet\u00eancias desse \u00f3rg\u00e3o.Aos \u00f3rg\u00e3os p\u00fablicos de informa\u00e7\u00e3o, o PM lan\u00e7ou um desafio no sentido de estarem na vanguarda na nobre miss\u00e3o de garantir a dissemina\u00e7\u00e3o de informa\u00e7\u00e3o de forma isenta, respons\u00e1vel e com objectividade. Neste exerc\u00edcio e considerando que o pa\u00eds est\u00e1 a preparar-se para entrar no per\u00edodo eleitoral, Do Ros\u00e1rio afirmou que os \u00f3rg\u00e3os da comunica\u00e7\u00e3o social s\u00e3o igualmente chamados a redobrar esfor\u00e7os para uma maior divulga\u00e7\u00e3o e amplifica\u00e7\u00e3o das mensagens de educa\u00e7\u00e3o c\u00edvica junto do potencial eleitorado em todo territ\u00f3rio nacional.Prometeu o cont\u00ednuo apoio do Governo para o fortalecimento do sector p\u00fablico da comunica\u00e7\u00e3o social. Contudo, apelou para a necessidade de uma maior racionaliza\u00e7\u00e3o e transpar\u00eancia no uso dos recursos que s\u00e3o alocados para assegurar o normal funcionamento das institui\u00e7\u00f5es p\u00fablicas de comunica\u00e7\u00e3o socialEntretanto, Em\u00edlia Moiane, Directora do GABINFO, considerou que por ser um ano eleitoral at\u00edpico, com a introdu\u00e7\u00e3o do processo de elei\u00e7\u00e3o dos governadores provinciais, os \u00f3rg\u00e3os p\u00fablicos, nomeadamente a R\u00e1dio e Televis\u00e3o de Mo\u00e7ambique, t\u00eam responsabilidades acrescidas de garantir a cobertura e tempos de antena de modo que os mo\u00e7ambicanos possam acompanhar com perfei\u00e7\u00e3o o processo."}

TVM - Televisão de Moçambique

Migração Digital: PM recomenda cumprimento de prazos - TVM - Televisão de Moçambique

<blockquote class="wp-embedded-content" data-secret="BHpMOMp0w3"><a href="https://www.tvm.co.mz/novosite/2019/07/04/migracao-digital-pm-recomenda-cumprimento-de-prazos-2/">Migração Digital: PM recomenda cumprimento de prazos</a></blockquote><iframe sandbox="allow-scripts" security="restricted" src="https://www.tvm.co.mz/novosite/2019/07/04/migracao-digital-pm-recomenda-cumprimento-de-prazos-2/embed/#?secret=BHpMOMp0w3" width="600" height="338" title="&#8220;Migração Digital: PM recomenda cumprimento de prazos&#8221; &#8212; TVM - Televisão de Moçambique" data-secret="BHpMOMp0w3" frameborder="0" marginwidth="0" marginheight="0" scrolling="no" class="wp-embedded-content"></iframe><script>
/*! This file is auto-generated */
!function(d,l){"use strict";l.querySelector&&d.addEventListener&&"undefined"!=typeof URL&&(d.wp=d.wp||{},d.wp.receiveEmbedMessage||(d.wp.receiveEmbedMessage=function(e){var t=e.data;if((t||t.secret||t.message||t.value)&&!/[^a-zA-Z0-9]/.test(t.secret)){for(var s,r,n,a=l.querySelectorAll('iframe[data-secret="'+t.secret+'"]'),o=l.querySelectorAll('blockquote[data-secret="'+t.secret+'"]'),c=new RegExp("^https?:$","i"),i=0;i<o.length;i++)o[i].style.display="none";for(i=0;i<a.length;i++)s=a[i],e.source===s.contentWindow&&(s.removeAttribute("style"),"height"===t.message?(1e3<(r=parseInt(t.value,10))?r=1e3:~~r<200&&(r=200),s.height=r):"link"===t.message&&(r=new URL(s.getAttribute("src")),n=new URL(t.value),c.test(n.protocol))&&n.host===r.host&&l.activeElement===s&&(d.top.location.href=t.value))}},d.addEventListener("message",d.wp.receiveEmbedMessage,!1),l.addEventListener("DOMContentLoaded",function(){for(var e,t,s=l.querySelectorAll("iframe.wp-embedded-content"),r=0;r<s.length;r++)(t=(e=s[r]).getAttribute("data-secret"))||(t=Math.random().toString(36).substring(2,12),e.src+="#?secret="+t,e.setAttribute("data-secret",t)),e.contentWindow.postMessage({message:"ready",secret:t},"*")},!1)))}(window,document);
//# sourceURL=https://www.tvm.co.mz/novosite/wp-includes/js/wp-embed.min.js
</script>

O PRIMEIRO-MINISTRO Carlos Agostinho do Rosário recomendou ontem ao Gabinete de Informação (GABINFO) e outros intervenientes no processo de migração digital a assegurar o cumprimento dos prazos estabelecidos e celeridade nestas transformações.Só assim, segundo o PM, poderá criar-se condições necessárias para que os moçambicanos beneficiem das vantagens tecnológicas da mudança, com destaque para robustez e qualidade na transmissão do sinal, facilidade de produção de conteúdos para várias plataformas de comunicação e espaço para mais canais de rádio e televisão.&nbsp;Falando na abertura do X Conselho Consultivo do GABINFO, que decorre desde ontem, no distrito de Boane, Carlos Agostinho do Rosário instou para o aprofundamento da questão da criação de um regulador da comunicação social, devendo prever a auscultação das diferentes sensibilidades que irão cimentar os consensos sobre as modalidades, atribuições e competências desse órgão.Aos órgãos públicos de informação, o PM lançou um desafio no sentido de estarem na vanguarda na nobre missão de garantir a disseminação de informação de forma isenta, responsável e com objectividade. Neste exercício e considerando que o país está a preparar-se para entrar no período eleitoral, Do Rosário afirmou que os órgãos da comunicação social são igualmente chamados a redobrar esforços para uma maior divulgação e amplificação das mensagens de educação cívica junto do potencial eleitorado em todo território nacional.Prometeu o contínuo apoio do Governo para o fortalecimento do sector público da comunicação social. Contudo, apelou para a necessidade de uma maior racionalização e transparência no uso dos recursos que são alocados para assegurar o normal funcionamento das instituições públicas de comunicação socialEntretanto, Emília Moiane, Directora do GABINFO, considerou que por ser um ano eleitoral atípico, com a introdução do processo de eleição dos governadores provinciais, os órgãos públicos, nomeadamente a Rádio e Televisão de Moçambique, têm responsabilidades acrescidas de garantir a cobertura e tempos de antena de modo que os moçambicanos possam acompanhar com perfeição o processo.
