{"version":"1.0","provider_name":"TVM - Televis\u00e3o de Mo\u00e7ambique","provider_url":"https:\/\/www.tvm.co.mz\/novosite","author_name":"Leopoldino Bambo","author_url":"https:\/\/www.tvm.co.mz\/novosite\/author\/lbambo\/","title":"FMI elogia gest\u00e3o da d\u00edvida p\u00fablica - TVM - Televis\u00e3o de Mo\u00e7ambique","type":"rich","width":600,"height":338,"html":"<blockquote class=\"wp-embedded-content\" data-secret=\"Vn9DGu5qTy\"><a href=\"https:\/\/www.tvm.co.mz\/novosite\/2019\/06\/10\/fmi-elogia-gestao-da-divida-publica\/\">FMI elogia gest\u00e3o da d\u00edvida p\u00fablica<\/a><\/blockquote><iframe sandbox=\"allow-scripts\" security=\"restricted\" src=\"https:\/\/www.tvm.co.mz\/novosite\/2019\/06\/10\/fmi-elogia-gestao-da-divida-publica\/embed\/#?secret=Vn9DGu5qTy\" width=\"600\" height=\"338\" title=\"&#8220;FMI elogia gest\u00e3o da d\u00edvida p\u00fablica&#8221; &#8212; TVM - Televis\u00e3o de Mo\u00e7ambique\" data-secret=\"Vn9DGu5qTy\" frameborder=\"0\" marginwidth=\"0\" marginheight=\"0\" scrolling=\"no\" class=\"wp-embedded-content\"><\/iframe><script>\n\/*! This file is auto-generated *\/\n!function(d,l){\"use strict\";l.querySelector&&d.addEventListener&&\"undefined\"!=typeof URL&&(d.wp=d.wp||{},d.wp.receiveEmbedMessage||(d.wp.receiveEmbedMessage=function(e){var t=e.data;if((t||t.secret||t.message||t.value)&&!\/[^a-zA-Z0-9]\/.test(t.secret)){for(var s,r,n,a=l.querySelectorAll('iframe[data-secret=\"'+t.secret+'\"]'),o=l.querySelectorAll('blockquote[data-secret=\"'+t.secret+'\"]'),c=new RegExp(\"^https?:$\",\"i\"),i=0;i<o.length;i++)o[i].style.display=\"none\";for(i=0;i<a.length;i++)s=a[i],e.source===s.contentWindow&&(s.removeAttribute(\"style\"),\"height\"===t.message?(1e3<(r=parseInt(t.value,10))?r=1e3:~~r<200&&(r=200),s.height=r):\"link\"===t.message&&(r=new URL(s.getAttribute(\"src\")),n=new URL(t.value),c.test(n.protocol))&&n.host===r.host&&l.activeElement===s&&(d.top.location.href=t.value))}},d.addEventListener(\"message\",d.wp.receiveEmbedMessage,!1),l.addEventListener(\"DOMContentLoaded\",function(){for(var e,t,s=l.querySelectorAll(\"iframe.wp-embedded-content\"),r=0;r<s.length;r++)(t=(e=s[r]).getAttribute(\"data-secret\"))||(t=Math.random().toString(36).substring(2,12),e.src+=\"#?secret=\"+t,e.setAttribute(\"data-secret\",t)),e.contentWindow.postMessage({message:\"ready\",secret:t},\"*\")},!1)))}(window,document);\n\/\/# sourceURL=https:\/\/www.tvm.co.mz\/novosite\/wp-includes\/js\/wp-embed.min.js\n<\/script>\n","thumbnail_url":"https:\/\/www.tvm.co.mz\/novosite\/wp-content\/uploads\/2019\/06\/image_content_1650042_20180803183704.jpg","thumbnail_width":768,"thumbnail_height":432,"description":"O Fundo Monet\u00e1rio Internacional (FMI) elogia o Governo mo\u00e7ambicano pelas medidas que tem vindo a tomar visando fortalecer a transpar\u00eancia e melhorar a gest\u00e3o da d\u00edvida p\u00fablica. O posicionamento do FMI foi assumido recentemente pelo conselho de administra\u00e7\u00e3o desta institui\u00e7\u00e3o financeira multilateral, durante um encontro com representantes do Governo mo\u00e7ambicano, para avaliar a evolu\u00e7\u00e3o da economia e as pol\u00edticas econ\u00f3micas do pa\u00eds.O encontro teve lugar em Washington, nos Estados Unidos. Na ocasi\u00e3o, os representantes do FMI manifestaram-se favor\u00e1veis ao recente acordo para a reestrutura\u00e7\u00e3o da d\u00edvida, rubricado entre o Governo mo\u00e7ambicano e credores privados. Em comunicado de imprensa emitido no final do encontro, o FMI defende a necessidade de o pa\u00eds adoptar e implementar uma estrat\u00e9gia de endividamento que enfatize o refor\u00e7o da supervis\u00e3o dos empr\u00e9stimos, incluindo os destinados a financiar as empresas p\u00fablicas. \u201cO conselho de administra\u00e7\u00e3o encoraja o governo mo\u00e7ambicano a prosseguir com os esfor\u00e7os para alcan\u00e7ar a estabilidade macroecon\u00f3mica duradoura e o crescimento inclusivo, bem como a dar resposta aos desafios em mat\u00e9ria de governa\u00e7\u00e3o, trabalho de reconstru\u00e7\u00e3o e aumento \u00e0 resili\u00eancia a choques externos, inclusivamente aos ligados a eventos clim\u00e1ticos extremos\u201d, frisa a fonte. Em rela\u00e7\u00e3o \u00e0 ajuda de emerg\u00eancia e reconstru\u00e7\u00e3o no \u00e2mbito dos ciclones Idai e Kenneth, o FMI defende que dada a magnitude das necessidades era expect\u00e1vel um apoio acrescido da comunidade internacional. Nesse contexto, os administradores do FMI apelam \u00e0s autoridades mo\u00e7ambicanas a prestar particular aten\u00e7\u00e3o \u00e0s \u00e1reas afectadas, num cen\u00e1rio em que a ajuda relacionada com os ciclones vai sendo gradualmente retirada. \u201cO conselho de administra\u00e7\u00e3o encoraja a gest\u00e3o cautelosa da pol\u00edtica monet\u00e1ria do Banco de Mo\u00e7ambique e incentiva esta institui\u00e7\u00e3o a continuar a fortalecer a sua capacidade de supervis\u00e3o, modernizar o quadro de resolu\u00e7\u00e3o banc\u00e1ria e aperfei\u00e7oar o regime de pol\u00edtica monet\u00e1ria, aproveitando a melhoria das comunica\u00e7\u00f5es, o aumento das capacidades t\u00e9cnicas e a reforma e actualiza\u00e7\u00e3o da lei do Banco Central\u201d, frisa o comunicado. O \u00f3rg\u00e3o insta igualmente as autoridades mo\u00e7ambicanas a manterem o foco na melhoria da governa\u00e7\u00e3o, na transpar\u00eancia da gest\u00e3o dos bens p\u00fablicos e na responsabiliza\u00e7\u00e3o para reduzir as vulnerabilidades \u00e0 corrup\u00e7\u00e3o. Guardar"}

TVM - Televisão de Moçambique

FMI elogia gestão da dívida pública - TVM - Televisão de Moçambique

<blockquote class="wp-embedded-content" data-secret="Vn9DGu5qTy"><a href="https://www.tvm.co.mz/novosite/2019/06/10/fmi-elogia-gestao-da-divida-publica/">FMI elogia gestão da dívida pública</a></blockquote><iframe sandbox="allow-scripts" security="restricted" src="https://www.tvm.co.mz/novosite/2019/06/10/fmi-elogia-gestao-da-divida-publica/embed/#?secret=Vn9DGu5qTy" width="600" height="338" title="&#8220;FMI elogia gestão da dívida pública&#8221; &#8212; TVM - Televisão de Moçambique" data-secret="Vn9DGu5qTy" frameborder="0" marginwidth="0" marginheight="0" scrolling="no" class="wp-embedded-content"></iframe><script>
/*! This file is auto-generated */
!function(d,l){"use strict";l.querySelector&&d.addEventListener&&"undefined"!=typeof URL&&(d.wp=d.wp||{},d.wp.receiveEmbedMessage||(d.wp.receiveEmbedMessage=function(e){var t=e.data;if((t||t.secret||t.message||t.value)&&!/[^a-zA-Z0-9]/.test(t.secret)){for(var s,r,n,a=l.querySelectorAll('iframe[data-secret="'+t.secret+'"]'),o=l.querySelectorAll('blockquote[data-secret="'+t.secret+'"]'),c=new RegExp("^https?:$","i"),i=0;i<o.length;i++)o[i].style.display="none";for(i=0;i<a.length;i++)s=a[i],e.source===s.contentWindow&&(s.removeAttribute("style"),"height"===t.message?(1e3<(r=parseInt(t.value,10))?r=1e3:~~r<200&&(r=200),s.height=r):"link"===t.message&&(r=new URL(s.getAttribute("src")),n=new URL(t.value),c.test(n.protocol))&&n.host===r.host&&l.activeElement===s&&(d.top.location.href=t.value))}},d.addEventListener("message",d.wp.receiveEmbedMessage,!1),l.addEventListener("DOMContentLoaded",function(){for(var e,t,s=l.querySelectorAll("iframe.wp-embedded-content"),r=0;r<s.length;r++)(t=(e=s[r]).getAttribute("data-secret"))||(t=Math.random().toString(36).substring(2,12),e.src+="#?secret="+t,e.setAttribute("data-secret",t)),e.contentWindow.postMessage({message:"ready",secret:t},"*")},!1)))}(window,document);
//# sourceURL=https://www.tvm.co.mz/novosite/wp-includes/js/wp-embed.min.js
</script>

O Fundo Monetário Internacional (FMI) elogia o Governo moçambicano pelas medidas que tem vindo a tomar visando fortalecer a transparência e melhorar a gestão da dívida pública. O posicionamento do FMI foi assumido recentemente pelo conselho de administração desta instituição financeira multilateral, durante um encontro com representantes do Governo moçambicano, para avaliar a evolução da economia e as políticas económicas do país.O encontro teve lugar em Washington, nos Estados Unidos. Na ocasião, os representantes do FMI manifestaram-se favoráveis ao recente acordo para a reestruturação da dívida, rubricado entre o Governo moçambicano e credores privados. Em comunicado de imprensa emitido no final do encontro, o FMI defende a necessidade de o país adoptar e implementar uma estratégia de endividamento que enfatize o reforço da supervisão dos empréstimos, incluindo os destinados a financiar as empresas públicas. “O conselho de administração encoraja o governo moçambicano a prosseguir com os esforços para alcançar a estabilidade macroeconómica duradoura e o crescimento inclusivo, bem como a dar resposta aos desafios em matéria de governação, trabalho de reconstrução e aumento à resiliência a choques externos, inclusivamente aos ligados a eventos climáticos extremos”, frisa a fonte. Em relação à ajuda de emergência e reconstrução no âmbito dos ciclones Idai e Kenneth, o FMI defende que dada a magnitude das necessidades era expectável um apoio acrescido da comunidade internacional. Nesse contexto, os administradores do FMI apelam às autoridades moçambicanas a prestar particular atenção às áreas afectadas, num cenário em que a ajuda relacionada com os ciclones vai sendo gradualmente retirada. “O conselho de administração encoraja a gestão cautelosa da política monetária do Banco de Moçambique e incentiva esta instituição a continuar a fortalecer a sua capacidade de supervisão, modernizar o quadro de resolução bancária e aperfeiçoar o regime de política monetária, aproveitando a melhoria das comunicações, o aumento das capacidades técnicas e a reforma e actualização da lei do Banco Central”, frisa o comunicado. O órgão insta igualmente as autoridades moçambicanas a manterem o foco na melhoria da governação, na transparência da gestão dos bens públicos e na responsabilização para reduzir as vulnerabilidades à corrupção. Guardar
