{"version":"1.0","provider_name":"TVM - Televis\u00e3o de Mo\u00e7ambique","provider_url":"https:\/\/www.tvm.co.mz\/novosite","author_name":"Leopoldino Bambo","author_url":"https:\/\/www.tvm.co.mz\/novosite\/author\/lbambo\/","title":"Cadernos eleitorais dispon\u00edveis para consulta - TVM - Televis\u00e3o de Mo\u00e7ambique","type":"rich","width":600,"height":338,"html":"<blockquote class=\"wp-embedded-content\" data-secret=\"lrA7HY763J\"><a href=\"https:\/\/www.tvm.co.mz\/novosite\/2019\/06\/01\/cadernos-eleitorais-disponiveis-para-consulta\/\">Cadernos eleitorais dispon\u00edveis para consulta<\/a><\/blockquote><iframe sandbox=\"allow-scripts\" security=\"restricted\" src=\"https:\/\/www.tvm.co.mz\/novosite\/2019\/06\/01\/cadernos-eleitorais-disponiveis-para-consulta\/embed\/#?secret=lrA7HY763J\" width=\"600\" height=\"338\" title=\"&#8220;Cadernos eleitorais dispon\u00edveis para consulta&#8221; &#8212; TVM - Televis\u00e3o de Mo\u00e7ambique\" data-secret=\"lrA7HY763J\" frameborder=\"0\" marginwidth=\"0\" marginheight=\"0\" scrolling=\"no\" class=\"wp-embedded-content\"><\/iframe><script>\n\/*! This file is auto-generated *\/\n!function(d,l){\"use strict\";l.querySelector&&d.addEventListener&&\"undefined\"!=typeof URL&&(d.wp=d.wp||{},d.wp.receiveEmbedMessage||(d.wp.receiveEmbedMessage=function(e){var t=e.data;if((t||t.secret||t.message||t.value)&&!\/[^a-zA-Z0-9]\/.test(t.secret)){for(var s,r,n,a=l.querySelectorAll('iframe[data-secret=\"'+t.secret+'\"]'),o=l.querySelectorAll('blockquote[data-secret=\"'+t.secret+'\"]'),c=new RegExp(\"^https?:$\",\"i\"),i=0;i<o.length;i++)o[i].style.display=\"none\";for(i=0;i<a.length;i++)s=a[i],e.source===s.contentWindow&&(s.removeAttribute(\"style\"),\"height\"===t.message?(1e3<(r=parseInt(t.value,10))?r=1e3:~~r<200&&(r=200),s.height=r):\"link\"===t.message&&(r=new URL(s.getAttribute(\"src\")),n=new URL(t.value),c.test(n.protocol))&&n.host===r.host&&l.activeElement===s&&(d.top.location.href=t.value))}},d.addEventListener(\"message\",d.wp.receiveEmbedMessage,!1),l.addEventListener(\"DOMContentLoaded\",function(){for(var e,t,s=l.querySelectorAll(\"iframe.wp-embedded-content\"),r=0;r<s.length;r++)(t=(e=s[r]).getAttribute(\"data-secret\"))||(t=Math.random().toString(36).substring(2,12),e.src+=\"#?secret=\"+t,e.setAttribute(\"data-secret\",t)),e.contentWindow.postMessage({message:\"ready\",secret:t},\"*\")},!1)))}(window,document);\n\/\/# sourceURL=https:\/\/www.tvm.co.mz\/novosite\/wp-includes\/js\/wp-embed.min.js\n<\/script>\n","thumbnail_url":"https:\/\/www.tvm.co.mz\/novosite\/wp-content\/uploads\/2019\/06\/CADERNOS.gif","thumbnail_width":770,"thumbnail_height":514,"description":"OS cadernos de recenseamento eleitoral est\u00e3o expostos para consulta de hoje at\u00e9 a pr\u00f3xima ter\u00e7a-feira em cada posto de registo, para permitir que os cidad\u00e3os possam conferir se os seus dados foram correctamente lan\u00e7ados. O porta-voz do Secretariado T\u00e9cnico de Administra\u00e7\u00e3o Eleitoral (STAE), Cl\u00e1udio Langa, disse que equipas t\u00e9cnicas do \u00f3rg\u00e3o se encontram no terreno a fazer o levantamento dos dados referentes aos eleitores inscritos nos \u00faltimos dias do processo, apesar de enfrentarem problemas de acesso e comunica\u00e7\u00e3o com algumas brigadas. Dados referentes ao per\u00edodo de 15 de Abril ao domingo \u00faltimo indicam que foram inscritos 5.380.161 eleitores, o equivalente a 73,28 por cento, cifra que agregada aos 6.824.582 eleitores registados no ano passado, perfaz um total de 12.204.743 de cidad\u00e3os, o que corresponde a 86,15 por cento das projec\u00e7\u00f5es dos \u00f3rg\u00e3os eleitorais. O STAE e a Comiss\u00e3o Nacional de Elei\u00e7\u00f5es esperam que pelo menos 90 por cento dos cidad\u00e3os inscritos participe no escrut\u00ednio de 15 de Outubro. Pormenores na p\u00e1gina 8 da presente edi\u00e7\u00e3o."}

TVM - Televisão de Moçambique

Cadernos eleitorais disponíveis para consulta - TVM - Televisão de Moçambique

<blockquote class="wp-embedded-content" data-secret="lrA7HY763J"><a href="https://www.tvm.co.mz/novosite/2019/06/01/cadernos-eleitorais-disponiveis-para-consulta/">Cadernos eleitorais disponíveis para consulta</a></blockquote><iframe sandbox="allow-scripts" security="restricted" src="https://www.tvm.co.mz/novosite/2019/06/01/cadernos-eleitorais-disponiveis-para-consulta/embed/#?secret=lrA7HY763J" width="600" height="338" title="&#8220;Cadernos eleitorais disponíveis para consulta&#8221; &#8212; TVM - Televisão de Moçambique" data-secret="lrA7HY763J" frameborder="0" marginwidth="0" marginheight="0" scrolling="no" class="wp-embedded-content"></iframe><script>
/*! This file is auto-generated */
!function(d,l){"use strict";l.querySelector&&d.addEventListener&&"undefined"!=typeof URL&&(d.wp=d.wp||{},d.wp.receiveEmbedMessage||(d.wp.receiveEmbedMessage=function(e){var t=e.data;if((t||t.secret||t.message||t.value)&&!/[^a-zA-Z0-9]/.test(t.secret)){for(var s,r,n,a=l.querySelectorAll('iframe[data-secret="'+t.secret+'"]'),o=l.querySelectorAll('blockquote[data-secret="'+t.secret+'"]'),c=new RegExp("^https?:$","i"),i=0;i<o.length;i++)o[i].style.display="none";for(i=0;i<a.length;i++)s=a[i],e.source===s.contentWindow&&(s.removeAttribute("style"),"height"===t.message?(1e3<(r=parseInt(t.value,10))?r=1e3:~~r<200&&(r=200),s.height=r):"link"===t.message&&(r=new URL(s.getAttribute("src")),n=new URL(t.value),c.test(n.protocol))&&n.host===r.host&&l.activeElement===s&&(d.top.location.href=t.value))}},d.addEventListener("message",d.wp.receiveEmbedMessage,!1),l.addEventListener("DOMContentLoaded",function(){for(var e,t,s=l.querySelectorAll("iframe.wp-embedded-content"),r=0;r<s.length;r++)(t=(e=s[r]).getAttribute("data-secret"))||(t=Math.random().toString(36).substring(2,12),e.src+="#?secret="+t,e.setAttribute("data-secret",t)),e.contentWindow.postMessage({message:"ready",secret:t},"*")},!1)))}(window,document);
//# sourceURL=https://www.tvm.co.mz/novosite/wp-includes/js/wp-embed.min.js
</script>

OS cadernos de recenseamento eleitoral estão expostos para consulta de hoje até a próxima terça-feira em cada posto de registo, para permitir que os cidadãos possam conferir se os seus dados foram correctamente lançados. O porta-voz do Secretariado Técnico de Administração Eleitoral (STAE), Cláudio Langa, disse que equipas técnicas do órgão se encontram no terreno a fazer o levantamento dos dados referentes aos eleitores inscritos nos últimos dias do processo, apesar de enfrentarem problemas de acesso e comunicação com algumas brigadas. Dados referentes ao período de 15 de Abril ao domingo último indicam que foram inscritos 5.380.161 eleitores, o equivalente a 73,28 por cento, cifra que agregada aos 6.824.582 eleitores registados no ano passado, perfaz um total de 12.204.743 de cidadãos, o que corresponde a 86,15 por cento das projecções dos órgãos eleitorais. O STAE e a Comissão Nacional de Eleições esperam que pelo menos 90 por cento dos cidadãos inscritos participe no escrutínio de 15 de Outubro. Pormenores na página 8 da presente edição.
