{"version":"1.0","provider_name":"TVM - Televis\u00e3o de Mo\u00e7ambique","provider_url":"https:\/\/www.tvm.co.mz\/novosite","author_name":"Leopoldino Bambo","author_url":"https:\/\/www.tvm.co.mz\/novosite\/author\/lbambo\/","title":"ONU apoia vacina\u00e7\u00e3o contra c\u00f3lera em Mo\u00e7ambique - TVM - Televis\u00e3o de Mo\u00e7ambique","type":"rich","width":600,"height":338,"html":"<blockquote class=\"wp-embedded-content\" data-secret=\"XgzqlotFRG\"><a href=\"https:\/\/www.tvm.co.mz\/novosite\/2019\/04\/02\/onu-apoia-vacinacao-contra-colera-em-mocambique\/\">ONU apoia vacina\u00e7\u00e3o contra c\u00f3lera em Mo\u00e7ambique<\/a><\/blockquote><iframe sandbox=\"allow-scripts\" security=\"restricted\" src=\"https:\/\/www.tvm.co.mz\/novosite\/2019\/04\/02\/onu-apoia-vacinacao-contra-colera-em-mocambique\/embed\/#?secret=XgzqlotFRG\" width=\"600\" height=\"338\" title=\"&#8220;ONU apoia vacina\u00e7\u00e3o contra c\u00f3lera em Mo\u00e7ambique&#8221; &#8212; TVM - Televis\u00e3o de Mo\u00e7ambique\" data-secret=\"XgzqlotFRG\" frameborder=\"0\" marginwidth=\"0\" marginheight=\"0\" scrolling=\"no\" class=\"wp-embedded-content\"><\/iframe><script>\n\/*! This file is auto-generated *\/\n!function(d,l){\"use strict\";l.querySelector&&d.addEventListener&&\"undefined\"!=typeof URL&&(d.wp=d.wp||{},d.wp.receiveEmbedMessage||(d.wp.receiveEmbedMessage=function(e){var t=e.data;if((t||t.secret||t.message||t.value)&&!\/[^a-zA-Z0-9]\/.test(t.secret)){for(var s,r,n,a=l.querySelectorAll('iframe[data-secret=\"'+t.secret+'\"]'),o=l.querySelectorAll('blockquote[data-secret=\"'+t.secret+'\"]'),c=new RegExp(\"^https?:$\",\"i\"),i=0;i<o.length;i++)o[i].style.display=\"none\";for(i=0;i<a.length;i++)s=a[i],e.source===s.contentWindow&&(s.removeAttribute(\"style\"),\"height\"===t.message?(1e3<(r=parseInt(t.value,10))?r=1e3:~~r<200&&(r=200),s.height=r):\"link\"===t.message&&(r=new URL(s.getAttribute(\"src\")),n=new URL(t.value),c.test(n.protocol))&&n.host===r.host&&l.activeElement===s&&(d.top.location.href=t.value))}},d.addEventListener(\"message\",d.wp.receiveEmbedMessage,!1),l.addEventListener(\"DOMContentLoaded\",function(){for(var e,t,s=l.querySelectorAll(\"iframe.wp-embedded-content\"),r=0;r<s.length;r++)(t=(e=s[r]).getAttribute(\"data-secret\"))||(t=Math.random().toString(36).substring(2,12),e.src+=\"#?secret=\"+t,e.setAttribute(\"data-secret\",t)),e.contentWindow.postMessage({message:\"ready\",secret:t},\"*\")},!1)))}(window,document);\n\/\/# sourceURL=https:\/\/www.tvm.co.mz\/novosite\/wp-includes\/js\/wp-embed.min.js\n<\/script>\n","thumbnail_url":"https:\/\/www.tvm.co.mz\/novosite\/wp-content\/uploads\/2019\/04\/2019-03-21t184450z_975708436_rc1405927100_rtrmadp_3_africa-cyclone.jpg","thumbnail_width":1024,"thumbnail_height":578,"description":"A Organiza\u00e7\u00e3o Mundial de Sa\u00fade, OMS, e o Governo de Mo\u00e7ambique iniciam esta quarta-feira uma campanha de vacina\u00e7\u00e3o oral contra a c\u00f3lera, que prev\u00ea abranger 900 mil pessoas nas zonas afectadas pelo ciclone Idai. Segundo o \u00faltimo balan\u00e7o das autoridades, divulgado esta segunda-feira, foram detectados at\u00e9 ao momento 1046 casos da doen\u00e7a, dos quais foram tratados 949 pacientes, continuando internados 102 e uma pessoa perdeu a vida. Em entrevista \u00e0 ONU News, em Maputo, a representante da OMS, Djamila Cabral, disse que a confirma\u00e7\u00e3o dos casos demora v\u00e1rios dias, mas \u201co mais importante \u00e9 tratar as pessoas com diarreia, seja c\u00f3lera ou n\u00e3o\u201d. Segundo a representante, \u201co governo tem sido capaz de dar resposta aos casos que est\u00e3o a aparecer\u201d. \u201cNeste momento, depois que passou o momento p\u00f3s-ciclone, em que a resposta aos traumas era o mais importante, as pessoas que perderam as casas, agora a nossa ac\u00e7\u00e3o est\u00e1 muito concentrada na quest\u00e3o da preven\u00e7\u00e3o da doen\u00e7a. A detec\u00e7\u00e3o r\u00e1pida de epidemias e a resposta a elas\u201d. Al\u00e9m da vacina\u00e7\u00e3o, a OMS passa mensagens nos \u00f3rg\u00e3os de comunica\u00e7\u00e3o social em rela\u00e7\u00e3o ao saneamento e uso da \u00e1gua pot\u00e1vel. As condi\u00e7\u00f5es actuais, com \u00e1guas paradas, falta de higiene, corpos em decomposi\u00e7\u00e3o e sobrelota\u00e7\u00e3o dos abrigos tempor\u00e1rios, podem, facilmente, levar a surtos de diarreia, mal\u00e1ria e c\u00f3lera."}

TVM - Televisão de Moçambique

ONU apoia vacinação contra cólera em Moçambique - TVM - Televisão de Moçambique

<blockquote class="wp-embedded-content" data-secret="XgzqlotFRG"><a href="https://www.tvm.co.mz/novosite/2019/04/02/onu-apoia-vacinacao-contra-colera-em-mocambique/">ONU apoia vacinação contra cólera em Moçambique</a></blockquote><iframe sandbox="allow-scripts" security="restricted" src="https://www.tvm.co.mz/novosite/2019/04/02/onu-apoia-vacinacao-contra-colera-em-mocambique/embed/#?secret=XgzqlotFRG" width="600" height="338" title="&#8220;ONU apoia vacinação contra cólera em Moçambique&#8221; &#8212; TVM - Televisão de Moçambique" data-secret="XgzqlotFRG" frameborder="0" marginwidth="0" marginheight="0" scrolling="no" class="wp-embedded-content"></iframe><script>
/*! This file is auto-generated */
!function(d,l){"use strict";l.querySelector&&d.addEventListener&&"undefined"!=typeof URL&&(d.wp=d.wp||{},d.wp.receiveEmbedMessage||(d.wp.receiveEmbedMessage=function(e){var t=e.data;if((t||t.secret||t.message||t.value)&&!/[^a-zA-Z0-9]/.test(t.secret)){for(var s,r,n,a=l.querySelectorAll('iframe[data-secret="'+t.secret+'"]'),o=l.querySelectorAll('blockquote[data-secret="'+t.secret+'"]'),c=new RegExp("^https?:$","i"),i=0;i<o.length;i++)o[i].style.display="none";for(i=0;i<a.length;i++)s=a[i],e.source===s.contentWindow&&(s.removeAttribute("style"),"height"===t.message?(1e3<(r=parseInt(t.value,10))?r=1e3:~~r<200&&(r=200),s.height=r):"link"===t.message&&(r=new URL(s.getAttribute("src")),n=new URL(t.value),c.test(n.protocol))&&n.host===r.host&&l.activeElement===s&&(d.top.location.href=t.value))}},d.addEventListener("message",d.wp.receiveEmbedMessage,!1),l.addEventListener("DOMContentLoaded",function(){for(var e,t,s=l.querySelectorAll("iframe.wp-embedded-content"),r=0;r<s.length;r++)(t=(e=s[r]).getAttribute("data-secret"))||(t=Math.random().toString(36).substring(2,12),e.src+="#?secret="+t,e.setAttribute("data-secret",t)),e.contentWindow.postMessage({message:"ready",secret:t},"*")},!1)))}(window,document);
//# sourceURL=https://www.tvm.co.mz/novosite/wp-includes/js/wp-embed.min.js
</script>

A Organização Mundial de Saúde, OMS, e o Governo de Moçambique iniciam esta quarta-feira uma campanha de vacinação oral contra a cólera, que prevê abranger 900 mil pessoas nas zonas afectadas pelo ciclone Idai. Segundo o último balanço das autoridades, divulgado esta segunda-feira, foram detectados até ao momento 1046 casos da doença, dos quais foram tratados 949 pacientes, continuando internados 102 e uma pessoa perdeu a vida. Em entrevista à ONU News, em Maputo, a representante da OMS, Djamila Cabral, disse que a confirmação dos casos demora vários dias, mas “o mais importante é tratar as pessoas com diarreia, seja cólera ou não”. Segundo a representante, “o governo tem sido capaz de dar resposta aos casos que estão a aparecer”. “Neste momento, depois que passou o momento pós-ciclone, em que a resposta aos traumas era o mais importante, as pessoas que perderam as casas, agora a nossa acção está muito concentrada na questão da prevenção da doença. A detecção rápida de epidemias e a resposta a elas”. Além da vacinação, a OMS passa mensagens nos órgãos de comunicação social em relação ao saneamento e uso da água potável. As condições actuais, com águas paradas, falta de higiene, corpos em decomposição e sobrelotação dos abrigos temporários, podem, facilmente, levar a surtos de diarreia, malária e cólera.
