{"version":"1.0","provider_name":"TVM - Televis\u00e3o de Mo\u00e7ambique","provider_url":"https:\/\/www.tvm.co.mz\/novosite","author_name":"Leopoldino Bambo","author_url":"https:\/\/www.tvm.co.mz\/novosite\/author\/lbambo\/","title":"El Chapo rejeita testemunhar no seu julgamento - TVM - Televis\u00e3o de Mo\u00e7ambique","type":"rich","width":600,"height":338,"html":"<blockquote class=\"wp-embedded-content\" data-secret=\"tQ5wQuOueg\"><a href=\"https:\/\/www.tvm.co.mz\/novosite\/2019\/01\/29\/el-chapo-rejeita-testemunhar-no-seu-julgamento\/\">El Chapo rejeita testemunhar no seu julgamento<\/a><\/blockquote><iframe sandbox=\"allow-scripts\" security=\"restricted\" src=\"https:\/\/www.tvm.co.mz\/novosite\/2019\/01\/29\/el-chapo-rejeita-testemunhar-no-seu-julgamento\/embed\/#?secret=tQ5wQuOueg\" width=\"600\" height=\"338\" title=\"&#8220;El Chapo rejeita testemunhar no seu julgamento&#8221; &#8212; TVM - Televis\u00e3o de Mo\u00e7ambique\" data-secret=\"tQ5wQuOueg\" frameborder=\"0\" marginwidth=\"0\" marginheight=\"0\" scrolling=\"no\" class=\"wp-embedded-content\"><\/iframe><script>\n\/*! This file is auto-generated *\/\n!function(d,l){\"use strict\";l.querySelector&&d.addEventListener&&\"undefined\"!=typeof URL&&(d.wp=d.wp||{},d.wp.receiveEmbedMessage||(d.wp.receiveEmbedMessage=function(e){var t=e.data;if((t||t.secret||t.message||t.value)&&!\/[^a-zA-Z0-9]\/.test(t.secret)){for(var s,r,n,a=l.querySelectorAll('iframe[data-secret=\"'+t.secret+'\"]'),o=l.querySelectorAll('blockquote[data-secret=\"'+t.secret+'\"]'),c=new RegExp(\"^https?:$\",\"i\"),i=0;i<o.length;i++)o[i].style.display=\"none\";for(i=0;i<a.length;i++)s=a[i],e.source===s.contentWindow&&(s.removeAttribute(\"style\"),\"height\"===t.message?(1e3<(r=parseInt(t.value,10))?r=1e3:~~r<200&&(r=200),s.height=r):\"link\"===t.message&&(r=new URL(s.getAttribute(\"src\")),n=new URL(t.value),c.test(n.protocol))&&n.host===r.host&&l.activeElement===s&&(d.top.location.href=t.value))}},d.addEventListener(\"message\",d.wp.receiveEmbedMessage,!1),l.addEventListener(\"DOMContentLoaded\",function(){for(var e,t,s=l.querySelectorAll(\"iframe.wp-embedded-content\"),r=0;r<s.length;r++)(t=(e=s[r]).getAttribute(\"data-secret\"))||(t=Math.random().toString(36).substring(2,12),e.src+=\"#?secret=\"+t,e.setAttribute(\"data-secret\",t)),e.contentWindow.postMessage({message:\"ready\",secret:t},\"*\")},!1)))}(window,document);\n\/\/# sourceURL=https:\/\/www.tvm.co.mz\/novosite\/wp-includes\/js\/wp-embed.min.js\n<\/script>\n","description":"O mexicano Joaquin El Chapo Guzm\u00e1n, suspeito de ter dirigido um dos cart\u00e9is de droga mais poderosos do mundo, afirmou hoje num tribunal dos Estados Unidos que n\u00e3o vai testemunhar no seu julgamento.&#8220;Eu e os meus advogados convers\u00e1mos sobre isto e eu n\u00e3o vou testemunhar&#8221;, disse Joaquin El Chapo Guzm\u00e1n, numa das poucas vezes em que falou no tribunal federal de Brooklyn, em Nova Iorque, onde decorre o julgamento. Esta decis\u00e3o, juntamente com o plano da defesa de chamar apenas duas testemunhas, pode levar o julgamento a terminar mais cedo do que o esperado. A sess\u00e3o de hoje ficou tamb\u00e9m marcada pela presen\u00e7a do ator que interpretou Guzm\u00e1n na s\u00e9rie &#8216;Narcos: M\u00e9xico&#8217;, do canal Netflix, com o r\u00e9u a sorrir e a acenar para Alejandro Edda. &#8220;Foi um momento surreal, tenho de ser honesto. Como ator, o meu objetivo \u00e9 dar verdade ao meu personagem e eu vim para estudar um homem que, de certa forma, \u00e9 um mito, uma lenda&#8221;, afirmou o ator. Joaquin Guzm\u00e1n, de 61 anos, \u00e9 acusado de ter dirigido entre 1989 e 2014 o cartel de Sinaloa, que enviou para os Estados Unidos da Am\u00e9rica mais de 154 toneladas de coca\u00edna e grandes quantidades de hero\u00edna, metanfetaminas e marijuana, avaliadas em mais de 14 mil milh\u00f5es de d\u00f3lares (12 mil milh\u00f5es de euros). De acordo com as autoridades norte-americanas, El Chapo tornou-se o traficante mais poderoso do mundo ap\u00f3s a morte do colombiano Pablo Escobar, em 1993. Se for condenado, Guzm\u00e1n arrisca a pris\u00e3o perp\u00e9tua. \u00c9 tamb\u00e9m suspeito de protagonizar uma campanha de assass\u00ednios e sequestros e da lavagem de milhares de milh\u00f5es de d\u00f3lares. Preso pela primeira vez na Guatemala, em 1993, e ap\u00f3s ser condenado a 21 anos de pris\u00e3o, Guzm\u00e1n escapou em 2001 de uma penitenci\u00e1ria de alta seguran\u00e7a de Puente Grande (estado de Jalisco). Ap\u00f3s 13 anos em fuga, foi capturado em 2014, mas escapou um ano mais tarde de uma pris\u00e3o de m\u00e1xima seguran\u00e7a de Altiplano, perto da Cidade do M\u00e9xico, atrav\u00e9s de um t\u00fanel com 1,5 quil\u00f3metros. Em janeiro de 2016, e ap\u00f3s v\u00e1rias tentativas, o Presidente mexicano, Enrique Pe\u00f1a Nieto, anunciou finalmente a captura de El Chapo. Um ano mais tarde, o suspeito foi extraditado para os Estados Unidos.","thumbnail_url":"https:\/\/static.noticiasaominuto.com\/stockimages\/1920\/naom_569199aca8e8e.jpg?1548719137"}

TVM - Televisão de Moçambique

El Chapo rejeita testemunhar no seu julgamento - TVM - Televisão de Moçambique

<blockquote class="wp-embedded-content" data-secret="tQ5wQuOueg"><a href="https://www.tvm.co.mz/novosite/2019/01/29/el-chapo-rejeita-testemunhar-no-seu-julgamento/">El Chapo rejeita testemunhar no seu julgamento</a></blockquote><iframe sandbox="allow-scripts" security="restricted" src="https://www.tvm.co.mz/novosite/2019/01/29/el-chapo-rejeita-testemunhar-no-seu-julgamento/embed/#?secret=tQ5wQuOueg" width="600" height="338" title="&#8220;El Chapo rejeita testemunhar no seu julgamento&#8221; &#8212; TVM - Televisão de Moçambique" data-secret="tQ5wQuOueg" frameborder="0" marginwidth="0" marginheight="0" scrolling="no" class="wp-embedded-content"></iframe><script>
/*! This file is auto-generated */
!function(d,l){"use strict";l.querySelector&&d.addEventListener&&"undefined"!=typeof URL&&(d.wp=d.wp||{},d.wp.receiveEmbedMessage||(d.wp.receiveEmbedMessage=function(e){var t=e.data;if((t||t.secret||t.message||t.value)&&!/[^a-zA-Z0-9]/.test(t.secret)){for(var s,r,n,a=l.querySelectorAll('iframe[data-secret="'+t.secret+'"]'),o=l.querySelectorAll('blockquote[data-secret="'+t.secret+'"]'),c=new RegExp("^https?:$","i"),i=0;i<o.length;i++)o[i].style.display="none";for(i=0;i<a.length;i++)s=a[i],e.source===s.contentWindow&&(s.removeAttribute("style"),"height"===t.message?(1e3<(r=parseInt(t.value,10))?r=1e3:~~r<200&&(r=200),s.height=r):"link"===t.message&&(r=new URL(s.getAttribute("src")),n=new URL(t.value),c.test(n.protocol))&&n.host===r.host&&l.activeElement===s&&(d.top.location.href=t.value))}},d.addEventListener("message",d.wp.receiveEmbedMessage,!1),l.addEventListener("DOMContentLoaded",function(){for(var e,t,s=l.querySelectorAll("iframe.wp-embedded-content"),r=0;r<s.length;r++)(t=(e=s[r]).getAttribute("data-secret"))||(t=Math.random().toString(36).substring(2,12),e.src+="#?secret="+t,e.setAttribute("data-secret",t)),e.contentWindow.postMessage({message:"ready",secret:t},"*")},!1)))}(window,document);
//# sourceURL=https://www.tvm.co.mz/novosite/wp-includes/js/wp-embed.min.js
</script>

O mexicano Joaquin El Chapo Guzmán, suspeito de ter dirigido um dos cartéis de droga mais poderosos do mundo, afirmou hoje num tribunal dos Estados Unidos que não vai testemunhar no seu julgamento.&#8220;Eu e os meus advogados conversámos sobre isto e eu não vou testemunhar&#8221;, disse Joaquin El Chapo Guzmán, numa das poucas vezes em que falou no tribunal federal de Brooklyn, em Nova Iorque, onde decorre o julgamento. Esta decisão, juntamente com o plano da defesa de chamar apenas duas testemunhas, pode levar o julgamento a terminar mais cedo do que o esperado. A sessão de hoje ficou também marcada pela presença do ator que interpretou Guzmán na série &#8216;Narcos: México&#8217;, do canal Netflix, com o réu a sorrir e a acenar para Alejandro Edda. &#8220;Foi um momento surreal, tenho de ser honesto. Como ator, o meu objetivo é dar verdade ao meu personagem e eu vim para estudar um homem que, de certa forma, é um mito, uma lenda&#8221;, afirmou o ator. Joaquin Guzmán, de 61 anos, é acusado de ter dirigido entre 1989 e 2014 o cartel de Sinaloa, que enviou para os Estados Unidos da América mais de 154 toneladas de cocaína e grandes quantidades de heroína, metanfetaminas e marijuana, avaliadas em mais de 14 mil milhões de dólares (12 mil milhões de euros). De acordo com as autoridades norte-americanas, El Chapo tornou-se o traficante mais poderoso do mundo após a morte do colombiano Pablo Escobar, em 1993. Se for condenado, Guzmán arrisca a prisão perpétua. É também suspeito de protagonizar uma campanha de assassínios e sequestros e da lavagem de milhares de milhões de dólares. Preso pela primeira vez na Guatemala, em 1993, e após ser condenado a 21 anos de prisão, Guzmán escapou em 2001 de uma penitenciária de alta segurança de Puente Grande (estado de Jalisco). Após 13 anos em fuga, foi capturado em 2014, mas escapou um ano mais tarde de uma prisão de máxima segurança de Altiplano, perto da Cidade do México, através de um túnel com 1,5 quilómetros. Em janeiro de 2016, e após várias tentativas, o Presidente mexicano, Enrique Peña Nieto, anunciou finalmente a captura de El Chapo. Um ano mais tarde, o suspeito foi extraditado para os Estados Unidos.
