{"version":"1.0","provider_name":"TVM - Televis\u00e3o de Mo\u00e7ambique","provider_url":"https:\/\/www.tvm.co.mz\/novosite","author_name":"Leopoldino Bambo","author_url":"https:\/\/www.tvm.co.mz\/novosite\/author\/lbambo\/","title":"Ossufo Momade novo presidente da Renamo - TVM - Televis\u00e3o de Mo\u00e7ambique","type":"rich","width":600,"height":338,"html":"<blockquote class=\"wp-embedded-content\" data-secret=\"3t2XlRCCb3\"><a href=\"https:\/\/www.tvm.co.mz\/novosite\/2019\/01\/17\/ossufo-momade-novo-presidente-da-renamo\/\">Ossufo Momade novo presidente da Renamo<\/a><\/blockquote><iframe sandbox=\"allow-scripts\" security=\"restricted\" src=\"https:\/\/www.tvm.co.mz\/novosite\/2019\/01\/17\/ossufo-momade-novo-presidente-da-renamo\/embed\/#?secret=3t2XlRCCb3\" width=\"600\" height=\"338\" title=\"&#8220;Ossufo Momade novo presidente da Renamo&#8221; &#8212; TVM - Televis\u00e3o de Mo\u00e7ambique\" data-secret=\"3t2XlRCCb3\" frameborder=\"0\" marginwidth=\"0\" marginheight=\"0\" scrolling=\"no\" class=\"wp-embedded-content\"><\/iframe><script>\n\/*! This file is auto-generated *\/\n!function(d,l){\"use strict\";l.querySelector&&d.addEventListener&&\"undefined\"!=typeof URL&&(d.wp=d.wp||{},d.wp.receiveEmbedMessage||(d.wp.receiveEmbedMessage=function(e){var t=e.data;if((t||t.secret||t.message||t.value)&&!\/[^a-zA-Z0-9]\/.test(t.secret)){for(var s,r,n,a=l.querySelectorAll('iframe[data-secret=\"'+t.secret+'\"]'),o=l.querySelectorAll('blockquote[data-secret=\"'+t.secret+'\"]'),c=new RegExp(\"^https?:$\",\"i\"),i=0;i<o.length;i++)o[i].style.display=\"none\";for(i=0;i<a.length;i++)s=a[i],e.source===s.contentWindow&&(s.removeAttribute(\"style\"),\"height\"===t.message?(1e3<(r=parseInt(t.value,10))?r=1e3:~~r<200&&(r=200),s.height=r):\"link\"===t.message&&(r=new URL(s.getAttribute(\"src\")),n=new URL(t.value),c.test(n.protocol))&&n.host===r.host&&l.activeElement===s&&(d.top.location.href=t.value))}},d.addEventListener(\"message\",d.wp.receiveEmbedMessage,!1),l.addEventListener(\"DOMContentLoaded\",function(){for(var e,t,s=l.querySelectorAll(\"iframe.wp-embedded-content\"),r=0;r<s.length;r++)(t=(e=s[r]).getAttribute(\"data-secret\"))||(t=Math.random().toString(36).substring(2,12),e.src+=\"#?secret=\"+t,e.setAttribute(\"data-secret\",t)),e.contentWindow.postMessage({message:\"ready\",secret:t},\"*\")},!1)))}(window,document);\n\/\/# sourceURL=https:\/\/www.tvm.co.mz\/novosite\/wp-includes\/js\/wp-embed.min.js\n<\/script>\n","description":"O general Ossufo Momade foi eleito na madrugada de hoje, na Serra de Gorongosa, em Sofala, presidente do partido Renamo. De acordo com informa\u00e7\u00f5es oficiais a que o Noticias Online teve acesso, o vencedor obteve 410 votos, seguido de Elias Dhlakama, que ficou com 238 votos e Manuel Bissopo com 7, Juliano Picardo com 5 e zero votos para Herminio Morais, numa elei\u00e7\u00e3o que contou com a presen\u00e7a de 700 delegados At\u00e9 ent\u00e3o, Ossufo Momamde era coordenador interino da Comiss\u00e3o Pol\u00edtica do maior partido da oposi\u00e7\u00e3o nacional. O novo presidente da Renamo substitui assim o l\u00edder hist\u00f3rico do partido, Afonso Dhlakama, que faleceu recentemente. Depois da elei\u00e7\u00e3o do presidente da Renamo, seguir-se-\u00e1 a vota\u00e7\u00e3o do novo secret\u00e1rio-geral do partido e constitu\u00eddo o Conselho Nacional e a Comiss\u00e3o Politica. Sobre outros temas em debate no Congresso, o seu porta-voz, Jos\u00e9 Manteigas explicou que o di\u00e1logo entre a Renamo e o Governo para pacifica\u00e7\u00e3o efectiva do pa\u00eds mereceu aten\u00e7\u00e3o particular por parte dos participantes, pois, \u201cfoi-nos informado sobre o est\u00e1gio actual do processo\u201d. Contudo, segundo Manteigas, verifica-se uma ligeira demora devido ao incumprimento de algumas constantes do acordo, principalmente, a ocupa\u00e7\u00e3o de cargos de chefia nas For\u00e7as de Defesa e Seguran\u00e7a (FDS).\u201cFoi discutido isso no primeiro dia da sess\u00e3o. Ficou claro que tem que haver uma maior celeridade neste processo para a r\u00e1pida pacifica\u00e7\u00e3o efectiva do pa\u00eds. Foi-nos apresentado com detalhes sobre o est\u00e1gio (do processo) e ficou claro que ainda h\u00e1 muito trabalho por ser feito. Dos 14 oficiais alistados e entregues ao governo, apenas dois \u00e9 que foram integrados. Portanto, isso ainda \u00e9 quase insignificante\u201d, afirmou Manteigas durante um breve contacto com jornalistas, que cobrem o Congresso. Referiu que a morosidade do processo tem estado a comprometer a pr\u00f3pria desmilitariza\u00e7\u00e3o da Renamo. \u201cS\u00f3 poderemos entregar as armas se, efectivamente, nos sentirmos seguros e saber que tudo que vem no acordo est\u00e1 ser (respeitado) na \u00edntegra\u201d, sublinhou o porta-voz., acrescentando que \u201co nosso desejo \u00e9 ver o pa\u00eds a caminhar rumo ao desenvolvimento e todos reconciliados. Para isso, \u00e9 importante que haja seriedade por parte do governo e o mais urgente poss\u00edvel encontre solu\u00e7\u00e3o, para caminharmos rumo a uma paz efectiva\u201d. Inicialmente, a vota\u00e7\u00e3o para a elei\u00e7\u00e3o do novo presidente e outros \u00f3rg\u00e3os do partido havia sido agendada para quinta-feira, terceiro e \u00faltimo dia do Congresso. Contudo, houve uma altera\u00e7\u00e3o na agenda que poder\u00e1 ter sido causada pela chuva torrencial que se faz sentir na regi\u00e3o.A chuva tamb\u00e9m est\u00e1 a dificultar a circula\u00e7\u00e3o de viaturas devido ao elevado n\u00edvel de degrada\u00e7\u00e3o das estradas.","thumbnail_url":"https:\/\/www.dw.com\/image\/44101204_303.jpg"}

TVM - Televisão de Moçambique

Ossufo Momade novo presidente da Renamo - TVM - Televisão de Moçambique

<blockquote class="wp-embedded-content" data-secret="3t2XlRCCb3"><a href="https://www.tvm.co.mz/novosite/2019/01/17/ossufo-momade-novo-presidente-da-renamo/">Ossufo Momade novo presidente da Renamo</a></blockquote><iframe sandbox="allow-scripts" security="restricted" src="https://www.tvm.co.mz/novosite/2019/01/17/ossufo-momade-novo-presidente-da-renamo/embed/#?secret=3t2XlRCCb3" width="600" height="338" title="&#8220;Ossufo Momade novo presidente da Renamo&#8221; &#8212; TVM - Televisão de Moçambique" data-secret="3t2XlRCCb3" frameborder="0" marginwidth="0" marginheight="0" scrolling="no" class="wp-embedded-content"></iframe><script>
/*! This file is auto-generated */
!function(d,l){"use strict";l.querySelector&&d.addEventListener&&"undefined"!=typeof URL&&(d.wp=d.wp||{},d.wp.receiveEmbedMessage||(d.wp.receiveEmbedMessage=function(e){var t=e.data;if((t||t.secret||t.message||t.value)&&!/[^a-zA-Z0-9]/.test(t.secret)){for(var s,r,n,a=l.querySelectorAll('iframe[data-secret="'+t.secret+'"]'),o=l.querySelectorAll('blockquote[data-secret="'+t.secret+'"]'),c=new RegExp("^https?:$","i"),i=0;i<o.length;i++)o[i].style.display="none";for(i=0;i<a.length;i++)s=a[i],e.source===s.contentWindow&&(s.removeAttribute("style"),"height"===t.message?(1e3<(r=parseInt(t.value,10))?r=1e3:~~r<200&&(r=200),s.height=r):"link"===t.message&&(r=new URL(s.getAttribute("src")),n=new URL(t.value),c.test(n.protocol))&&n.host===r.host&&l.activeElement===s&&(d.top.location.href=t.value))}},d.addEventListener("message",d.wp.receiveEmbedMessage,!1),l.addEventListener("DOMContentLoaded",function(){for(var e,t,s=l.querySelectorAll("iframe.wp-embedded-content"),r=0;r<s.length;r++)(t=(e=s[r]).getAttribute("data-secret"))||(t=Math.random().toString(36).substring(2,12),e.src+="#?secret="+t,e.setAttribute("data-secret",t)),e.contentWindow.postMessage({message:"ready",secret:t},"*")},!1)))}(window,document);
//# sourceURL=https://www.tvm.co.mz/novosite/wp-includes/js/wp-embed.min.js
</script>

O general Ossufo Momade foi eleito na madrugada de hoje, na Serra de Gorongosa, em Sofala, presidente do partido Renamo. De acordo com informações oficiais a que o Noticias Online teve acesso, o vencedor obteve 410 votos, seguido de Elias Dhlakama, que ficou com 238 votos e Manuel Bissopo com 7, Juliano Picardo com 5 e zero votos para Herminio Morais, numa eleição que contou com a presença de 700 delegados Até então, Ossufo Momamde era coordenador interino da Comissão Política do maior partido da oposição nacional. O novo presidente da Renamo substitui assim o líder histórico do partido, Afonso Dhlakama, que faleceu recentemente. Depois da eleição do presidente da Renamo, seguir-se-á a votação do novo secretário-geral do partido e constituído o Conselho Nacional e a Comissão Politica. Sobre outros temas em debate no Congresso, o seu porta-voz, José Manteigas explicou que o diálogo entre a Renamo e o Governo para pacificação efectiva do país mereceu atenção particular por parte dos participantes, pois, “foi-nos informado sobre o estágio actual do processo”. Contudo, segundo Manteigas, verifica-se uma ligeira demora devido ao incumprimento de algumas constantes do acordo, principalmente, a ocupação de cargos de chefia nas Forças de Defesa e Segurança (FDS).“Foi discutido isso no primeiro dia da sessão. Ficou claro que tem que haver uma maior celeridade neste processo para a rápida pacificação efectiva do país. Foi-nos apresentado com detalhes sobre o estágio (do processo) e ficou claro que ainda há muito trabalho por ser feito. Dos 14 oficiais alistados e entregues ao governo, apenas dois é que foram integrados. Portanto, isso ainda é quase insignificante”, afirmou Manteigas durante um breve contacto com jornalistas, que cobrem o Congresso. Referiu que a morosidade do processo tem estado a comprometer a própria desmilitarização da Renamo. “Só poderemos entregar as armas se, efectivamente, nos sentirmos seguros e saber que tudo que vem no acordo está ser (respeitado) na íntegra”, sublinhou o porta-voz., acrescentando que “o nosso desejo é ver o país a caminhar rumo ao desenvolvimento e todos reconciliados. Para isso, é importante que haja seriedade por parte do governo e o mais urgente possível encontre solução, para caminharmos rumo a uma paz efectiva”. Inicialmente, a votação para a eleição do novo presidente e outros órgãos do partido havia sido agendada para quinta-feira, terceiro e último dia do Congresso. Contudo, houve uma alteração na agenda que poderá ter sido causada pela chuva torrencial que se faz sentir na região.A chuva também está a dificultar a circulação de viaturas devido ao elevado nível de degradação das estradas.
