{"version":"1.0","provider_name":"TVM - Televis\u00e3o de Mo\u00e7ambique","provider_url":"https:\/\/www.tvm.co.mz\/novosite","author_name":"Leopoldino Bambo","author_url":"https:\/\/www.tvm.co.mz\/novosite\/author\/lbambo\/","title":"Descargas atmosf\u00e9ricas fazem dois mortos em Manica - TVM - Televis\u00e3o de Mo\u00e7ambique","type":"rich","width":600,"height":338,"html":"<blockquote class=\"wp-embedded-content\" data-secret=\"kxAF4olwKC\"><a href=\"https:\/\/www.tvm.co.mz\/novosite\/2019\/01\/14\/descargas-atmosfericas-fazem-dois-mortos-em-manica\/\">Descargas atmosf\u00e9ricas fazem dois mortos em Manica<\/a><\/blockquote><iframe sandbox=\"allow-scripts\" security=\"restricted\" src=\"https:\/\/www.tvm.co.mz\/novosite\/2019\/01\/14\/descargas-atmosfericas-fazem-dois-mortos-em-manica\/embed\/#?secret=kxAF4olwKC\" width=\"600\" height=\"338\" title=\"&#8220;Descargas atmosf\u00e9ricas fazem dois mortos em Manica&#8221; &#8212; TVM - Televis\u00e3o de Mo\u00e7ambique\" data-secret=\"kxAF4olwKC\" frameborder=\"0\" marginwidth=\"0\" marginheight=\"0\" scrolling=\"no\" class=\"wp-embedded-content\"><\/iframe><script>\n\/*! This file is auto-generated *\/\n!function(d,l){\"use strict\";l.querySelector&&d.addEventListener&&\"undefined\"!=typeof URL&&(d.wp=d.wp||{},d.wp.receiveEmbedMessage||(d.wp.receiveEmbedMessage=function(e){var t=e.data;if((t||t.secret||t.message||t.value)&&!\/[^a-zA-Z0-9]\/.test(t.secret)){for(var s,r,n,a=l.querySelectorAll('iframe[data-secret=\"'+t.secret+'\"]'),o=l.querySelectorAll('blockquote[data-secret=\"'+t.secret+'\"]'),c=new RegExp(\"^https?:$\",\"i\"),i=0;i<o.length;i++)o[i].style.display=\"none\";for(i=0;i<a.length;i++)s=a[i],e.source===s.contentWindow&&(s.removeAttribute(\"style\"),\"height\"===t.message?(1e3<(r=parseInt(t.value,10))?r=1e3:~~r<200&&(r=200),s.height=r):\"link\"===t.message&&(r=new URL(s.getAttribute(\"src\")),n=new URL(t.value),c.test(n.protocol))&&n.host===r.host&&l.activeElement===s&&(d.top.location.href=t.value))}},d.addEventListener(\"message\",d.wp.receiveEmbedMessage,!1),l.addEventListener(\"DOMContentLoaded\",function(){for(var e,t,s=l.querySelectorAll(\"iframe.wp-embedded-content\"),r=0;r<s.length;r++)(t=(e=s[r]).getAttribute(\"data-secret\"))||(t=Math.random().toString(36).substring(2,12),e.src+=\"#?secret=\"+t,e.setAttribute(\"data-secret\",t)),e.contentWindow.postMessage({message:\"ready\",secret:t},\"*\")},!1)))}(window,document);\n\/\/# sourceURL=https:\/\/www.tvm.co.mz\/novosite\/wp-includes\/js\/wp-embed.min.js\n<\/script>\n","description":"Duas pessoas perderam a vida e outras seis contra\u00edram ferimentos, v\u00edtimas de descargas atmosf\u00e9ricas ocorridas semana passada na sede do posto administrativo de Matsinho, prov\u00edncia de Manica. As v\u00edtimas mortais s\u00e3o um adulto e uma crian\u00e7a, que foram atingidos por dois raios em incidentes separados. Na zona de Mansinho-sede, os raios atingiram duas resid\u00eancias. Na primeira resid\u00eancia, perdeu a vida uma crian\u00e7a e tr\u00eas adultos ficaram feridos. Na segunda pereceu um adulto e outro contraiu ferimentos, totalizando quatro feridos. O facto foi confirmado, sexta-feira, \u00e0 reportagem da AIM, pelo chefe do posto administrativo de Matsinho, Maximiano Ant\u00f3nio, tendo acrescentado que ambas resid\u00eancias ficaram parcialmente destru\u00eddas. A fonte explicou que na zona de Chiremera, tamb\u00e9m pertencente ao mesmo posto administrativo de Matsinho, um outro raio atingiu uma resid\u00eancia, onde feriu duas pessoas, um adulto e uma crian\u00e7a. As duas v\u00edtimas encontravam-se numa varanda no momento em que foram colhidas pelo raio. A resid\u00eancia ficou reduzida a escombros. \u201cNa zona de Matsinho-sede estamos a falar de duas v\u00edtimas mortais e quatro feridos em fam\u00edlias diferentes. Em Chiremera foram dois feridos totalizando seis. Aconteceu por volta das 17h00, altura em que registamos chuvas torrenciais acompanhadas de ventos fortes e trovoadas. As fam\u00edlias afectadas est\u00e3o a receber apoio vindo do distrito e de outros locais\u201d, explicou a fonte. Como forma de preven\u00e7\u00e3o, apelou \u00e0 popula\u00e7\u00e3o em geral para se manter em locais seguros em caso de mau tempo, principalmente, durante a ocorr\u00eancia de trovoadas.","thumbnail_url":"https:\/\/inovarum.net\/wp-content\/uploads\/2017\/02\/descargas-atmosfericas-raios-inovarum.jpg"}

TVM - Televisão de Moçambique

Descargas atmosféricas fazem dois mortos em Manica - TVM - Televisão de Moçambique

<blockquote class="wp-embedded-content" data-secret="kxAF4olwKC"><a href="https://www.tvm.co.mz/novosite/2019/01/14/descargas-atmosfericas-fazem-dois-mortos-em-manica/">Descargas atmosféricas fazem dois mortos em Manica</a></blockquote><iframe sandbox="allow-scripts" security="restricted" src="https://www.tvm.co.mz/novosite/2019/01/14/descargas-atmosfericas-fazem-dois-mortos-em-manica/embed/#?secret=kxAF4olwKC" width="600" height="338" title="&#8220;Descargas atmosféricas fazem dois mortos em Manica&#8221; &#8212; TVM - Televisão de Moçambique" data-secret="kxAF4olwKC" frameborder="0" marginwidth="0" marginheight="0" scrolling="no" class="wp-embedded-content"></iframe><script>
/*! This file is auto-generated */
!function(d,l){"use strict";l.querySelector&&d.addEventListener&&"undefined"!=typeof URL&&(d.wp=d.wp||{},d.wp.receiveEmbedMessage||(d.wp.receiveEmbedMessage=function(e){var t=e.data;if((t||t.secret||t.message||t.value)&&!/[^a-zA-Z0-9]/.test(t.secret)){for(var s,r,n,a=l.querySelectorAll('iframe[data-secret="'+t.secret+'"]'),o=l.querySelectorAll('blockquote[data-secret="'+t.secret+'"]'),c=new RegExp("^https?:$","i"),i=0;i<o.length;i++)o[i].style.display="none";for(i=0;i<a.length;i++)s=a[i],e.source===s.contentWindow&&(s.removeAttribute("style"),"height"===t.message?(1e3<(r=parseInt(t.value,10))?r=1e3:~~r<200&&(r=200),s.height=r):"link"===t.message&&(r=new URL(s.getAttribute("src")),n=new URL(t.value),c.test(n.protocol))&&n.host===r.host&&l.activeElement===s&&(d.top.location.href=t.value))}},d.addEventListener("message",d.wp.receiveEmbedMessage,!1),l.addEventListener("DOMContentLoaded",function(){for(var e,t,s=l.querySelectorAll("iframe.wp-embedded-content"),r=0;r<s.length;r++)(t=(e=s[r]).getAttribute("data-secret"))||(t=Math.random().toString(36).substring(2,12),e.src+="#?secret="+t,e.setAttribute("data-secret",t)),e.contentWindow.postMessage({message:"ready",secret:t},"*")},!1)))}(window,document);
//# sourceURL=https://www.tvm.co.mz/novosite/wp-includes/js/wp-embed.min.js
</script>

Duas pessoas perderam a vida e outras seis contraíram ferimentos, vítimas de descargas atmosféricas ocorridas semana passada na sede do posto administrativo de Matsinho, província de Manica. As vítimas mortais são um adulto e uma criança, que foram atingidos por dois raios em incidentes separados. Na zona de Mansinho-sede, os raios atingiram duas residências. Na primeira residência, perdeu a vida uma criança e três adultos ficaram feridos. Na segunda pereceu um adulto e outro contraiu ferimentos, totalizando quatro feridos. O facto foi confirmado, sexta-feira, à reportagem da AIM, pelo chefe do posto administrativo de Matsinho, Maximiano António, tendo acrescentado que ambas residências ficaram parcialmente destruídas. A fonte explicou que na zona de Chiremera, também pertencente ao mesmo posto administrativo de Matsinho, um outro raio atingiu uma residência, onde feriu duas pessoas, um adulto e uma criança. As duas vítimas encontravam-se numa varanda no momento em que foram colhidas pelo raio. A residência ficou reduzida a escombros. “Na zona de Matsinho-sede estamos a falar de duas vítimas mortais e quatro feridos em famílias diferentes. Em Chiremera foram dois feridos totalizando seis. Aconteceu por volta das 17h00, altura em que registamos chuvas torrenciais acompanhadas de ventos fortes e trovoadas. As famílias afectadas estão a receber apoio vindo do distrito e de outros locais”, explicou a fonte. Como forma de prevenção, apelou à população em geral para se manter em locais seguros em caso de mau tempo, principalmente, durante a ocorrência de trovoadas.
