{"version":"1.0","provider_name":"TVM - Televis\u00e3o de Mo\u00e7ambique","provider_url":"https:\/\/www.tvm.co.mz\/novosite","author_name":"Edson Sengo","author_url":"https:\/\/www.tvm.co.mz\/novosite\/author\/esengo\/","title":"Qualidade do ar da China melhorou em 2018 - TVM - Televis\u00e3o de Mo\u00e7ambique","type":"rich","width":600,"height":338,"html":"<blockquote class=\"wp-embedded-content\" data-secret=\"mtlww9xcOh\"><a href=\"https:\/\/www.tvm.co.mz\/novosite\/2019\/01\/08\/qualidade-do-ar-da-china-melhorou-em-2018\/\">Qualidade do ar da China melhorou em 2018<\/a><\/blockquote><iframe sandbox=\"allow-scripts\" security=\"restricted\" src=\"https:\/\/www.tvm.co.mz\/novosite\/2019\/01\/08\/qualidade-do-ar-da-china-melhorou-em-2018\/embed\/#?secret=mtlww9xcOh\" width=\"600\" height=\"338\" title=\"&#8220;Qualidade do ar da China melhorou em 2018&#8221; &#8212; TVM - Televis\u00e3o de Mo\u00e7ambique\" data-secret=\"mtlww9xcOh\" frameborder=\"0\" marginwidth=\"0\" marginheight=\"0\" scrolling=\"no\" class=\"wp-embedded-content\"><\/iframe><script>\n\/*! This file is auto-generated *\/\n!function(d,l){\"use strict\";l.querySelector&&d.addEventListener&&\"undefined\"!=typeof URL&&(d.wp=d.wp||{},d.wp.receiveEmbedMessage||(d.wp.receiveEmbedMessage=function(e){var t=e.data;if((t||t.secret||t.message||t.value)&&!\/[^a-zA-Z0-9]\/.test(t.secret)){for(var s,r,n,a=l.querySelectorAll('iframe[data-secret=\"'+t.secret+'\"]'),o=l.querySelectorAll('blockquote[data-secret=\"'+t.secret+'\"]'),c=new RegExp(\"^https?:$\",\"i\"),i=0;i<o.length;i++)o[i].style.display=\"none\";for(i=0;i<a.length;i++)s=a[i],e.source===s.contentWindow&&(s.removeAttribute(\"style\"),\"height\"===t.message?(1e3<(r=parseInt(t.value,10))?r=1e3:~~r<200&&(r=200),s.height=r):\"link\"===t.message&&(r=new URL(s.getAttribute(\"src\")),n=new URL(t.value),c.test(n.protocol))&&n.host===r.host&&l.activeElement===s&&(d.top.location.href=t.value))}},d.addEventListener(\"message\",d.wp.receiveEmbedMessage,!1),l.addEventListener(\"DOMContentLoaded\",function(){for(var e,t,s=l.querySelectorAll(\"iframe.wp-embedded-content\"),r=0;r<s.length;r++)(t=(e=s[r]).getAttribute(\"data-secret\"))||(t=Math.random().toString(36).substring(2,12),e.src+=\"#?secret=\"+t,e.setAttribute(\"data-secret\",t)),e.contentWindow.postMessage({message:\"ready\",secret:t},\"*\")},!1)))}(window,document);\n\/\/# sourceURL=https:\/\/www.tvm.co.mz\/novosite\/wp-includes\/js\/wp-embed.min.js\n<\/script>\n","description":"A qualidade do ar melhorou na China, em 2018, segundo um relat\u00f3rio divulgado hoje pelo minist\u00e9rio da Ecologia e Meio Ambiente, que compila os dados recolhidos em 338 cidades do pa\u00eds. Entre as \u00e1reas abrangidas pelo estudo, 79,3% dos dias registaram n\u00edveis &#8220;bons&#8221; de qualidade do ar, num acr\u00e9scimo hom\u00f3logo de 1,3% e que se enquadra na meta definida pelo Governo chin\u00eas. Na \u00e1rea composta pelos munic\u00edpios de Pequim e Tianjin e a prov\u00edncia de Hebei, uma das mais polu\u00eddas do pa\u00eds, a percentagem de dias com boa qualidade de ar fixou-se em 50,5%, o que sup\u00f5e um aumento de 1,2%, face ao ano anterior. A densidade das part\u00edculas PM 2.5 &#8211; as mais finas e suscet\u00edveis de se infiltrarem nos pulm\u00f5es &#8211; caiu 11,8%, em termos hom\u00f3logos, para uma m\u00e9dia de 60 microgramas por metro c\u00fabico. O n\u00edvel m\u00e1ximo de concentra\u00e7\u00e3o recomendado pela Organiza\u00e7\u00e3o Mundial de Sa\u00fade (OMS) \u00e9 25 microgramas por metro c\u00fabico. As cidades de Harbin e Changchun, capitais das prov\u00edncias de Heilongjiang e Jilin, respetivamente, no nordeste do pa\u00eds, foram as que registaram maior melhoria da qualidade do ar, em 2018, segundo o relat\u00f3rio, que n\u00e3o avan\u00e7a com detalhes. A China anunciou, no ano passado, um novo plano de a\u00e7\u00e3o para reduzir a polui\u00e7\u00e3o atmosf\u00e9rica, ao longo dos pr\u00f3ximos tr\u00eas anos. O objetivo \u00e9 reduzir as emiss\u00f5es de di\u00f3xido de enxofre e \u00f3xidos de nitrog\u00e9nio em mais de 15%, em compara\u00e7\u00e3o com 2015, e que cerca de 300 das cidades abrangidas tenham 80% dos dias com bons n\u00edveis de qualidade do ar.","thumbnail_url":"https:\/\/static.noticiasaominuto.com\/stockimages\/1920\/25188758.jpg?1546928358"}

TVM - Televisão de Moçambique

Qualidade do ar da China melhorou em 2018 - TVM - Televisão de Moçambique

<blockquote class="wp-embedded-content" data-secret="mtlww9xcOh"><a href="https://www.tvm.co.mz/novosite/2019/01/08/qualidade-do-ar-da-china-melhorou-em-2018/">Qualidade do ar da China melhorou em 2018</a></blockquote><iframe sandbox="allow-scripts" security="restricted" src="https://www.tvm.co.mz/novosite/2019/01/08/qualidade-do-ar-da-china-melhorou-em-2018/embed/#?secret=mtlww9xcOh" width="600" height="338" title="&#8220;Qualidade do ar da China melhorou em 2018&#8221; &#8212; TVM - Televisão de Moçambique" data-secret="mtlww9xcOh" frameborder="0" marginwidth="0" marginheight="0" scrolling="no" class="wp-embedded-content"></iframe><script>
/*! This file is auto-generated */
!function(d,l){"use strict";l.querySelector&&d.addEventListener&&"undefined"!=typeof URL&&(d.wp=d.wp||{},d.wp.receiveEmbedMessage||(d.wp.receiveEmbedMessage=function(e){var t=e.data;if((t||t.secret||t.message||t.value)&&!/[^a-zA-Z0-9]/.test(t.secret)){for(var s,r,n,a=l.querySelectorAll('iframe[data-secret="'+t.secret+'"]'),o=l.querySelectorAll('blockquote[data-secret="'+t.secret+'"]'),c=new RegExp("^https?:$","i"),i=0;i<o.length;i++)o[i].style.display="none";for(i=0;i<a.length;i++)s=a[i],e.source===s.contentWindow&&(s.removeAttribute("style"),"height"===t.message?(1e3<(r=parseInt(t.value,10))?r=1e3:~~r<200&&(r=200),s.height=r):"link"===t.message&&(r=new URL(s.getAttribute("src")),n=new URL(t.value),c.test(n.protocol))&&n.host===r.host&&l.activeElement===s&&(d.top.location.href=t.value))}},d.addEventListener("message",d.wp.receiveEmbedMessage,!1),l.addEventListener("DOMContentLoaded",function(){for(var e,t,s=l.querySelectorAll("iframe.wp-embedded-content"),r=0;r<s.length;r++)(t=(e=s[r]).getAttribute("data-secret"))||(t=Math.random().toString(36).substring(2,12),e.src+="#?secret="+t,e.setAttribute("data-secret",t)),e.contentWindow.postMessage({message:"ready",secret:t},"*")},!1)))}(window,document);
//# sourceURL=https://www.tvm.co.mz/novosite/wp-includes/js/wp-embed.min.js
</script>

A qualidade do ar melhorou na China, em 2018, segundo um relatório divulgado hoje pelo ministério da Ecologia e Meio Ambiente, que compila os dados recolhidos em 338 cidades do país. Entre as áreas abrangidas pelo estudo, 79,3% dos dias registaram níveis &#8220;bons&#8221; de qualidade do ar, num acréscimo homólogo de 1,3% e que se enquadra na meta definida pelo Governo chinês. Na área composta pelos municípios de Pequim e Tianjin e a província de Hebei, uma das mais poluídas do país, a percentagem de dias com boa qualidade de ar fixou-se em 50,5%, o que supõe um aumento de 1,2%, face ao ano anterior. A densidade das partículas PM 2.5 &#8211; as mais finas e suscetíveis de se infiltrarem nos pulmões &#8211; caiu 11,8%, em termos homólogos, para uma média de 60 microgramas por metro cúbico. O nível máximo de concentração recomendado pela Organização Mundial de Saúde (OMS) é 25 microgramas por metro cúbico. As cidades de Harbin e Changchun, capitais das províncias de Heilongjiang e Jilin, respetivamente, no nordeste do país, foram as que registaram maior melhoria da qualidade do ar, em 2018, segundo o relatório, que não avança com detalhes. A China anunciou, no ano passado, um novo plano de ação para reduzir a poluição atmosférica, ao longo dos próximos três anos. O objetivo é reduzir as emissões de dióxido de enxofre e óxidos de nitrogénio em mais de 15%, em comparação com 2015, e que cerca de 300 das cidades abrangidas tenham 80% dos dias com bons níveis de qualidade do ar.
