{"version":"1.0","provider_name":"TVM - Televis\u00e3o de Mo\u00e7ambique","provider_url":"https:\/\/www.tvm.co.mz\/novosite","author_name":"Leopoldino Bambo","author_url":"https:\/\/www.tvm.co.mz\/novosite\/author\/lbambo\/","title":"Nova temporada de 'The Punisher' j\u00e1 em janeiro? - TVM - Televis\u00e3o de Mo\u00e7ambique","type":"rich","width":600,"height":338,"html":"<blockquote class=\"wp-embedded-content\" data-secret=\"BgFVQKmWNH\"><a href=\"https:\/\/www.tvm.co.mz\/novosite\/2018\/12\/13\/nova-temporada-de-the-punisher-ja-em-janeiro\/\">Nova temporada de &#8216;The Punisher&#8217; j\u00e1 em janeiro?<\/a><\/blockquote><iframe sandbox=\"allow-scripts\" security=\"restricted\" src=\"https:\/\/www.tvm.co.mz\/novosite\/2018\/12\/13\/nova-temporada-de-the-punisher-ja-em-janeiro\/embed\/#?secret=BgFVQKmWNH\" width=\"600\" height=\"338\" title=\"&#8220;Nova temporada de &#8216;The Punisher&#8217; j\u00e1 em janeiro?&#8221; &#8212; TVM - Televis\u00e3o de Mo\u00e7ambique\" data-secret=\"BgFVQKmWNH\" frameborder=\"0\" marginwidth=\"0\" marginheight=\"0\" scrolling=\"no\" class=\"wp-embedded-content\"><\/iframe><script>\n\/*! This file is auto-generated *\/\n!function(d,l){\"use strict\";l.querySelector&&d.addEventListener&&\"undefined\"!=typeof URL&&(d.wp=d.wp||{},d.wp.receiveEmbedMessage||(d.wp.receiveEmbedMessage=function(e){var t=e.data;if((t||t.secret||t.message||t.value)&&!\/[^a-zA-Z0-9]\/.test(t.secret)){for(var s,r,n,a=l.querySelectorAll('iframe[data-secret=\"'+t.secret+'\"]'),o=l.querySelectorAll('blockquote[data-secret=\"'+t.secret+'\"]'),c=new RegExp(\"^https?:$\",\"i\"),i=0;i<o.length;i++)o[i].style.display=\"none\";for(i=0;i<a.length;i++)s=a[i],e.source===s.contentWindow&&(s.removeAttribute(\"style\"),\"height\"===t.message?(1e3<(r=parseInt(t.value,10))?r=1e3:~~r<200&&(r=200),s.height=r):\"link\"===t.message&&(r=new URL(s.getAttribute(\"src\")),n=new URL(t.value),c.test(n.protocol))&&n.host===r.host&&l.activeElement===s&&(d.top.location.href=t.value))}},d.addEventListener(\"message\",d.wp.receiveEmbedMessage,!1),l.addEventListener(\"DOMContentLoaded\",function(){for(var e,t,s=l.querySelectorAll(\"iframe.wp-embedded-content\"),r=0;r<s.length;r++)(t=(e=s[r]).getAttribute(\"data-secret\"))||(t=Math.random().toString(36).substring(2,12),e.src+=\"#?secret=\"+t,e.setAttribute(\"data-secret\",t)),e.contentWindow.postMessage({message:\"ready\",secret:t},\"*\")},!1)))}(window,document);\n\/\/# sourceURL=https:\/\/www.tvm.co.mz\/novosite\/wp-includes\/js\/wp-embed.min.js\n<\/script>\n","description":"N\u00e3o foi adiantada qualquer data de lan\u00e7amento para aquela que se adivinha ser a \u00faltima aventura de Frank Castle na Netflix.Os \u00faltimos tempos n\u00e3o t\u00eam sido f\u00e1ceis para os her\u00f3is da Marvel com s\u00e9ries na Netflix. Com \u2018Iron Fist\u2019, \u2018Luke Cage\u2019 e \u2018Daredevil\u2019 j\u00e1 cancelados, o destino parece tra\u00e7ado para \u2018Jessica Jones\u2019 e \u2018The Punisher\u2019. Por\u00e9m, no caso desta \u00faltima, teremos oportunidade de ver Frank Castle mais uma vez na segunda temporada muito em breve. Como conta o io9, o primeiro vislumbre da segunda temporada de \u2018The Punisher\u2019 foi partilhado numa compila\u00e7\u00e3o lan\u00e7ada pela pr\u00f3pria Netflix (abaixo) das suas s\u00e9ries para janeiro. Ainda que a chegada esteja praticamente confirmada para o primeiro m\u00eas de 2019, n\u00e3o \u00e9 adiantada uma data concreta para a estreia da temporada. A Netflix e a Marvel ainda n\u00e3o se pronunciaram sobre o futuro de \u2018The Punisher\u2019 (ou de \u2018Jessica Jones\u2019) mas, tendo em conta que a Disney lan\u00e7ar\u00e1 o seu pr\u00f3prio servi\u00e7o de streaming em 2019 \u2013 o Disney+ \u2013 \u00e9 previs\u00edvel que a Netflix n\u00e3o retenha qualquer licen\u00e7a da empresa.","thumbnail_url":"https:\/\/static.noticiasaominuto.com\/stockimages\/1920\/naom_59f302de52174.jpg"}

TVM - Televisão de Moçambique

Nova temporada de 'The Punisher' já em janeiro? - TVM - Televisão de Moçambique

<blockquote class="wp-embedded-content" data-secret="BgFVQKmWNH"><a href="https://www.tvm.co.mz/novosite/2018/12/13/nova-temporada-de-the-punisher-ja-em-janeiro/">Nova temporada de &#8216;The Punisher&#8217; já em janeiro?</a></blockquote><iframe sandbox="allow-scripts" security="restricted" src="https://www.tvm.co.mz/novosite/2018/12/13/nova-temporada-de-the-punisher-ja-em-janeiro/embed/#?secret=BgFVQKmWNH" width="600" height="338" title="&#8220;Nova temporada de &#8216;The Punisher&#8217; já em janeiro?&#8221; &#8212; TVM - Televisão de Moçambique" data-secret="BgFVQKmWNH" frameborder="0" marginwidth="0" marginheight="0" scrolling="no" class="wp-embedded-content"></iframe><script>
/*! This file is auto-generated */
!function(d,l){"use strict";l.querySelector&&d.addEventListener&&"undefined"!=typeof URL&&(d.wp=d.wp||{},d.wp.receiveEmbedMessage||(d.wp.receiveEmbedMessage=function(e){var t=e.data;if((t||t.secret||t.message||t.value)&&!/[^a-zA-Z0-9]/.test(t.secret)){for(var s,r,n,a=l.querySelectorAll('iframe[data-secret="'+t.secret+'"]'),o=l.querySelectorAll('blockquote[data-secret="'+t.secret+'"]'),c=new RegExp("^https?:$","i"),i=0;i<o.length;i++)o[i].style.display="none";for(i=0;i<a.length;i++)s=a[i],e.source===s.contentWindow&&(s.removeAttribute("style"),"height"===t.message?(1e3<(r=parseInt(t.value,10))?r=1e3:~~r<200&&(r=200),s.height=r):"link"===t.message&&(r=new URL(s.getAttribute("src")),n=new URL(t.value),c.test(n.protocol))&&n.host===r.host&&l.activeElement===s&&(d.top.location.href=t.value))}},d.addEventListener("message",d.wp.receiveEmbedMessage,!1),l.addEventListener("DOMContentLoaded",function(){for(var e,t,s=l.querySelectorAll("iframe.wp-embedded-content"),r=0;r<s.length;r++)(t=(e=s[r]).getAttribute("data-secret"))||(t=Math.random().toString(36).substring(2,12),e.src+="#?secret="+t,e.setAttribute("data-secret",t)),e.contentWindow.postMessage({message:"ready",secret:t},"*")},!1)))}(window,document);
//# sourceURL=https://www.tvm.co.mz/novosite/wp-includes/js/wp-embed.min.js
</script>

Não foi adiantada qualquer data de lançamento para aquela que se adivinha ser a última aventura de Frank Castle na Netflix.Os últimos tempos não têm sido fáceis para os heróis da Marvel com séries na Netflix. Com ‘Iron Fist’, ‘Luke Cage’ e ‘Daredevil’ já cancelados, o destino parece traçado para ‘Jessica Jones’ e ‘The Punisher’. Porém, no caso desta última, teremos oportunidade de ver Frank Castle mais uma vez na segunda temporada muito em breve. Como conta o io9, o primeiro vislumbre da segunda temporada de ‘The Punisher’ foi partilhado numa compilação lançada pela própria Netflix (abaixo) das suas séries para janeiro. Ainda que a chegada esteja praticamente confirmada para o primeiro mês de 2019, não é adiantada uma data concreta para a estreia da temporada. A Netflix e a Marvel ainda não se pronunciaram sobre o futuro de ‘The Punisher’ (ou de ‘Jessica Jones’) mas, tendo em conta que a Disney lançará o seu próprio serviço de streaming em 2019 – o Disney+ – é previsível que a Netflix não retenha qualquer licença da empresa.
