{"version":"1.0","provider_name":"TVM - Televis\u00e3o de Mo\u00e7ambique","provider_url":"https:\/\/www.tvm.co.mz\/novosite","author_name":"Edson Sengo","author_url":"https:\/\/www.tvm.co.mz\/novosite\/author\/esengo\/","title":"PR inicia hoje visita oficial \u00e0 Noruega - TVM - Televis\u00e3o de Mo\u00e7ambique","type":"rich","width":600,"height":338,"html":"<blockquote class=\"wp-embedded-content\" data-secret=\"AyezYjH5CN\"><a href=\"https:\/\/www.tvm.co.mz\/novosite\/2018\/11\/13\/pr-inicia-hoje-visita-oficial-a-noruega\/\">PR inicia hoje visita oficial \u00e0 Noruega<\/a><\/blockquote><iframe sandbox=\"allow-scripts\" security=\"restricted\" src=\"https:\/\/www.tvm.co.mz\/novosite\/2018\/11\/13\/pr-inicia-hoje-visita-oficial-a-noruega\/embed\/#?secret=AyezYjH5CN\" width=\"600\" height=\"338\" title=\"&#8220;PR inicia hoje visita oficial \u00e0 Noruega&#8221; &#8212; TVM - Televis\u00e3o de Mo\u00e7ambique\" data-secret=\"AyezYjH5CN\" frameborder=\"0\" marginwidth=\"0\" marginheight=\"0\" scrolling=\"no\" class=\"wp-embedded-content\"><\/iframe><script>\n\/*! This file is auto-generated *\/\n!function(d,l){\"use strict\";l.querySelector&&d.addEventListener&&\"undefined\"!=typeof URL&&(d.wp=d.wp||{},d.wp.receiveEmbedMessage||(d.wp.receiveEmbedMessage=function(e){var t=e.data;if((t||t.secret||t.message||t.value)&&!\/[^a-zA-Z0-9]\/.test(t.secret)){for(var s,r,n,a=l.querySelectorAll('iframe[data-secret=\"'+t.secret+'\"]'),o=l.querySelectorAll('blockquote[data-secret=\"'+t.secret+'\"]'),c=new RegExp(\"^https?:$\",\"i\"),i=0;i<o.length;i++)o[i].style.display=\"none\";for(i=0;i<a.length;i++)s=a[i],e.source===s.contentWindow&&(s.removeAttribute(\"style\"),\"height\"===t.message?(1e3<(r=parseInt(t.value,10))?r=1e3:~~r<200&&(r=200),s.height=r):\"link\"===t.message&&(r=new URL(s.getAttribute(\"src\")),n=new URL(t.value),c.test(n.protocol))&&n.host===r.host&&l.activeElement===s&&(d.top.location.href=t.value))}},d.addEventListener(\"message\",d.wp.receiveEmbedMessage,!1),l.addEventListener(\"DOMContentLoaded\",function(){for(var e,t,s=l.querySelectorAll(\"iframe.wp-embedded-content\"),r=0;r<s.length;r++)(t=(e=s[r]).getAttribute(\"data-secret\"))||(t=Math.random().toString(36).substring(2,12),e.src+=\"#?secret=\"+t,e.setAttribute(\"data-secret\",t)),e.contentWindow.postMessage({message:\"ready\",secret:t},\"*\")},!1)))}(window,document);\n\/\/# sourceURL=https:\/\/www.tvm.co.mz\/novosite\/wp-includes\/js\/wp-embed.min.js\n<\/script>\n","thumbnail_url":"https:\/\/www.tvm.co.mz\/novosite\/wp-content\/uploads\/2018\/11\/24866537.jpg","thumbnail_width":1920,"thumbnail_height":1080,"description":"Presidente da Rep\u00fablica, Filipe Nyusi, inicia hoje uma visita oficial \u00e0 Noruega, que decorre at\u00e9 quinta-feira, durante a qual vai encontrar-se com a primeira-ministra do pa\u00eds escandinavo e a fam\u00edlia real. A visita de Nyusi surge a convite da chefe do Governo noruegu\u00eas, Erna Solberg, e surge numa altura em que os dois pa\u00edses mant\u00eam rela\u00e7\u00f5es intensas em v\u00e1rios dom\u00ednios. A Noruega participa no grupo constitu\u00eddo por nove oficiais internacionais que est\u00e1 a dar apoio t\u00e9cnico e aconselhamento ao processo de desarmamento, desmobiliza\u00e7\u00e3o e reintegra\u00e7\u00e3o (DDR) na sociedade civil dos efetivos armados da Resist\u00eancia Nacional Mo\u00e7ambicana (Renamo), principal partido da oposi\u00e7\u00e3o. No plano econ\u00f3mico, o Governo de Mo\u00e7ambique e a companhia norueguesa Yara International assinaram em julho de 2017, em Maputo, um memorando de entendimento para produ\u00e7\u00e3o de fertilizantes a partir de g\u00e1s natural a extrair dentro de quatro a cinco anos da bacia do Rovuma, norte do pa\u00eds. Al\u00e9m de manter conversa\u00e7\u00f5es oficiais com a primeira-ministra norueguesa, Filipe Nyusi vai reunir-se em separado com o pr\u00edncipe herdeiro, a presidente do parlamento noruegu\u00eas bem como com a Filipe Nyusi vai ainda manter encontros com a comunidade mo\u00e7ambicana residente na Noruega e vai ser recebido pelo pr\u00edncipe herdeiro na quinta-feira."}

TVM - Televisão de Moçambique

PR inicia hoje visita oficial à Noruega - TVM - Televisão de Moçambique

<blockquote class="wp-embedded-content" data-secret="AyezYjH5CN"><a href="https://www.tvm.co.mz/novosite/2018/11/13/pr-inicia-hoje-visita-oficial-a-noruega/">PR inicia hoje visita oficial à Noruega</a></blockquote><iframe sandbox="allow-scripts" security="restricted" src="https://www.tvm.co.mz/novosite/2018/11/13/pr-inicia-hoje-visita-oficial-a-noruega/embed/#?secret=AyezYjH5CN" width="600" height="338" title="&#8220;PR inicia hoje visita oficial à Noruega&#8221; &#8212; TVM - Televisão de Moçambique" data-secret="AyezYjH5CN" frameborder="0" marginwidth="0" marginheight="0" scrolling="no" class="wp-embedded-content"></iframe><script>
/*! This file is auto-generated */
!function(d,l){"use strict";l.querySelector&&d.addEventListener&&"undefined"!=typeof URL&&(d.wp=d.wp||{},d.wp.receiveEmbedMessage||(d.wp.receiveEmbedMessage=function(e){var t=e.data;if((t||t.secret||t.message||t.value)&&!/[^a-zA-Z0-9]/.test(t.secret)){for(var s,r,n,a=l.querySelectorAll('iframe[data-secret="'+t.secret+'"]'),o=l.querySelectorAll('blockquote[data-secret="'+t.secret+'"]'),c=new RegExp("^https?:$","i"),i=0;i<o.length;i++)o[i].style.display="none";for(i=0;i<a.length;i++)s=a[i],e.source===s.contentWindow&&(s.removeAttribute("style"),"height"===t.message?(1e3<(r=parseInt(t.value,10))?r=1e3:~~r<200&&(r=200),s.height=r):"link"===t.message&&(r=new URL(s.getAttribute("src")),n=new URL(t.value),c.test(n.protocol))&&n.host===r.host&&l.activeElement===s&&(d.top.location.href=t.value))}},d.addEventListener("message",d.wp.receiveEmbedMessage,!1),l.addEventListener("DOMContentLoaded",function(){for(var e,t,s=l.querySelectorAll("iframe.wp-embedded-content"),r=0;r<s.length;r++)(t=(e=s[r]).getAttribute("data-secret"))||(t=Math.random().toString(36).substring(2,12),e.src+="#?secret="+t,e.setAttribute("data-secret",t)),e.contentWindow.postMessage({message:"ready",secret:t},"*")},!1)))}(window,document);
//# sourceURL=https://www.tvm.co.mz/novosite/wp-includes/js/wp-embed.min.js
</script>

Presidente da República, Filipe Nyusi, inicia hoje uma visita oficial à Noruega, que decorre até quinta-feira, durante a qual vai encontrar-se com a primeira-ministra do país escandinavo e a família real. A visita de Nyusi surge a convite da chefe do Governo norueguês, Erna Solberg, e surge numa altura em que os dois países mantêm relações intensas em vários domínios. A Noruega participa no grupo constituído por nove oficiais internacionais que está a dar apoio técnico e aconselhamento ao processo de desarmamento, desmobilização e reintegração (DDR) na sociedade civil dos efetivos armados da Resistência Nacional Moçambicana (Renamo), principal partido da oposição. No plano económico, o Governo de Moçambique e a companhia norueguesa Yara International assinaram em julho de 2017, em Maputo, um memorando de entendimento para produção de fertilizantes a partir de gás natural a extrair dentro de quatro a cinco anos da bacia do Rovuma, norte do país. Além de manter conversações oficiais com a primeira-ministra norueguesa, Filipe Nyusi vai reunir-se em separado com o príncipe herdeiro, a presidente do parlamento norueguês bem como com a Filipe Nyusi vai ainda manter encontros com a comunidade moçambicana residente na Noruega e vai ser recebido pelo príncipe herdeiro na quinta-feira.
