{"version":"1.0","provider_name":"TVM - Televis\u00e3o de Mo\u00e7ambique","provider_url":"https:\/\/www.tvm.co.mz\/novosite","author_name":"Leopoldino Bambo","author_url":"https:\/\/www.tvm.co.mz\/novosite\/author\/lbambo\/","title":"Simango Jr. na gala FIFA the Best - TVM - Televis\u00e3o de Mo\u00e7ambique","type":"rich","width":600,"height":338,"html":"<blockquote class=\"wp-embedded-content\" data-secret=\"FzMMDPyfyP\"><a href=\"https:\/\/www.tvm.co.mz\/novosite\/2018\/09\/25\/simango-jr-na-gala-fifa-the-best\/\">Simango Jr. na gala FIFA the Best<\/a><\/blockquote><iframe sandbox=\"allow-scripts\" security=\"restricted\" src=\"https:\/\/www.tvm.co.mz\/novosite\/2018\/09\/25\/simango-jr-na-gala-fifa-the-best\/embed\/#?secret=FzMMDPyfyP\" width=\"600\" height=\"338\" title=\"&#8220;Simango Jr. na gala FIFA the Best&#8221; &#8212; TVM - Televis\u00e3o de Mo\u00e7ambique\" data-secret=\"FzMMDPyfyP\" frameborder=\"0\" marginwidth=\"0\" marginheight=\"0\" scrolling=\"no\" class=\"wp-embedded-content\"><\/iframe><script>\n\/*! This file is auto-generated *\/\n!function(d,l){\"use strict\";l.querySelector&&d.addEventListener&&\"undefined\"!=typeof URL&&(d.wp=d.wp||{},d.wp.receiveEmbedMessage||(d.wp.receiveEmbedMessage=function(e){var t=e.data;if((t||t.secret||t.message||t.value)&&!\/[^a-zA-Z0-9]\/.test(t.secret)){for(var s,r,n,a=l.querySelectorAll('iframe[data-secret=\"'+t.secret+'\"]'),o=l.querySelectorAll('blockquote[data-secret=\"'+t.secret+'\"]'),c=new RegExp(\"^https?:$\",\"i\"),i=0;i<o.length;i++)o[i].style.display=\"none\";for(i=0;i<a.length;i++)s=a[i],e.source===s.contentWindow&&(s.removeAttribute(\"style\"),\"height\"===t.message?(1e3<(r=parseInt(t.value,10))?r=1e3:~~r<200&&(r=200),s.height=r):\"link\"===t.message&&(r=new URL(s.getAttribute(\"src\")),n=new URL(t.value),c.test(n.protocol))&&n.host===r.host&&l.activeElement===s&&(d.top.location.href=t.value))}},d.addEventListener(\"message\",d.wp.receiveEmbedMessage,!1),l.addEventListener(\"DOMContentLoaded\",function(){for(var e,t,s=l.querySelectorAll(\"iframe.wp-embedded-content\"),r=0;r<s.length;r++)(t=(e=s[r]).getAttribute(\"data-secret\"))||(t=Math.random().toString(36).substring(2,12),e.src+=\"#?secret=\"+t,e.setAttribute(\"data-secret\",t)),e.contentWindow.postMessage({message:\"ready\",secret:t},\"*\")},!1)))}(window,document);\n\/\/# sourceURL=https:\/\/www.tvm.co.mz\/novosite\/wp-includes\/js\/wp-embed.min.js\n<\/script>\n","thumbnail_url":"https:\/\/www.tvm.co.mz\/novosite\/wp-content\/uploads\/2018\/09\/transferir-5.jpg","thumbnail_width":554,"thumbnail_height":369,"description":"O Presidente da Federa\u00e7\u00e3o Mo\u00e7ambicana de Futebol, Alberto Simango Jr., estar\u00e1 hoje, em Londres, Inglaterra, na gala dos pr\u00e9mios The Best, evento organizado pela FIFA. Na cerim\u00f3nia para a elei\u00e7\u00e3o dos melhores futebolistas da \u00e9poca tem inicio as 20:30 horas, sendo que o nosso pa\u00eds ser\u00e1 representado igualmente pelo seleccionador nacional, Abel Xavier. Os melhores do ano, cuja vota\u00e7\u00e3o encerrou a 10 de Agosto, s\u00e3o eleitos pelos adeptos, contando 25 por cento, tendo ainda os votos de todos os capit\u00e3es (25 por cento), seleccionadores (25 por cento) e painel de cerca de 200 jornalistas especializados (25 por cento). Refira-se que Ronaldo, Modric e Salah s\u00e3o os finalistas da edi\u00e7\u00e3o 2018 que n\u00e3o conta com a presen\u00e7a do astro argentino, Lionel Messi, 12 anos depois. Link:&nbsp;http:\/\/www.jornalnoticias.co.mz\/index.php\/desporto\/nacional\/82011-simango-jr-na-gala-fifa-the-best"}

TVM - Televisão de Moçambique

Simango Jr. na gala FIFA the Best - TVM - Televisão de Moçambique

<blockquote class="wp-embedded-content" data-secret="FzMMDPyfyP"><a href="https://www.tvm.co.mz/novosite/2018/09/25/simango-jr-na-gala-fifa-the-best/">Simango Jr. na gala FIFA the Best</a></blockquote><iframe sandbox="allow-scripts" security="restricted" src="https://www.tvm.co.mz/novosite/2018/09/25/simango-jr-na-gala-fifa-the-best/embed/#?secret=FzMMDPyfyP" width="600" height="338" title="&#8220;Simango Jr. na gala FIFA the Best&#8221; &#8212; TVM - Televisão de Moçambique" data-secret="FzMMDPyfyP" frameborder="0" marginwidth="0" marginheight="0" scrolling="no" class="wp-embedded-content"></iframe><script>
/*! This file is auto-generated */
!function(d,l){"use strict";l.querySelector&&d.addEventListener&&"undefined"!=typeof URL&&(d.wp=d.wp||{},d.wp.receiveEmbedMessage||(d.wp.receiveEmbedMessage=function(e){var t=e.data;if((t||t.secret||t.message||t.value)&&!/[^a-zA-Z0-9]/.test(t.secret)){for(var s,r,n,a=l.querySelectorAll('iframe[data-secret="'+t.secret+'"]'),o=l.querySelectorAll('blockquote[data-secret="'+t.secret+'"]'),c=new RegExp("^https?:$","i"),i=0;i<o.length;i++)o[i].style.display="none";for(i=0;i<a.length;i++)s=a[i],e.source===s.contentWindow&&(s.removeAttribute("style"),"height"===t.message?(1e3<(r=parseInt(t.value,10))?r=1e3:~~r<200&&(r=200),s.height=r):"link"===t.message&&(r=new URL(s.getAttribute("src")),n=new URL(t.value),c.test(n.protocol))&&n.host===r.host&&l.activeElement===s&&(d.top.location.href=t.value))}},d.addEventListener("message",d.wp.receiveEmbedMessage,!1),l.addEventListener("DOMContentLoaded",function(){for(var e,t,s=l.querySelectorAll("iframe.wp-embedded-content"),r=0;r<s.length;r++)(t=(e=s[r]).getAttribute("data-secret"))||(t=Math.random().toString(36).substring(2,12),e.src+="#?secret="+t,e.setAttribute("data-secret",t)),e.contentWindow.postMessage({message:"ready",secret:t},"*")},!1)))}(window,document);
//# sourceURL=https://www.tvm.co.mz/novosite/wp-includes/js/wp-embed.min.js
</script>

O Presidente da Federação Moçambicana de Futebol, Alberto Simango Jr., estará hoje, em Londres, Inglaterra, na gala dos prémios The Best, evento organizado pela FIFA. Na cerimónia para a eleição dos melhores futebolistas da época tem inicio as 20:30 horas, sendo que o nosso país será representado igualmente pelo seleccionador nacional, Abel Xavier. Os melhores do ano, cuja votação encerrou a 10 de Agosto, são eleitos pelos adeptos, contando 25 por cento, tendo ainda os votos de todos os capitães (25 por cento), seleccionadores (25 por cento) e painel de cerca de 200 jornalistas especializados (25 por cento). Refira-se que Ronaldo, Modric e Salah são os finalistas da edição 2018 que não conta com a presença do astro argentino, Lionel Messi, 12 anos depois. Link:&nbsp;http://www.jornalnoticias.co.mz/index.php/desporto/nacional/82011-simango-jr-na-gala-fifa-the-best
