{"version":"1.0","provider_name":"TVM - Televis\u00e3o de Mo\u00e7ambique","provider_url":"https:\/\/www.tvm.co.mz\/novosite","author_name":"Leopoldino Bambo","author_url":"https:\/\/www.tvm.co.mz\/novosite\/author\/lbambo\/","title":"Crian\u00e7a de seis anos morre enforcada \"acidentalmente\" - TVM - Televis\u00e3o de Mo\u00e7ambique","type":"rich","width":600,"height":338,"html":"<blockquote class=\"wp-embedded-content\" data-secret=\"qQWMIeyKxD\"><a href=\"https:\/\/www.tvm.co.mz\/novosite\/2018\/07\/21\/crianca-de-seis-anos-morre-enforcada-acidentalmente\/\">Crian\u00e7a de seis anos morre enforcada &#8220;acidentalmente&#8221;<\/a><\/blockquote><iframe sandbox=\"allow-scripts\" security=\"restricted\" src=\"https:\/\/www.tvm.co.mz\/novosite\/2018\/07\/21\/crianca-de-seis-anos-morre-enforcada-acidentalmente\/embed\/#?secret=qQWMIeyKxD\" width=\"600\" height=\"338\" title=\"&#8220;Crian\u00e7a de seis anos morre enforcada &#8220;acidentalmente&#8221;&#8221; &#8212; TVM - Televis\u00e3o de Mo\u00e7ambique\" data-secret=\"qQWMIeyKxD\" frameborder=\"0\" marginwidth=\"0\" marginheight=\"0\" scrolling=\"no\" class=\"wp-embedded-content\"><\/iframe><script>\n\/*! This file is auto-generated *\/\n!function(d,l){\"use strict\";l.querySelector&&d.addEventListener&&\"undefined\"!=typeof URL&&(d.wp=d.wp||{},d.wp.receiveEmbedMessage||(d.wp.receiveEmbedMessage=function(e){var t=e.data;if((t||t.secret||t.message||t.value)&&!\/[^a-zA-Z0-9]\/.test(t.secret)){for(var s,r,n,a=l.querySelectorAll('iframe[data-secret=\"'+t.secret+'\"]'),o=l.querySelectorAll('blockquote[data-secret=\"'+t.secret+'\"]'),c=new RegExp(\"^https?:$\",\"i\"),i=0;i<o.length;i++)o[i].style.display=\"none\";for(i=0;i<a.length;i++)s=a[i],e.source===s.contentWindow&&(s.removeAttribute(\"style\"),\"height\"===t.message?(1e3<(r=parseInt(t.value,10))?r=1e3:~~r<200&&(r=200),s.height=r):\"link\"===t.message&&(r=new URL(s.getAttribute(\"src\")),n=new URL(t.value),c.test(n.protocol))&&n.host===r.host&&l.activeElement===s&&(d.top.location.href=t.value))}},d.addEventListener(\"message\",d.wp.receiveEmbedMessage,!1),l.addEventListener(\"DOMContentLoaded\",function(){for(var e,t,s=l.querySelectorAll(\"iframe.wp-embedded-content\"),r=0;r<s.length;r++)(t=(e=s[r]).getAttribute(\"data-secret\"))||(t=Math.random().toString(36).substring(2,12),e.src+=\"#?secret=\"+t,e.setAttribute(\"data-secret\",t)),e.contentWindow.postMessage({message:\"ready\",secret:t},\"*\")},!1)))}(window,document);\n\/\/# sourceURL=https:\/\/www.tvm.co.mz\/novosite\/wp-includes\/js\/wp-embed.min.js\n<\/script>\n","description":"A menina foi encontrada pela m\u00e3e, j\u00e1 sem respirar.Daisy Dymyd, de apenas seis anos, foi encontrada j\u00e1 sem vida pela m\u00e3e. A menina ter-se-\u00e1 enforcado acidentalmente no seu quarto depois de ter amarrado duas cordas enquanto brincava. A informa\u00e7\u00e3o, divulgada pelo brit\u00e2nico Mirror, d\u00e1 conta que est\u00e1 a ser realizado um inqu\u00e9rito ao caso para apurar em que circunst\u00e2ncias ocorreu a morte da menor. \u201cFeliz\u201d e &#8220;brincalhona&#8221; como \u00e9 descrita pela fam\u00edlia, Daisy estaria a brincar com duas cordas no quarto, id\u00eanticas \u00e0s que s\u00e3o usadas pelas crian\u00e7as para saltar \u00e0 corda, no momento em que ter\u00e1 ocorrido o acidente. A m\u00e3e, Charlotte, estava a realizar algumas tarefas dom\u00e9sticas quando se apercebeu que estava tudo muito silencioso no andar de cima. E quando foi ver o que se passava descobriu que a menina j\u00e1 n\u00e3o respirava. De imediato a m\u00e3e libertou a crian\u00e7a e come\u00e7ou a realizar compress\u00f5es tor\u00e1cicas na tentativa de reanim\u00e1-la, ligando de seguida para o n\u00famero de emerg\u00eancia. A pequena Daisy foi levada de helic\u00f3ptero para o Hospital Infantil de Sheffield, Yorkshire (Inglaterra), mas o \u00f3bito viria a ser declarado pouco depois.","thumbnail_url":"https:\/\/static.noticiasaominuto.com\/stockimages\/1920\/naom_5b52e1655b273.jpg?1532158585"}

TVM - Televisão de Moçambique

Criança de seis anos morre enforcada "acidentalmente" - TVM - Televisão de Moçambique

<blockquote class="wp-embedded-content" data-secret="qQWMIeyKxD"><a href="https://www.tvm.co.mz/novosite/2018/07/21/crianca-de-seis-anos-morre-enforcada-acidentalmente/">Criança de seis anos morre enforcada &#8220;acidentalmente&#8221;</a></blockquote><iframe sandbox="allow-scripts" security="restricted" src="https://www.tvm.co.mz/novosite/2018/07/21/crianca-de-seis-anos-morre-enforcada-acidentalmente/embed/#?secret=qQWMIeyKxD" width="600" height="338" title="&#8220;Criança de seis anos morre enforcada &#8220;acidentalmente&#8221;&#8221; &#8212; TVM - Televisão de Moçambique" data-secret="qQWMIeyKxD" frameborder="0" marginwidth="0" marginheight="0" scrolling="no" class="wp-embedded-content"></iframe><script>
/*! This file is auto-generated */
!function(d,l){"use strict";l.querySelector&&d.addEventListener&&"undefined"!=typeof URL&&(d.wp=d.wp||{},d.wp.receiveEmbedMessage||(d.wp.receiveEmbedMessage=function(e){var t=e.data;if((t||t.secret||t.message||t.value)&&!/[^a-zA-Z0-9]/.test(t.secret)){for(var s,r,n,a=l.querySelectorAll('iframe[data-secret="'+t.secret+'"]'),o=l.querySelectorAll('blockquote[data-secret="'+t.secret+'"]'),c=new RegExp("^https?:$","i"),i=0;i<o.length;i++)o[i].style.display="none";for(i=0;i<a.length;i++)s=a[i],e.source===s.contentWindow&&(s.removeAttribute("style"),"height"===t.message?(1e3<(r=parseInt(t.value,10))?r=1e3:~~r<200&&(r=200),s.height=r):"link"===t.message&&(r=new URL(s.getAttribute("src")),n=new URL(t.value),c.test(n.protocol))&&n.host===r.host&&l.activeElement===s&&(d.top.location.href=t.value))}},d.addEventListener("message",d.wp.receiveEmbedMessage,!1),l.addEventListener("DOMContentLoaded",function(){for(var e,t,s=l.querySelectorAll("iframe.wp-embedded-content"),r=0;r<s.length;r++)(t=(e=s[r]).getAttribute("data-secret"))||(t=Math.random().toString(36).substring(2,12),e.src+="#?secret="+t,e.setAttribute("data-secret",t)),e.contentWindow.postMessage({message:"ready",secret:t},"*")},!1)))}(window,document);
//# sourceURL=https://www.tvm.co.mz/novosite/wp-includes/js/wp-embed.min.js
</script>

A menina foi encontrada pela mãe, já sem respirar.Daisy Dymyd, de apenas seis anos, foi encontrada já sem vida pela mãe. A menina ter-se-á enforcado acidentalmente no seu quarto depois de ter amarrado duas cordas enquanto brincava. A informação, divulgada pelo britânico Mirror, dá conta que está a ser realizado um inquérito ao caso para apurar em que circunstâncias ocorreu a morte da menor. “Feliz” e &#8220;brincalhona&#8221; como é descrita pela família, Daisy estaria a brincar com duas cordas no quarto, idênticas às que são usadas pelas crianças para saltar à corda, no momento em que terá ocorrido o acidente. A mãe, Charlotte, estava a realizar algumas tarefas domésticas quando se apercebeu que estava tudo muito silencioso no andar de cima. E quando foi ver o que se passava descobriu que a menina já não respirava. De imediato a mãe libertou a criança e começou a realizar compressões torácicas na tentativa de reanimá-la, ligando de seguida para o número de emergência. A pequena Daisy foi levada de helicóptero para o Hospital Infantil de Sheffield, Yorkshire (Inglaterra), mas o óbito viria a ser declarado pouco depois.
