{"version":"1.0","provider_name":"TVM - Televis\u00e3o de Mo\u00e7ambique","provider_url":"https:\/\/www.tvm.co.mz\/novosite","author_name":"Edson Sengo","author_url":"https:\/\/www.tvm.co.mz\/novosite\/author\/esengo\/","title":"Apple: \"Apost\u00e1mos a empresa\" com o iPhone - TVM - Televis\u00e3o de Mo\u00e7ambique","type":"rich","width":600,"height":338,"html":"<blockquote class=\"wp-embedded-content\" data-secret=\"uqlB5xV5IK\"><a href=\"https:\/\/www.tvm.co.mz\/novosite\/2018\/05\/17\/apple-apostamos-a-empresa-com-o-iphone\/\">Apple: &#8220;Apost\u00e1mos a empresa&#8221; com o iPhone<\/a><\/blockquote><iframe sandbox=\"allow-scripts\" security=\"restricted\" src=\"https:\/\/www.tvm.co.mz\/novosite\/2018\/05\/17\/apple-apostamos-a-empresa-com-o-iphone\/embed\/#?secret=uqlB5xV5IK\" width=\"600\" height=\"338\" title=\"&#8220;Apple: &#8220;Apost\u00e1mos a empresa&#8221; com o iPhone&#8221; &#8212; TVM - Televis\u00e3o de Mo\u00e7ambique\" data-secret=\"uqlB5xV5IK\" frameborder=\"0\" marginwidth=\"0\" marginheight=\"0\" scrolling=\"no\" class=\"wp-embedded-content\"><\/iframe><script>\n\/*! This file is auto-generated *\/\n!function(d,l){\"use strict\";l.querySelector&&d.addEventListener&&\"undefined\"!=typeof URL&&(d.wp=d.wp||{},d.wp.receiveEmbedMessage||(d.wp.receiveEmbedMessage=function(e){var t=e.data;if((t||t.secret||t.message||t.value)&&!\/[^a-zA-Z0-9]\/.test(t.secret)){for(var s,r,n,a=l.querySelectorAll('iframe[data-secret=\"'+t.secret+'\"]'),o=l.querySelectorAll('blockquote[data-secret=\"'+t.secret+'\"]'),c=new RegExp(\"^https?:$\",\"i\"),i=0;i<o.length;i++)o[i].style.display=\"none\";for(i=0;i<a.length;i++)s=a[i],e.source===s.contentWindow&&(s.removeAttribute(\"style\"),\"height\"===t.message?(1e3<(r=parseInt(t.value,10))?r=1e3:~~r<200&&(r=200),s.height=r):\"link\"===t.message&&(r=new URL(s.getAttribute(\"src\")),n=new URL(t.value),c.test(n.protocol))&&n.host===r.host&&l.activeElement===s&&(d.top.location.href=t.value))}},d.addEventListener(\"message\",d.wp.receiveEmbedMessage,!1),l.addEventListener(\"DOMContentLoaded\",function(){for(var e,t,s=l.querySelectorAll(\"iframe.wp-embedded-content\"),r=0;r<s.length;r++)(t=(e=s[r]).getAttribute(\"data-secret\"))||(t=Math.random().toString(36).substring(2,12),e.src+=\"#?secret=\"+t,e.setAttribute(\"data-secret\",t)),e.contentWindow.postMessage({message:\"ready\",secret:t},\"*\")},!1)))}(window,document);\n\/\/# sourceURL=https:\/\/www.tvm.co.mz\/novosite\/wp-includes\/js\/wp-embed.min.js\n<\/script>\n","thumbnail_url":"https:\/\/www.tvm.co.mz\/novosite\/wp-content\/uploads\/2016\/10\/naom_56c3a02bcfaf5.jpg","thumbnail_width":1920,"thumbnail_height":1080,"description":"A Apple e a Samsung est\u00e3o de volta aos tribunais com batalha legal que j\u00e1 dura desde 2011. A Apple e a Samsung regressaram ontem aos tribunais para continuar a batalha legal que dura j\u00e1 desde 2011 a prop\u00f3sito de viola\u00e7\u00e3o de patentes de design. O vice-presidente de marketing de produto da Apple, Greg Joswiak, foi a primeira testemunha apresentada pela tecnol\u00f3gica de Cupertino e ofereceu nas suas declara\u00e7\u00f5es um olhar \u00fanico em rela\u00e7\u00e3o \u00e0 relev\u00e2ncia do iPhone. Conta o 9to5mac que Joswiak come\u00e7ou por apresentar aos jurados fotografias de produtos da Apple para comprovar que o design era algo que Steve Jobs queria implementar nos genes da tecnol\u00f3gica de Cupertino. O objetivo de Joswiak ter\u00e1 sido comprovar os danos que ter\u00e3o sido alegadamente causados pela Samsung ao violar as patentes da Apple. O executivo da Apple foi mais longe e explicou a relev\u00e2ncia que o iPhone teve na Apple na altura em que foi anunciado. \u201cEst\u00e1vamos a arriscar tudo o que havia feito da Apple um sucesso\u2026 Est\u00e1vamos a apostar a empresa\u201d, afirmou Joswiak. De recordar que a Apple est\u00e1 a exigir \u00e0 Samsung um total de mil milh\u00f5es de d\u00f3lares em danos de patentes, um valor que a tecnol\u00f3gica de Cupertino defende que o facto de a Samsung as ter violado \u201cmilh\u00f5es e milh\u00f5es e milh\u00f5es de vezes\u201d."}

TVM - Televisão de Moçambique

Apple: "Apostámos a empresa" com o iPhone - TVM - Televisão de Moçambique

<blockquote class="wp-embedded-content" data-secret="uqlB5xV5IK"><a href="https://www.tvm.co.mz/novosite/2018/05/17/apple-apostamos-a-empresa-com-o-iphone/">Apple: &#8220;Apostámos a empresa&#8221; com o iPhone</a></blockquote><iframe sandbox="allow-scripts" security="restricted" src="https://www.tvm.co.mz/novosite/2018/05/17/apple-apostamos-a-empresa-com-o-iphone/embed/#?secret=uqlB5xV5IK" width="600" height="338" title="&#8220;Apple: &#8220;Apostámos a empresa&#8221; com o iPhone&#8221; &#8212; TVM - Televisão de Moçambique" data-secret="uqlB5xV5IK" frameborder="0" marginwidth="0" marginheight="0" scrolling="no" class="wp-embedded-content"></iframe><script>
/*! This file is auto-generated */
!function(d,l){"use strict";l.querySelector&&d.addEventListener&&"undefined"!=typeof URL&&(d.wp=d.wp||{},d.wp.receiveEmbedMessage||(d.wp.receiveEmbedMessage=function(e){var t=e.data;if((t||t.secret||t.message||t.value)&&!/[^a-zA-Z0-9]/.test(t.secret)){for(var s,r,n,a=l.querySelectorAll('iframe[data-secret="'+t.secret+'"]'),o=l.querySelectorAll('blockquote[data-secret="'+t.secret+'"]'),c=new RegExp("^https?:$","i"),i=0;i<o.length;i++)o[i].style.display="none";for(i=0;i<a.length;i++)s=a[i],e.source===s.contentWindow&&(s.removeAttribute("style"),"height"===t.message?(1e3<(r=parseInt(t.value,10))?r=1e3:~~r<200&&(r=200),s.height=r):"link"===t.message&&(r=new URL(s.getAttribute("src")),n=new URL(t.value),c.test(n.protocol))&&n.host===r.host&&l.activeElement===s&&(d.top.location.href=t.value))}},d.addEventListener("message",d.wp.receiveEmbedMessage,!1),l.addEventListener("DOMContentLoaded",function(){for(var e,t,s=l.querySelectorAll("iframe.wp-embedded-content"),r=0;r<s.length;r++)(t=(e=s[r]).getAttribute("data-secret"))||(t=Math.random().toString(36).substring(2,12),e.src+="#?secret="+t,e.setAttribute("data-secret",t)),e.contentWindow.postMessage({message:"ready",secret:t},"*")},!1)))}(window,document);
//# sourceURL=https://www.tvm.co.mz/novosite/wp-includes/js/wp-embed.min.js
</script>

A Apple e a Samsung estão de volta aos tribunais com batalha legal que já dura desde 2011. A Apple e a Samsung regressaram ontem aos tribunais para continuar a batalha legal que dura já desde 2011 a propósito de violação de patentes de design. O vice-presidente de marketing de produto da Apple, Greg Joswiak, foi a primeira testemunha apresentada pela tecnológica de Cupertino e ofereceu nas suas declarações um olhar único em relação à relevância do iPhone. Conta o 9to5mac que Joswiak começou por apresentar aos jurados fotografias de produtos da Apple para comprovar que o design era algo que Steve Jobs queria implementar nos genes da tecnológica de Cupertino. O objetivo de Joswiak terá sido comprovar os danos que terão sido alegadamente causados pela Samsung ao violar as patentes da Apple. O executivo da Apple foi mais longe e explicou a relevância que o iPhone teve na Apple na altura em que foi anunciado. “Estávamos a arriscar tudo o que havia feito da Apple um sucesso… Estávamos a apostar a empresa”, afirmou Joswiak. De recordar que a Apple está a exigir à Samsung um total de mil milhões de dólares em danos de patentes, um valor que a tecnológica de Cupertino defende que o facto de a Samsung as ter violado “milhões e milhões e milhões de vezes”.
