{"version":"1.0","provider_name":"TVM - Televis\u00e3o de Mo\u00e7ambique","provider_url":"https:\/\/www.tvm.co.mz\/novosite","author_name":"Edson Sengo","author_url":"https:\/\/www.tvm.co.mz\/novosite\/author\/esengo\/","title":"A depress\u00e3o de anivers\u00e1rio \u00e9 algo real - TVM - Televis\u00e3o de Mo\u00e7ambique","type":"rich","width":600,"height":338,"html":"<blockquote class=\"wp-embedded-content\" data-secret=\"skzDusTsXg\"><a href=\"https:\/\/www.tvm.co.mz\/novosite\/2018\/05\/06\/a-depressao-de-aniversario-e-algo-real\/\">A depress\u00e3o de anivers\u00e1rio \u00e9 algo real<\/a><\/blockquote><iframe sandbox=\"allow-scripts\" security=\"restricted\" src=\"https:\/\/www.tvm.co.mz\/novosite\/2018\/05\/06\/a-depressao-de-aniversario-e-algo-real\/embed\/#?secret=skzDusTsXg\" width=\"600\" height=\"338\" title=\"&#8220;A depress\u00e3o de anivers\u00e1rio \u00e9 algo real&#8221; &#8212; TVM - Televis\u00e3o de Mo\u00e7ambique\" data-secret=\"skzDusTsXg\" frameborder=\"0\" marginwidth=\"0\" marginheight=\"0\" scrolling=\"no\" class=\"wp-embedded-content\"><\/iframe><script>\n\/*! This file is auto-generated *\/\n!function(d,l){\"use strict\";l.querySelector&&d.addEventListener&&\"undefined\"!=typeof URL&&(d.wp=d.wp||{},d.wp.receiveEmbedMessage||(d.wp.receiveEmbedMessage=function(e){var t=e.data;if((t||t.secret||t.message||t.value)&&!\/[^a-zA-Z0-9]\/.test(t.secret)){for(var s,r,n,a=l.querySelectorAll('iframe[data-secret=\"'+t.secret+'\"]'),o=l.querySelectorAll('blockquote[data-secret=\"'+t.secret+'\"]'),c=new RegExp(\"^https?:$\",\"i\"),i=0;i<o.length;i++)o[i].style.display=\"none\";for(i=0;i<a.length;i++)s=a[i],e.source===s.contentWindow&&(s.removeAttribute(\"style\"),\"height\"===t.message?(1e3<(r=parseInt(t.value,10))?r=1e3:~~r<200&&(r=200),s.height=r):\"link\"===t.message&&(r=new URL(s.getAttribute(\"src\")),n=new URL(t.value),c.test(n.protocol))&&n.host===r.host&&l.activeElement===s&&(d.top.location.href=t.value))}},d.addEventListener(\"message\",d.wp.receiveEmbedMessage,!1),l.addEventListener(\"DOMContentLoaded\",function(){for(var e,t,s=l.querySelectorAll(\"iframe.wp-embedded-content\"),r=0;r<s.length;r++)(t=(e=s[r]).getAttribute(\"data-secret\"))||(t=Math.random().toString(36).substring(2,12),e.src+=\"#?secret=\"+t,e.setAttribute(\"data-secret\",t)),e.contentWindow.postMessage({message:\"ready\",secret:t},\"*\")},!1)))}(window,document);\n\/\/# sourceURL=https:\/\/www.tvm.co.mz\/novosite\/wp-includes\/js\/wp-embed.min.js\n<\/script>\n","thumbnail_url":"https:\/\/www.tvm.co.mz\/novosite\/wp-content\/uploads\/2018\/05\/naom_5aeca66ba9afc.jpg","thumbnail_width":1920,"thumbnail_height":1080,"description":"\u00c9 uma altura da vida em que o aniversariante se sente mais \u2018exposto\u2019 e, mesmo inconsciente, faz uma introspe\u00e7\u00e3o. De um lado, est\u00e3o os que adora o fazer anos e aproveitam cada minuto das 24 horas do seu dia de anos para celebrar, do outro, est\u00e3o os que tiram o dia para deprimir e a \u00fanica coisa que pedem \u00e9 que o dia acaba r\u00e1pido, sem ter de ouvir muitas felicita\u00e7\u00f5es. Ainda que no meio destas duas situa\u00e7\u00f5es distintas esteja grande parte da popula\u00e7\u00e3o, \u00e9 inevit\u00e1vel que conhe\u00e7a pelo menos algu\u00e9m que se identifique com um e outro caso. Falando especificamente dos que deprimem no dia de anos, explica o Tonic que este \u00e9 um comportamento comum. Embora n\u00e3o se possa falar especificamente em depress\u00e3o \u2013 que \u00e9 algo que dura pelo menos duas semanas e uma m\u00e9dia de seis meses \u2013 os anivers\u00e1rios s\u00e3o eventos de vida comummente associados a stress ou depress\u00e3o, diz Stewart Shankman, psic\u00f3logo numa universidade em Chicago. N\u00e3o s\u00f3 os anivers\u00e1rios mas outros momentos como casar ou ter filhos \u2018obriga\u2019 a uma introspe\u00e7\u00e3o acerca da pr\u00f3pria vida, no caso dos anivers\u00e1rios, tal sentimento surge principalmente quando se muda de d\u00e9cada, por exemplo algu\u00e9m que faz 40 anos e pensa em tudo o que deveria ter feito nos seus 30\u2019s e que agora \u00e9 tarde. Contudo, o especialista esclarece que tais ideias como a de que \u2018agora \u00e9 tarde\u2019 s\u00e3o concebidas socialmente e muitas vezes nem s\u00e3o realmente analisadas. Porque n\u00e3o ir \u00e0 \u00cdndia depois dos 30? Ou qualquer outro sonho que tenha deixado por concretizar, depende apenas de si e da vida que leva, n\u00e3o de um n\u00famero que marca os anos que j\u00e1 viveu."}

TVM - Televisão de Moçambique

A depressão de aniversário é algo real - TVM - Televisão de Moçambique

<blockquote class="wp-embedded-content" data-secret="skzDusTsXg"><a href="https://www.tvm.co.mz/novosite/2018/05/06/a-depressao-de-aniversario-e-algo-real/">A depressão de aniversário é algo real</a></blockquote><iframe sandbox="allow-scripts" security="restricted" src="https://www.tvm.co.mz/novosite/2018/05/06/a-depressao-de-aniversario-e-algo-real/embed/#?secret=skzDusTsXg" width="600" height="338" title="&#8220;A depressão de aniversário é algo real&#8221; &#8212; TVM - Televisão de Moçambique" data-secret="skzDusTsXg" frameborder="0" marginwidth="0" marginheight="0" scrolling="no" class="wp-embedded-content"></iframe><script>
/*! This file is auto-generated */
!function(d,l){"use strict";l.querySelector&&d.addEventListener&&"undefined"!=typeof URL&&(d.wp=d.wp||{},d.wp.receiveEmbedMessage||(d.wp.receiveEmbedMessage=function(e){var t=e.data;if((t||t.secret||t.message||t.value)&&!/[^a-zA-Z0-9]/.test(t.secret)){for(var s,r,n,a=l.querySelectorAll('iframe[data-secret="'+t.secret+'"]'),o=l.querySelectorAll('blockquote[data-secret="'+t.secret+'"]'),c=new RegExp("^https?:$","i"),i=0;i<o.length;i++)o[i].style.display="none";for(i=0;i<a.length;i++)s=a[i],e.source===s.contentWindow&&(s.removeAttribute("style"),"height"===t.message?(1e3<(r=parseInt(t.value,10))?r=1e3:~~r<200&&(r=200),s.height=r):"link"===t.message&&(r=new URL(s.getAttribute("src")),n=new URL(t.value),c.test(n.protocol))&&n.host===r.host&&l.activeElement===s&&(d.top.location.href=t.value))}},d.addEventListener("message",d.wp.receiveEmbedMessage,!1),l.addEventListener("DOMContentLoaded",function(){for(var e,t,s=l.querySelectorAll("iframe.wp-embedded-content"),r=0;r<s.length;r++)(t=(e=s[r]).getAttribute("data-secret"))||(t=Math.random().toString(36).substring(2,12),e.src+="#?secret="+t,e.setAttribute("data-secret",t)),e.contentWindow.postMessage({message:"ready",secret:t},"*")},!1)))}(window,document);
//# sourceURL=https://www.tvm.co.mz/novosite/wp-includes/js/wp-embed.min.js
</script>

É uma altura da vida em que o aniversariante se sente mais ‘exposto’ e, mesmo inconsciente, faz uma introspeção. De um lado, estão os que adora o fazer anos e aproveitam cada minuto das 24 horas do seu dia de anos para celebrar, do outro, estão os que tiram o dia para deprimir e a única coisa que pedem é que o dia acaba rápido, sem ter de ouvir muitas felicitações. Ainda que no meio destas duas situações distintas esteja grande parte da população, é inevitável que conheça pelo menos alguém que se identifique com um e outro caso. Falando especificamente dos que deprimem no dia de anos, explica o Tonic que este é um comportamento comum. Embora não se possa falar especificamente em depressão – que é algo que dura pelo menos duas semanas e uma média de seis meses – os aniversários são eventos de vida comummente associados a stress ou depressão, diz Stewart Shankman, psicólogo numa universidade em Chicago. Não só os aniversários mas outros momentos como casar ou ter filhos ‘obriga’ a uma introspeção acerca da própria vida, no caso dos aniversários, tal sentimento surge principalmente quando se muda de década, por exemplo alguém que faz 40 anos e pensa em tudo o que deveria ter feito nos seus 30’s e que agora é tarde. Contudo, o especialista esclarece que tais ideias como a de que ‘agora é tarde’ são concebidas socialmente e muitas vezes nem são realmente analisadas. Porque não ir à Índia depois dos 30? Ou qualquer outro sonho que tenha deixado por concretizar, depende apenas de si e da vida que leva, não de um número que marca os anos que já viveu.
