{"version":"1.0","provider_name":"TVM - Televis\u00e3o de Mo\u00e7ambique","provider_url":"https:\/\/www.tvm.co.mz\/novosite","author_name":"Edson Sengo","author_url":"https:\/\/www.tvm.co.mz\/novosite\/author\/esengo\/","title":"Foi encontrada a cura para a cegueira - TVM - Televis\u00e3o de Mo\u00e7ambique","type":"rich","width":600,"height":338,"html":"<blockquote class=\"wp-embedded-content\" data-secret=\"vKnlPycdkL\"><a href=\"https:\/\/www.tvm.co.mz\/novosite\/2018\/03\/20\/foi-encontrada-a-cura-para-a-cegueira\/\">Foi encontrada a cura para a cegueira<\/a><\/blockquote><iframe sandbox=\"allow-scripts\" security=\"restricted\" src=\"https:\/\/www.tvm.co.mz\/novosite\/2018\/03\/20\/foi-encontrada-a-cura-para-a-cegueira\/embed\/#?secret=vKnlPycdkL\" width=\"600\" height=\"338\" title=\"&#8220;Foi encontrada a cura para a cegueira&#8221; &#8212; TVM - Televis\u00e3o de Mo\u00e7ambique\" data-secret=\"vKnlPycdkL\" frameborder=\"0\" marginwidth=\"0\" marginheight=\"0\" scrolling=\"no\" class=\"wp-embedded-content\"><\/iframe><script>\n\/*! This file is auto-generated *\/\n!function(d,l){\"use strict\";l.querySelector&&d.addEventListener&&\"undefined\"!=typeof URL&&(d.wp=d.wp||{},d.wp.receiveEmbedMessage||(d.wp.receiveEmbedMessage=function(e){var t=e.data;if((t||t.secret||t.message||t.value)&&!\/[^a-zA-Z0-9]\/.test(t.secret)){for(var s,r,n,a=l.querySelectorAll('iframe[data-secret=\"'+t.secret+'\"]'),o=l.querySelectorAll('blockquote[data-secret=\"'+t.secret+'\"]'),c=new RegExp(\"^https?:$\",\"i\"),i=0;i<o.length;i++)o[i].style.display=\"none\";for(i=0;i<a.length;i++)s=a[i],e.source===s.contentWindow&&(s.removeAttribute(\"style\"),\"height\"===t.message?(1e3<(r=parseInt(t.value,10))?r=1e3:~~r<200&&(r=200),s.height=r):\"link\"===t.message&&(r=new URL(s.getAttribute(\"src\")),n=new URL(t.value),c.test(n.protocol))&&n.host===r.host&&l.activeElement===s&&(d.top.location.href=t.value))}},d.addEventListener(\"message\",d.wp.receiveEmbedMessage,!1),l.addEventListener(\"DOMContentLoaded\",function(){for(var e,t,s=l.querySelectorAll(\"iframe.wp-embedded-content\"),r=0;r<s.length;r++)(t=(e=s[r]).getAttribute(\"data-secret\"))||(t=Math.random().toString(36).substring(2,12),e.src+=\"#?secret=\"+t,e.setAttribute(\"data-secret\",t)),e.contentWindow.postMessage({message:\"ready\",secret:t},\"*\")},!1)))}(window,document);\n\/\/# sourceURL=https:\/\/www.tvm.co.mz\/novosite\/wp-includes\/js\/wp-embed.min.js\n<\/script>\n","thumbnail_url":"https:\/\/www.tvm.co.mz\/novosite\/wp-content\/uploads\/2018\/03\/naom_5ab0da5de0e0a.jpg","thumbnail_width":1920,"thumbnail_height":1080,"description":"Os resultados foram mais positivos do que se esperava, tendo garantido sucesso nos dois indiv\u00edduos em que se testou o m\u00e9todo. Falamos do tipo de cegueira mais comum, e a sua cura pode ser um tratamento igualmente comum (como o tratamento de cataratas) dentro de um curto per\u00edodo de cinco anos. O tratamento passa pela aplica\u00e7\u00e3o de um \u2018remendo\u2019 na parte detr\u00e1s do olho, sobre a zona afetada, que permite recuperar grande parte da vis\u00e3o, permitindo que o indiv\u00edduo volte a ler, l\u00ea-se no The Guardian \u2013 um resultado que os investigadores n\u00e3o esperavam ser t\u00e3o positivo. A perda de vis\u00e3o em causa refere-se \u00e0 degenera\u00e7\u00e3o da vis\u00e3o que adv\u00e9m da idade e foi tratada em dois adultos: um homem com cerca de 80 anos, e uma mulher na casa dos 60 \u2013 ambos tinham cegueira quase total, que n\u00e3o lhes permitia sequer reconhecer rostos. Ap\u00f3s a opera\u00e7\u00e3o, a mulher, que lia uma palavra por minuto, consegue agora ler uma m\u00e9dia de oitenta palavras por minuto e o homem, cinquenta. No caso dos pacientes tratados, a cegueira era do tipo h\u00famida \u2013 o mais severo e menos comum dos dois casos. No caso da degenera\u00e7\u00e3o de vis\u00e3o do tipo seca, por ser mais leve, acredita-se que o mesmo tratamento agora testado seja igualmente eficaz. Apesar do sucesso, os especialistas pretendem realizar a opera\u00e7\u00e3o em mais um indiv\u00edduo, que se encontre no mesmo estado avan\u00e7ado que os dois outros, para garantir a efic\u00e1cia e seguran\u00e7a do processo, mas as perspetivas s\u00e3o, desde logo, positivas, sendo que j\u00e1 se aponta a possibilidade de este ser um procedimento frequente \u2013 e barato \u2013 no tratamento do problema. Tamb\u00e9m em Portugal, a degeneresc\u00eancia macular ligada \u00e0 idade \u00e9 uma das principais causas para a cegueira. Embora n\u00e3o se possa apontar um dado concreto, estima-se que em 2011 o n\u00famero de portugueses com dificuldades de vis\u00e3o fosse de cerca de 900 mil cidad\u00e3o, aponta a ACAPO."}

TVM - Televisão de Moçambique

Foi encontrada a cura para a cegueira - TVM - Televisão de Moçambique

<blockquote class="wp-embedded-content" data-secret="vKnlPycdkL"><a href="https://www.tvm.co.mz/novosite/2018/03/20/foi-encontrada-a-cura-para-a-cegueira/">Foi encontrada a cura para a cegueira</a></blockquote><iframe sandbox="allow-scripts" security="restricted" src="https://www.tvm.co.mz/novosite/2018/03/20/foi-encontrada-a-cura-para-a-cegueira/embed/#?secret=vKnlPycdkL" width="600" height="338" title="&#8220;Foi encontrada a cura para a cegueira&#8221; &#8212; TVM - Televisão de Moçambique" data-secret="vKnlPycdkL" frameborder="0" marginwidth="0" marginheight="0" scrolling="no" class="wp-embedded-content"></iframe><script>
/*! This file is auto-generated */
!function(d,l){"use strict";l.querySelector&&d.addEventListener&&"undefined"!=typeof URL&&(d.wp=d.wp||{},d.wp.receiveEmbedMessage||(d.wp.receiveEmbedMessage=function(e){var t=e.data;if((t||t.secret||t.message||t.value)&&!/[^a-zA-Z0-9]/.test(t.secret)){for(var s,r,n,a=l.querySelectorAll('iframe[data-secret="'+t.secret+'"]'),o=l.querySelectorAll('blockquote[data-secret="'+t.secret+'"]'),c=new RegExp("^https?:$","i"),i=0;i<o.length;i++)o[i].style.display="none";for(i=0;i<a.length;i++)s=a[i],e.source===s.contentWindow&&(s.removeAttribute("style"),"height"===t.message?(1e3<(r=parseInt(t.value,10))?r=1e3:~~r<200&&(r=200),s.height=r):"link"===t.message&&(r=new URL(s.getAttribute("src")),n=new URL(t.value),c.test(n.protocol))&&n.host===r.host&&l.activeElement===s&&(d.top.location.href=t.value))}},d.addEventListener("message",d.wp.receiveEmbedMessage,!1),l.addEventListener("DOMContentLoaded",function(){for(var e,t,s=l.querySelectorAll("iframe.wp-embedded-content"),r=0;r<s.length;r++)(t=(e=s[r]).getAttribute("data-secret"))||(t=Math.random().toString(36).substring(2,12),e.src+="#?secret="+t,e.setAttribute("data-secret",t)),e.contentWindow.postMessage({message:"ready",secret:t},"*")},!1)))}(window,document);
//# sourceURL=https://www.tvm.co.mz/novosite/wp-includes/js/wp-embed.min.js
</script>

Os resultados foram mais positivos do que se esperava, tendo garantido sucesso nos dois indivíduos em que se testou o método. Falamos do tipo de cegueira mais comum, e a sua cura pode ser um tratamento igualmente comum (como o tratamento de cataratas) dentro de um curto período de cinco anos. O tratamento passa pela aplicação de um ‘remendo’ na parte detrás do olho, sobre a zona afetada, que permite recuperar grande parte da visão, permitindo que o indivíduo volte a ler, lê-se no The Guardian – um resultado que os investigadores não esperavam ser tão positivo. A perda de visão em causa refere-se à degeneração da visão que advém da idade e foi tratada em dois adultos: um homem com cerca de 80 anos, e uma mulher na casa dos 60 – ambos tinham cegueira quase total, que não lhes permitia sequer reconhecer rostos. Após a operação, a mulher, que lia uma palavra por minuto, consegue agora ler uma média de oitenta palavras por minuto e o homem, cinquenta. No caso dos pacientes tratados, a cegueira era do tipo húmida – o mais severo e menos comum dos dois casos. No caso da degeneração de visão do tipo seca, por ser mais leve, acredita-se que o mesmo tratamento agora testado seja igualmente eficaz. Apesar do sucesso, os especialistas pretendem realizar a operação em mais um indivíduo, que se encontre no mesmo estado avançado que os dois outros, para garantir a eficácia e segurança do processo, mas as perspetivas são, desde logo, positivas, sendo que já se aponta a possibilidade de este ser um procedimento frequente – e barato – no tratamento do problema. Também em Portugal, a degenerescência macular ligada à idade é uma das principais causas para a cegueira. Embora não se possa apontar um dado concreto, estima-se que em 2011 o número de portugueses com dificuldades de visão fosse de cerca de 900 mil cidadão, aponta a ACAPO.
