{"version":"1.0","provider_name":"TVM - Televis\u00e3o de Mo\u00e7ambique","provider_url":"https:\/\/www.tvm.co.mz\/novosite","author_name":"Edson Sengo","author_url":"https:\/\/www.tvm.co.mz\/novosite\/author\/esengo\/","title":"Problema no iPhone 7 leva Apple a oferecer repara\u00e7\u00e3o - TVM - Televis\u00e3o de Mo\u00e7ambique","type":"rich","width":600,"height":338,"html":"<blockquote class=\"wp-embedded-content\" data-secret=\"TMjpyqAWRI\"><a href=\"https:\/\/www.tvm.co.mz\/novosite\/2018\/02\/07\/edicao-noticias-ao-minuto\/\">Problema no iPhone 7 leva Apple a oferecer repara\u00e7\u00e3o<\/a><\/blockquote><iframe sandbox=\"allow-scripts\" security=\"restricted\" src=\"https:\/\/www.tvm.co.mz\/novosite\/2018\/02\/07\/edicao-noticias-ao-minuto\/embed\/#?secret=TMjpyqAWRI\" width=\"600\" height=\"338\" title=\"&#8220;Problema no iPhone 7 leva Apple a oferecer repara\u00e7\u00e3o&#8221; &#8212; TVM - Televis\u00e3o de Mo\u00e7ambique\" data-secret=\"TMjpyqAWRI\" frameborder=\"0\" marginwidth=\"0\" marginheight=\"0\" scrolling=\"no\" class=\"wp-embedded-content\"><\/iframe><script>\n\/*! This file is auto-generated *\/\n!function(d,l){\"use strict\";l.querySelector&&d.addEventListener&&\"undefined\"!=typeof URL&&(d.wp=d.wp||{},d.wp.receiveEmbedMessage||(d.wp.receiveEmbedMessage=function(e){var t=e.data;if((t||t.secret||t.message||t.value)&&!\/[^a-zA-Z0-9]\/.test(t.secret)){for(var s,r,n,a=l.querySelectorAll('iframe[data-secret=\"'+t.secret+'\"]'),o=l.querySelectorAll('blockquote[data-secret=\"'+t.secret+'\"]'),c=new RegExp(\"^https?:$\",\"i\"),i=0;i<o.length;i++)o[i].style.display=\"none\";for(i=0;i<a.length;i++)s=a[i],e.source===s.contentWindow&&(s.removeAttribute(\"style\"),\"height\"===t.message?(1e3<(r=parseInt(t.value,10))?r=1e3:~~r<200&&(r=200),s.height=r):\"link\"===t.message&&(r=new URL(s.getAttribute(\"src\")),n=new URL(t.value),c.test(n.protocol))&&n.host===r.host&&l.activeElement===s&&(d.top.location.href=t.value))}},d.addEventListener(\"message\",d.wp.receiveEmbedMessage,!1),l.addEventListener(\"DOMContentLoaded\",function(){for(var e,t,s=l.querySelectorAll(\"iframe.wp-embedded-content\"),r=0;r<s.length;r++)(t=(e=s[r]).getAttribute(\"data-secret\"))||(t=Math.random().toString(36).substring(2,12),e.src+=\"#?secret=\"+t,e.setAttribute(\"data-secret\",t)),e.contentWindow.postMessage({message:\"ready\",secret:t},\"*\")},!1)))}(window,document);\n\/\/# sourceURL=https:\/\/www.tvm.co.mz\/novosite\/wp-includes\/js\/wp-embed.min.js\n<\/script>\n","thumbnail_url":"https:\/\/www.tvm.co.mz\/novosite\/wp-content\/uploads\/2018\/02\/naom_585d1d20e5124.jpg","thumbnail_width":960,"thumbnail_height":540,"description":"Alguns utilizadores afirmam n\u00e3o ter rede mesmo quando seria de esperar que tivessem. A Apple reconhecer que \u201cuma pequena percentagem\u201d de utilizadores do iPhone 7 est\u00e1 a ter problemas com o smartphone, com a tecnol\u00f3gica de Cupertino a assumir o erro e a comprometer-se a fazer a repara\u00e7\u00e3o sem qualquer custo. Conta o TechCrunch que o problema est\u00e1 no aparecimento de uma mensagem a indicar que o iPhone 7 n\u00e3o tem qualquer rede, mesmo quando est\u00e3o reunidas todas as condi\u00e7\u00f5es necess\u00e1rias. Ao que parece, o problema est\u00e1 nos dispositivos fabricados entre setembro de 2016 e fevereiro de 2018. Os territ\u00f3rios que est\u00e3o a apresentar a maior percentagem destes casos s\u00e3o os EUA, a China, o Jap\u00e3o, Hong-Kong e Macau."}

TVM - Televisão de Moçambique

Problema no iPhone 7 leva Apple a oferecer reparação - TVM - Televisão de Moçambique

<blockquote class="wp-embedded-content" data-secret="TMjpyqAWRI"><a href="https://www.tvm.co.mz/novosite/2018/02/07/edicao-noticias-ao-minuto/">Problema no iPhone 7 leva Apple a oferecer reparação</a></blockquote><iframe sandbox="allow-scripts" security="restricted" src="https://www.tvm.co.mz/novosite/2018/02/07/edicao-noticias-ao-minuto/embed/#?secret=TMjpyqAWRI" width="600" height="338" title="&#8220;Problema no iPhone 7 leva Apple a oferecer reparação&#8221; &#8212; TVM - Televisão de Moçambique" data-secret="TMjpyqAWRI" frameborder="0" marginwidth="0" marginheight="0" scrolling="no" class="wp-embedded-content"></iframe><script>
/*! This file is auto-generated */
!function(d,l){"use strict";l.querySelector&&d.addEventListener&&"undefined"!=typeof URL&&(d.wp=d.wp||{},d.wp.receiveEmbedMessage||(d.wp.receiveEmbedMessage=function(e){var t=e.data;if((t||t.secret||t.message||t.value)&&!/[^a-zA-Z0-9]/.test(t.secret)){for(var s,r,n,a=l.querySelectorAll('iframe[data-secret="'+t.secret+'"]'),o=l.querySelectorAll('blockquote[data-secret="'+t.secret+'"]'),c=new RegExp("^https?:$","i"),i=0;i<o.length;i++)o[i].style.display="none";for(i=0;i<a.length;i++)s=a[i],e.source===s.contentWindow&&(s.removeAttribute("style"),"height"===t.message?(1e3<(r=parseInt(t.value,10))?r=1e3:~~r<200&&(r=200),s.height=r):"link"===t.message&&(r=new URL(s.getAttribute("src")),n=new URL(t.value),c.test(n.protocol))&&n.host===r.host&&l.activeElement===s&&(d.top.location.href=t.value))}},d.addEventListener("message",d.wp.receiveEmbedMessage,!1),l.addEventListener("DOMContentLoaded",function(){for(var e,t,s=l.querySelectorAll("iframe.wp-embedded-content"),r=0;r<s.length;r++)(t=(e=s[r]).getAttribute("data-secret"))||(t=Math.random().toString(36).substring(2,12),e.src+="#?secret="+t,e.setAttribute("data-secret",t)),e.contentWindow.postMessage({message:"ready",secret:t},"*")},!1)))}(window,document);
//# sourceURL=https://www.tvm.co.mz/novosite/wp-includes/js/wp-embed.min.js
</script>

Alguns utilizadores afirmam não ter rede mesmo quando seria de esperar que tivessem. A Apple reconhecer que “uma pequena percentagem” de utilizadores do iPhone 7 está a ter problemas com o smartphone, com a tecnológica de Cupertino a assumir o erro e a comprometer-se a fazer a reparação sem qualquer custo. Conta o TechCrunch que o problema está no aparecimento de uma mensagem a indicar que o iPhone 7 não tem qualquer rede, mesmo quando estão reunidas todas as condições necessárias. Ao que parece, o problema está nos dispositivos fabricados entre setembro de 2016 e fevereiro de 2018. Os territórios que estão a apresentar a maior percentagem destes casos são os EUA, a China, o Japão, Hong-Kong e Macau.
