{"version":"1.0","provider_name":"TVM - Televis\u00e3o de Mo\u00e7ambique","provider_url":"https:\/\/www.tvm.co.mz\/novosite","author_name":"Edson Sengo","author_url":"https:\/\/www.tvm.co.mz\/novosite\/author\/esengo\/","title":"Senten\u00e7a do Caso \u201cVilanculos\u201dlida esta sexta-feira - TVM - Televis\u00e3o de Mo\u00e7ambique","type":"rich","width":600,"height":338,"html":"<blockquote class=\"wp-embedded-content\" data-secret=\"3agZjt63Z9\"><a href=\"https:\/\/www.tvm.co.mz\/novosite\/2018\/01\/25\/sentenca-do-caso-vilanculos-lida-esta-sexta-feira\/\">Senten\u00e7a do Caso \u201cVilanculos\u201dlida esta sexta-feira<\/a><\/blockquote><iframe sandbox=\"allow-scripts\" security=\"restricted\" src=\"https:\/\/www.tvm.co.mz\/novosite\/2018\/01\/25\/sentenca-do-caso-vilanculos-lida-esta-sexta-feira\/embed\/#?secret=3agZjt63Z9\" width=\"600\" height=\"338\" title=\"&#8220;Senten\u00e7a do Caso \u201cVilanculos\u201dlida esta sexta-feira&#8221; &#8212; TVM - Televis\u00e3o de Mo\u00e7ambique\" data-secret=\"3agZjt63Z9\" frameborder=\"0\" marginwidth=\"0\" marginheight=\"0\" scrolling=\"no\" class=\"wp-embedded-content\"><\/iframe><script>\n\/*! This file is auto-generated *\/\n!function(d,l){\"use strict\";l.querySelector&&d.addEventListener&&\"undefined\"!=typeof URL&&(d.wp=d.wp||{},d.wp.receiveEmbedMessage||(d.wp.receiveEmbedMessage=function(e){var t=e.data;if((t||t.secret||t.message||t.value)&&!\/[^a-zA-Z0-9]\/.test(t.secret)){for(var s,r,n,a=l.querySelectorAll('iframe[data-secret=\"'+t.secret+'\"]'),o=l.querySelectorAll('blockquote[data-secret=\"'+t.secret+'\"]'),c=new RegExp(\"^https?:$\",\"i\"),i=0;i<o.length;i++)o[i].style.display=\"none\";for(i=0;i<a.length;i++)s=a[i],e.source===s.contentWindow&&(s.removeAttribute(\"style\"),\"height\"===t.message?(1e3<(r=parseInt(t.value,10))?r=1e3:~~r<200&&(r=200),s.height=r):\"link\"===t.message&&(r=new URL(s.getAttribute(\"src\")),n=new URL(t.value),c.test(n.protocol))&&n.host===r.host&&l.activeElement===s&&(d.top.location.href=t.value))}},d.addEventListener(\"message\",d.wp.receiveEmbedMessage,!1),l.addEventListener(\"DOMContentLoaded\",function(){for(var e,t,s=l.querySelectorAll(\"iframe.wp-embedded-content\"),r=0;r<s.length;r++)(t=(e=s[r]).getAttribute(\"data-secret\"))||(t=Math.random().toString(36).substring(2,12),e.src+=\"#?secret=\"+t,e.setAttribute(\"data-secret\",t)),e.contentWindow.postMessage({message:\"ready\",secret:t},\"*\")},!1)))}(window,document);\n\/\/# sourceURL=https:\/\/www.tvm.co.mz\/novosite\/wp-includes\/js\/wp-embed.min.js\n<\/script>\n","thumbnail_url":"https:\/\/www.tvm.co.mz\/novosite\/wp-content\/uploads\/2018\/01\/Sete.jpg","thumbnail_width":720,"thumbnail_height":576,"description":"&nbsp; Senten\u00e7a do Caso \u201cVilanculos\u201dlida esta sexta-feira \u00c9 lida amanh\u00e3, sexta-feira, a senten\u00e7a do caso de assassinato do procurador Marcelino Vilanculos, morto a tiros \u00e0 porta da sua resid\u00eancia no dia 11 de Abril de 2016. O caso tem como r\u00e9, Edith da C\u00e2mara Cylindo acusada de co-autora material do crime de homic\u00eddio qualificado. Dos 4 suspeitos do assass\u00ednio do Magistrado Marcelino Vilanculo, apenas Amade Ant\u00f3nio e Edity Cylindo est\u00e3o sob cust\u00f3dia das autoridades judiciais. &nbsp;Os outros 2 s\u00e3o Jos\u00e9 Aly Coutinho encontrado morto em Maio de 2017, depois de ter sido resgatado por um grupo de desconhecidos, quando era conduzido, numa viatura celular, para fins de audi\u00e7\u00e3o numa esquadra da cidade de Maputo. Com Coutinho estava Alfredo Muchanga, tamb\u00e9m encontrado Morto. Mas para este \u00faltimo, o Minist\u00e9rio P\u00fablico n\u00e3o encontrou ind\u00edcios que o ligam ao crime de assassinato de Marcelino Vlanculos. Outro r\u00e9u \u00e9 Abdul Amade Tembe que escapou do estabelecimento penitenci\u00e1ria da prov\u00edncia de Maputo, na altura levando \u00e0 deten\u00e7\u00e3o do director e guardas da pris\u00e3o. Alega-se que Abdul Tembe, conduzia a viatura que levava o resto da quadrilha que disparou contra o procurador. Pesam sobre Edith Cylindo, dois crimes, de co-autora material do homic\u00eddio qualificado e associa\u00e7\u00e3o para delinquir. O outro indiciado detido, Amade Ant\u00f3nio dever\u00e1 ser julgado num outro processo principal que neste momento esta sob jurisdi\u00e7\u00e3o do tribunal supremo, onde aguarda-se a decis\u00e3o em rela\u00e7\u00e3o ao recurso apresentado sobre o despacho de pronunciamento. Edith da Camara Cylindo encontra-se, atualmente, detida nas instala\u00e7\u00f5es do Estabelecimento Penitenci\u00e1rio Preventivo da Cidade de Maputo, local onde decorreram as audi\u00eancias de discuss\u00e3o e julgamento, por raz\u00f5es de seguran\u00e7a. A leitura da senten\u00e7a ter\u00e1 lugar no tribunal Judicial da Prov\u00edncia de Maputo, na Cidade da Matola. Durante as sess\u00f5es de julgamento, a r\u00e9 negou que tenha feito parte do grupo de criminosos que assassinou o magistrado do Minist\u00e9rio P\u00fablico. Entretanto, o Minist\u00e9rio P\u00fablico provou, no dia 11 de Abril, data em que foi assassinado o procurador Marcelino Vilanculos, que foi depositado um montante de um milh\u00e3o de meticais na conta da r\u00e9. Contou no julgamento que o valor em causa \u00e9 fruto dos seus neg\u00f3cios, venda de roupa, arrendamento de uma casa do pai na cidade de Pemba, prov\u00edncia de Cabo delgado, do empr\u00e9stimo informal que fazia a determinadas pessoas que devolviam o valor com juros, de c\u00e2mbio de d\u00f3lares e da assessoria prestada a uma empresa ligada \u00e0 \u00e1rea mineira. &nbsp; &nbsp; &nbsp; [iframe width=&#8221;808&#8243; height=&#8221;395&#8243; src=&#8221;https:\/\/www.youtube.com\/embed\/fc1h8uLNGtc&#8221; frameborder=&#8221;0&#8243; allow=&#8221;autoplay; encrypted-media&#8221; allowfullscreen ]"}

TVM - Televisão de Moçambique

Sentença do Caso “Vilanculos”lida esta sexta-feira - TVM - Televisão de Moçambique

<blockquote class="wp-embedded-content" data-secret="3agZjt63Z9"><a href="https://www.tvm.co.mz/novosite/2018/01/25/sentenca-do-caso-vilanculos-lida-esta-sexta-feira/">Sentença do Caso “Vilanculos”lida esta sexta-feira</a></blockquote><iframe sandbox="allow-scripts" security="restricted" src="https://www.tvm.co.mz/novosite/2018/01/25/sentenca-do-caso-vilanculos-lida-esta-sexta-feira/embed/#?secret=3agZjt63Z9" width="600" height="338" title="&#8220;Sentença do Caso “Vilanculos”lida esta sexta-feira&#8221; &#8212; TVM - Televisão de Moçambique" data-secret="3agZjt63Z9" frameborder="0" marginwidth="0" marginheight="0" scrolling="no" class="wp-embedded-content"></iframe><script>
/*! This file is auto-generated */
!function(d,l){"use strict";l.querySelector&&d.addEventListener&&"undefined"!=typeof URL&&(d.wp=d.wp||{},d.wp.receiveEmbedMessage||(d.wp.receiveEmbedMessage=function(e){var t=e.data;if((t||t.secret||t.message||t.value)&&!/[^a-zA-Z0-9]/.test(t.secret)){for(var s,r,n,a=l.querySelectorAll('iframe[data-secret="'+t.secret+'"]'),o=l.querySelectorAll('blockquote[data-secret="'+t.secret+'"]'),c=new RegExp("^https?:$","i"),i=0;i<o.length;i++)o[i].style.display="none";for(i=0;i<a.length;i++)s=a[i],e.source===s.contentWindow&&(s.removeAttribute("style"),"height"===t.message?(1e3<(r=parseInt(t.value,10))?r=1e3:~~r<200&&(r=200),s.height=r):"link"===t.message&&(r=new URL(s.getAttribute("src")),n=new URL(t.value),c.test(n.protocol))&&n.host===r.host&&l.activeElement===s&&(d.top.location.href=t.value))}},d.addEventListener("message",d.wp.receiveEmbedMessage,!1),l.addEventListener("DOMContentLoaded",function(){for(var e,t,s=l.querySelectorAll("iframe.wp-embedded-content"),r=0;r<s.length;r++)(t=(e=s[r]).getAttribute("data-secret"))||(t=Math.random().toString(36).substring(2,12),e.src+="#?secret="+t,e.setAttribute("data-secret",t)),e.contentWindow.postMessage({message:"ready",secret:t},"*")},!1)))}(window,document);
//# sourceURL=https://www.tvm.co.mz/novosite/wp-includes/js/wp-embed.min.js
</script>

&nbsp; Sentença do Caso “Vilanculos”lida esta sexta-feira É lida amanhã, sexta-feira, a sentença do caso de assassinato do procurador Marcelino Vilanculos, morto a tiros à porta da sua residência no dia 11 de Abril de 2016. O caso tem como ré, Edith da Câmara Cylindo acusada de co-autora material do crime de homicídio qualificado. Dos 4 suspeitos do assassínio do Magistrado Marcelino Vilanculo, apenas Amade António e Edity Cylindo estão sob custódia das autoridades judiciais. &nbsp;Os outros 2 são José Aly Coutinho encontrado morto em Maio de 2017, depois de ter sido resgatado por um grupo de desconhecidos, quando era conduzido, numa viatura celular, para fins de audição numa esquadra da cidade de Maputo. Com Coutinho estava Alfredo Muchanga, também encontrado Morto. Mas para este último, o Ministério Público não encontrou indícios que o ligam ao crime de assassinato de Marcelino Vlanculos. Outro réu é Abdul Amade Tembe que escapou do estabelecimento penitenciária da província de Maputo, na altura levando à detenção do director e guardas da prisão. Alega-se que Abdul Tembe, conduzia a viatura que levava o resto da quadrilha que disparou contra o procurador. Pesam sobre Edith Cylindo, dois crimes, de co-autora material do homicídio qualificado e associação para delinquir. O outro indiciado detido, Amade António deverá ser julgado num outro processo principal que neste momento esta sob jurisdição do tribunal supremo, onde aguarda-se a decisão em relação ao recurso apresentado sobre o despacho de pronunciamento. Edith da Camara Cylindo encontra-se, atualmente, detida nas instalações do Estabelecimento Penitenciário Preventivo da Cidade de Maputo, local onde decorreram as audiências de discussão e julgamento, por razões de segurança. A leitura da sentença terá lugar no tribunal Judicial da Província de Maputo, na Cidade da Matola. Durante as sessões de julgamento, a ré negou que tenha feito parte do grupo de criminosos que assassinou o magistrado do Ministério Público. Entretanto, o Ministério Público provou, no dia 11 de Abril, data em que foi assassinado o procurador Marcelino Vilanculos, que foi depositado um montante de um milhão de meticais na conta da ré. Contou no julgamento que o valor em causa é fruto dos seus negócios, venda de roupa, arrendamento de uma casa do pai na cidade de Pemba, província de Cabo delgado, do empréstimo informal que fazia a determinadas pessoas que devolviam o valor com juros, de câmbio de dólares e da assessoria prestada a uma empresa ligada à área mineira. &nbsp; &nbsp; &nbsp; [iframe width=&#8221;808&#8243; height=&#8221;395&#8243; src=&#8221;https://www.youtube.com/embed/fc1h8uLNGtc&#8221; frameborder=&#8221;0&#8243; allow=&#8221;autoplay; encrypted-media&#8221; allowfullscreen ]
