{"version":"1.0","provider_name":"TVM - Televis\u00e3o de Mo\u00e7ambique","provider_url":"https:\/\/www.tvm.co.mz\/novosite","author_name":"Leopoldino Bambo","author_url":"https:\/\/www.tvm.co.mz\/novosite\/author\/lbambo\/","title":"ID-UL-Adha: PR sa\u00fade comunidade Mu\u00e7ulmana - TVM - Televis\u00e3o de Mo\u00e7ambique","type":"rich","width":600,"height":338,"html":"<blockquote class=\"wp-embedded-content\" data-secret=\"TY4UcGIcFc\"><a href=\"https:\/\/www.tvm.co.mz\/novosite\/2017\/09\/01\/id-ul-adha-pr-saude-comunidade-muculmana\/\">ID-UL-Adha: PR sa\u00fade comunidade Mu\u00e7ulmana<\/a><\/blockquote><iframe sandbox=\"allow-scripts\" security=\"restricted\" src=\"https:\/\/www.tvm.co.mz\/novosite\/2017\/09\/01\/id-ul-adha-pr-saude-comunidade-muculmana\/embed\/#?secret=TY4UcGIcFc\" width=\"600\" height=\"338\" title=\"&#8220;ID-UL-Adha: PR sa\u00fade comunidade Mu\u00e7ulmana&#8221; &#8212; TVM - Televis\u00e3o de Mo\u00e7ambique\" data-secret=\"TY4UcGIcFc\" frameborder=\"0\" marginwidth=\"0\" marginheight=\"0\" scrolling=\"no\" class=\"wp-embedded-content\"><\/iframe><script>\n\/*! This file is auto-generated *\/\n!function(d,l){\"use strict\";l.querySelector&&d.addEventListener&&\"undefined\"!=typeof URL&&(d.wp=d.wp||{},d.wp.receiveEmbedMessage||(d.wp.receiveEmbedMessage=function(e){var t=e.data;if((t||t.secret||t.message||t.value)&&!\/[^a-zA-Z0-9]\/.test(t.secret)){for(var s,r,n,a=l.querySelectorAll('iframe[data-secret=\"'+t.secret+'\"]'),o=l.querySelectorAll('blockquote[data-secret=\"'+t.secret+'\"]'),c=new RegExp(\"^https?:$\",\"i\"),i=0;i<o.length;i++)o[i].style.display=\"none\";for(i=0;i<a.length;i++)s=a[i],e.source===s.contentWindow&&(s.removeAttribute(\"style\"),\"height\"===t.message?(1e3<(r=parseInt(t.value,10))?r=1e3:~~r<200&&(r=200),s.height=r):\"link\"===t.message&&(r=new URL(s.getAttribute(\"src\")),n=new URL(t.value),c.test(n.protocol))&&n.host===r.host&&l.activeElement===s&&(d.top.location.href=t.value))}},d.addEventListener(\"message\",d.wp.receiveEmbedMessage,!1),l.addEventListener(\"DOMContentLoaded\",function(){for(var e,t,s=l.querySelectorAll(\"iframe.wp-embedded-content\"),r=0;r<s.length;r++)(t=(e=s[r]).getAttribute(\"data-secret\"))||(t=Math.random().toString(36).substring(2,12),e.src+=\"#?secret=\"+t,e.setAttribute(\"data-secret\",t)),e.contentWindow.postMessage({message:\"ready\",secret:t},\"*\")},!1)))}(window,document);\n\/\/# sourceURL=https:\/\/www.tvm.co.mz\/novosite\/wp-includes\/js\/wp-embed.min.js\n<\/script>\n","thumbnail_url":"https:\/\/www.tvm.co.mz\/novosite\/wp-content\/uploads\/2017\/09\/ereyryreryeteyrryeyye.jpg","thumbnail_width":1045,"thumbnail_height":641,"description":"Minist\u00e9rio da Agricultura e Seguran\u00e7a Alimentar interdita a importa\u00e7\u00e3o de todo tipo de carne com origem na \u00c1frica do Sul. A Medida deve-se a descoberta da febre aftosa em animais sul-africanos. O foco da febre aftosa \u00e9 a Prov\u00edncia de Limpopo na \u00c1frica do Sul. O caso foi identificado no dia 24 de Agosto, mas Mo\u00e7ambique s\u00f3 ficou a saber no dia 31 atrav\u00e9s de uma notifica\u00e7\u00e3o da Organiza\u00e7\u00e3o Mundial de Sa\u00fade Animal. As autoridades veterin\u00e1rias dizem que a interdi\u00e7\u00e3o de importar carne e derivados de gado sul-africano serve tamb\u00e9m de desafio para que o pa\u00eds crie mecanismos de aumentar cada vez mais o efectivo de animais. [iframe width=&#8221;880&#8243; height=&#8221;395&#8243; src=&#8221;https:\/\/www.youtube.com\/embed\/0_YXqmyzIiw&#8221; frameborder=&#8221;0&#8243; allowfullscreen ]"}

TVM - Televisão de Moçambique

ID-UL-Adha: PR saúde comunidade Muçulmana - TVM - Televisão de Moçambique

<blockquote class="wp-embedded-content" data-secret="TY4UcGIcFc"><a href="https://www.tvm.co.mz/novosite/2017/09/01/id-ul-adha-pr-saude-comunidade-muculmana/">ID-UL-Adha: PR saúde comunidade Muçulmana</a></blockquote><iframe sandbox="allow-scripts" security="restricted" src="https://www.tvm.co.mz/novosite/2017/09/01/id-ul-adha-pr-saude-comunidade-muculmana/embed/#?secret=TY4UcGIcFc" width="600" height="338" title="&#8220;ID-UL-Adha: PR saúde comunidade Muçulmana&#8221; &#8212; TVM - Televisão de Moçambique" data-secret="TY4UcGIcFc" frameborder="0" marginwidth="0" marginheight="0" scrolling="no" class="wp-embedded-content"></iframe><script>
/*! This file is auto-generated */
!function(d,l){"use strict";l.querySelector&&d.addEventListener&&"undefined"!=typeof URL&&(d.wp=d.wp||{},d.wp.receiveEmbedMessage||(d.wp.receiveEmbedMessage=function(e){var t=e.data;if((t||t.secret||t.message||t.value)&&!/[^a-zA-Z0-9]/.test(t.secret)){for(var s,r,n,a=l.querySelectorAll('iframe[data-secret="'+t.secret+'"]'),o=l.querySelectorAll('blockquote[data-secret="'+t.secret+'"]'),c=new RegExp("^https?:$","i"),i=0;i<o.length;i++)o[i].style.display="none";for(i=0;i<a.length;i++)s=a[i],e.source===s.contentWindow&&(s.removeAttribute("style"),"height"===t.message?(1e3<(r=parseInt(t.value,10))?r=1e3:~~r<200&&(r=200),s.height=r):"link"===t.message&&(r=new URL(s.getAttribute("src")),n=new URL(t.value),c.test(n.protocol))&&n.host===r.host&&l.activeElement===s&&(d.top.location.href=t.value))}},d.addEventListener("message",d.wp.receiveEmbedMessage,!1),l.addEventListener("DOMContentLoaded",function(){for(var e,t,s=l.querySelectorAll("iframe.wp-embedded-content"),r=0;r<s.length;r++)(t=(e=s[r]).getAttribute("data-secret"))||(t=Math.random().toString(36).substring(2,12),e.src+="#?secret="+t,e.setAttribute("data-secret",t)),e.contentWindow.postMessage({message:"ready",secret:t},"*")},!1)))}(window,document);
//# sourceURL=https://www.tvm.co.mz/novosite/wp-includes/js/wp-embed.min.js
</script>

Ministério da Agricultura e Segurança Alimentar interdita a importação de todo tipo de carne com origem na África do Sul. A Medida deve-se a descoberta da febre aftosa em animais sul-africanos. O foco da febre aftosa é a Província de Limpopo na África do Sul. O caso foi identificado no dia 24 de Agosto, mas Moçambique só ficou a saber no dia 31 através de uma notificação da Organização Mundial de Saúde Animal. As autoridades veterinárias dizem que a interdição de importar carne e derivados de gado sul-africano serve também de desafio para que o país crie mecanismos de aumentar cada vez mais o efectivo de animais. [iframe width=&#8221;880&#8243; height=&#8221;395&#8243; src=&#8221;https://www.youtube.com/embed/0_YXqmyzIiw&#8221; frameborder=&#8221;0&#8243; allowfullscreen ]
