{"version":"1.0","provider_name":"TVM - Televis\u00e3o de Mo\u00e7ambique","provider_url":"https:\/\/www.tvm.co.mz\/novosite","author_name":"Edson Sengo","author_url":"https:\/\/www.tvm.co.mz\/novosite\/author\/esengo\/","title":"Banco Mundial vai apoiar Mo\u00e7ambique - TVM - Televis\u00e3o de Mo\u00e7ambique","type":"rich","width":600,"height":338,"html":"<blockquote class=\"wp-embedded-content\" data-secret=\"jPTwV1DtJr\"><a href=\"https:\/\/www.tvm.co.mz\/novosite\/2017\/07\/25\/banco-mundial-vai-apoiar-mocambique\/\">Banco Mundial vai apoiar Mo\u00e7ambique<\/a><\/blockquote><iframe sandbox=\"allow-scripts\" security=\"restricted\" src=\"https:\/\/www.tvm.co.mz\/novosite\/2017\/07\/25\/banco-mundial-vai-apoiar-mocambique\/embed\/#?secret=jPTwV1DtJr\" width=\"600\" height=\"338\" title=\"&#8220;Banco Mundial vai apoiar Mo\u00e7ambique&#8221; &#8212; TVM - Televis\u00e3o de Mo\u00e7ambique\" data-secret=\"jPTwV1DtJr\" frameborder=\"0\" marginwidth=\"0\" marginheight=\"0\" scrolling=\"no\" class=\"wp-embedded-content\"><\/iframe><script>\n\/*! This file is auto-generated *\/\n!function(d,l){\"use strict\";l.querySelector&&d.addEventListener&&\"undefined\"!=typeof URL&&(d.wp=d.wp||{},d.wp.receiveEmbedMessage||(d.wp.receiveEmbedMessage=function(e){var t=e.data;if((t||t.secret||t.message||t.value)&&!\/[^a-zA-Z0-9]\/.test(t.secret)){for(var s,r,n,a=l.querySelectorAll('iframe[data-secret=\"'+t.secret+'\"]'),o=l.querySelectorAll('blockquote[data-secret=\"'+t.secret+'\"]'),c=new RegExp(\"^https?:$\",\"i\"),i=0;i<o.length;i++)o[i].style.display=\"none\";for(i=0;i<a.length;i++)s=a[i],e.source===s.contentWindow&&(s.removeAttribute(\"style\"),\"height\"===t.message?(1e3<(r=parseInt(t.value,10))?r=1e3:~~r<200&&(r=200),s.height=r):\"link\"===t.message&&(r=new URL(s.getAttribute(\"src\")),n=new URL(t.value),c.test(n.protocol))&&n.host===r.host&&l.activeElement===s&&(d.top.location.href=t.value))}},d.addEventListener(\"message\",d.wp.receiveEmbedMessage,!1),l.addEventListener(\"DOMContentLoaded\",function(){for(var e,t,s=l.querySelectorAll(\"iframe.wp-embedded-content\"),r=0;r<s.length;r++)(t=(e=s[r]).getAttribute(\"data-secret\"))||(t=Math.random().toString(36).substring(2,12),e.src+=\"#?secret=\"+t,e.setAttribute(\"data-secret\",t)),e.contentWindow.postMessage({message:\"ready\",secret:t},\"*\")},!1)))}(window,document);\n\/\/# sourceURL=https:\/\/www.tvm.co.mz\/novosite\/wp-includes\/js\/wp-embed.min.js\n<\/script>\n","thumbnail_url":"https:\/\/www.tvm.co.mz\/novosite\/wp-content\/uploads\/2017\/07\/bncmdl.jpg","thumbnail_width":720,"thumbnail_height":576,"description":"Ainda nesta segunda-feira, o executivo do primeiro grupo do Banco Mundial manteve um encontro com Primeiro-Ministro, Carlos Agostinho do Ros\u00e1rio e com o Presidente da CTA, Agostinho Vuma. O Director Executivo do Banco Mundial, Andrew Bvumbe, considera que a Agricultura ser\u00e1 a principal bandeira de financiamento e coopera\u00e7\u00e3o do Banco Mundial com o Governo de Mo\u00e7ambique e com sector privado mo\u00e7ambicano. Andrew Bvumbe defende que Mo\u00e7ambique deve diversificar a economia e potenciar o sector da agricultura, atrav\u00e9s do desenvolvimento de uma agricultura comercial. O director executivo do Banco Mundial disse ao Primeiro-ministro que os pr\u00f3ximos 4 anos dever\u00e3o ser dedicados a este sector. Para al\u00e9m da mecaniza\u00e7\u00e3o agr\u00edcola, maior aten\u00e7\u00e3o ser\u00e1 dada ao melhoramento das vias de acesso para o escoamento da produ\u00e7\u00e3o e garantir que os produtos acedam aos mercados. Depois do encontro com o Primeiro-Ministro, Andrew Bvumbe foi recebido pelo presidente da confedera\u00e7\u00e3o das Associa\u00e7\u00f5es Econ\u00f3micas, Agostinho Vuma. Bvumbe considera que o di\u00e1logo p\u00fablico-privado \u00e9 condi\u00e7\u00e3o indispens\u00e1vel para o desenvolvimento de uma economia sustent\u00e1vel. O Banco Mundial vai financiar um estudo de viabilidade para o sector da agricultura comercial a ser realizado pela CTA. Agostinho Vuma convidou o presidente do Banco Mundial a participar da confer\u00eancia anual do sector privado, 2017, agendado para finais do corrente ano. [iframe width=&#8221;808&#8243; height=&#8221;395&#8243; src=&#8221;https:\/\/www.youtube.com\/embed\/JwNsDtfSauo&#8221; frameborder=&#8221;0&#8243; allowfullscreen ]"}

TVM - Televisão de Moçambique

Banco Mundial vai apoiar Moçambique - TVM - Televisão de Moçambique

<blockquote class="wp-embedded-content" data-secret="jPTwV1DtJr"><a href="https://www.tvm.co.mz/novosite/2017/07/25/banco-mundial-vai-apoiar-mocambique/">Banco Mundial vai apoiar Moçambique</a></blockquote><iframe sandbox="allow-scripts" security="restricted" src="https://www.tvm.co.mz/novosite/2017/07/25/banco-mundial-vai-apoiar-mocambique/embed/#?secret=jPTwV1DtJr" width="600" height="338" title="&#8220;Banco Mundial vai apoiar Moçambique&#8221; &#8212; TVM - Televisão de Moçambique" data-secret="jPTwV1DtJr" frameborder="0" marginwidth="0" marginheight="0" scrolling="no" class="wp-embedded-content"></iframe><script>
/*! This file is auto-generated */
!function(d,l){"use strict";l.querySelector&&d.addEventListener&&"undefined"!=typeof URL&&(d.wp=d.wp||{},d.wp.receiveEmbedMessage||(d.wp.receiveEmbedMessage=function(e){var t=e.data;if((t||t.secret||t.message||t.value)&&!/[^a-zA-Z0-9]/.test(t.secret)){for(var s,r,n,a=l.querySelectorAll('iframe[data-secret="'+t.secret+'"]'),o=l.querySelectorAll('blockquote[data-secret="'+t.secret+'"]'),c=new RegExp("^https?:$","i"),i=0;i<o.length;i++)o[i].style.display="none";for(i=0;i<a.length;i++)s=a[i],e.source===s.contentWindow&&(s.removeAttribute("style"),"height"===t.message?(1e3<(r=parseInt(t.value,10))?r=1e3:~~r<200&&(r=200),s.height=r):"link"===t.message&&(r=new URL(s.getAttribute("src")),n=new URL(t.value),c.test(n.protocol))&&n.host===r.host&&l.activeElement===s&&(d.top.location.href=t.value))}},d.addEventListener("message",d.wp.receiveEmbedMessage,!1),l.addEventListener("DOMContentLoaded",function(){for(var e,t,s=l.querySelectorAll("iframe.wp-embedded-content"),r=0;r<s.length;r++)(t=(e=s[r]).getAttribute("data-secret"))||(t=Math.random().toString(36).substring(2,12),e.src+="#?secret="+t,e.setAttribute("data-secret",t)),e.contentWindow.postMessage({message:"ready",secret:t},"*")},!1)))}(window,document);
//# sourceURL=https://www.tvm.co.mz/novosite/wp-includes/js/wp-embed.min.js
</script>

Ainda nesta segunda-feira, o executivo do primeiro grupo do Banco Mundial manteve um encontro com Primeiro-Ministro, Carlos Agostinho do Rosário e com o Presidente da CTA, Agostinho Vuma. O Director Executivo do Banco Mundial, Andrew Bvumbe, considera que a Agricultura será a principal bandeira de financiamento e cooperação do Banco Mundial com o Governo de Moçambique e com sector privado moçambicano. Andrew Bvumbe defende que Moçambique deve diversificar a economia e potenciar o sector da agricultura, através do desenvolvimento de uma agricultura comercial. O director executivo do Banco Mundial disse ao Primeiro-ministro que os próximos 4 anos deverão ser dedicados a este sector. Para além da mecanização agrícola, maior atenção será dada ao melhoramento das vias de acesso para o escoamento da produção e garantir que os produtos acedam aos mercados. Depois do encontro com o Primeiro-Ministro, Andrew Bvumbe foi recebido pelo presidente da confederação das Associações Económicas, Agostinho Vuma. Bvumbe considera que o diálogo público-privado é condição indispensável para o desenvolvimento de uma economia sustentável. O Banco Mundial vai financiar um estudo de viabilidade para o sector da agricultura comercial a ser realizado pela CTA. Agostinho Vuma convidou o presidente do Banco Mundial a participar da conferência anual do sector privado, 2017, agendado para finais do corrente ano. [iframe width=&#8221;808&#8243; height=&#8221;395&#8243; src=&#8221;https://www.youtube.com/embed/JwNsDtfSauo&#8221; frameborder=&#8221;0&#8243; allowfullscreen ]
