{"version":"1.0","provider_name":"TVM - Televis\u00e3o de Mo\u00e7ambique","provider_url":"https:\/\/www.tvm.co.mz\/novosite","author_name":"Leopoldino Bambo","author_url":"https:\/\/www.tvm.co.mz\/novosite\/author\/lbambo\/","title":"Morreu escritora F\u00e1tima Langa - TVM - Televis\u00e3o de Mo\u00e7ambique","type":"rich","width":600,"height":338,"html":"<blockquote class=\"wp-embedded-content\" data-secret=\"4wyKwJXiqq\"><a href=\"https:\/\/www.tvm.co.mz\/novosite\/2017\/06\/26\/morreu-escritora-fatima-langa\/\">Morreu escritora F\u00e1tima Langa<\/a><\/blockquote><iframe sandbox=\"allow-scripts\" security=\"restricted\" src=\"https:\/\/www.tvm.co.mz\/novosite\/2017\/06\/26\/morreu-escritora-fatima-langa\/embed\/#?secret=4wyKwJXiqq\" width=\"600\" height=\"338\" title=\"&#8220;Morreu escritora F\u00e1tima Langa&#8221; &#8212; TVM - Televis\u00e3o de Mo\u00e7ambique\" data-secret=\"4wyKwJXiqq\" frameborder=\"0\" marginwidth=\"0\" marginheight=\"0\" scrolling=\"no\" class=\"wp-embedded-content\"><\/iframe><script>\n\/*! This file is auto-generated *\/\n!function(d,l){\"use strict\";l.querySelector&&d.addEventListener&&\"undefined\"!=typeof URL&&(d.wp=d.wp||{},d.wp.receiveEmbedMessage||(d.wp.receiveEmbedMessage=function(e){var t=e.data;if((t||t.secret||t.message||t.value)&&!\/[^a-zA-Z0-9]\/.test(t.secret)){for(var s,r,n,a=l.querySelectorAll('iframe[data-secret=\"'+t.secret+'\"]'),o=l.querySelectorAll('blockquote[data-secret=\"'+t.secret+'\"]'),c=new RegExp(\"^https?:$\",\"i\"),i=0;i<o.length;i++)o[i].style.display=\"none\";for(i=0;i<a.length;i++)s=a[i],e.source===s.contentWindow&&(s.removeAttribute(\"style\"),\"height\"===t.message?(1e3<(r=parseInt(t.value,10))?r=1e3:~~r<200&&(r=200),s.height=r):\"link\"===t.message&&(r=new URL(s.getAttribute(\"src\")),n=new URL(t.value),c.test(n.protocol))&&n.host===r.host&&l.activeElement===s&&(d.top.location.href=t.value))}},d.addEventListener(\"message\",d.wp.receiveEmbedMessage,!1),l.addEventListener(\"DOMContentLoaded\",function(){for(var e,t,s=l.querySelectorAll(\"iframe.wp-embedded-content\"),r=0;r<s.length;r++)(t=(e=s[r]).getAttribute(\"data-secret\"))||(t=Math.random().toString(36).substring(2,12),e.src+=\"#?secret=\"+t,e.setAttribute(\"data-secret\",t)),e.contentWindow.postMessage({message:\"ready\",secret:t},\"*\")},!1)))}(window,document);\n\/\/# sourceURL=https:\/\/www.tvm.co.mz\/novosite\/wp-includes\/js\/wp-embed.min.js\n<\/script>\n","thumbnail_url":"https:\/\/www.tvm.co.mz\/novosite\/wp-content\/uploads\/2017\/06\/FaLanga_foto_died.jpg","thumbnail_width":779,"thumbnail_height":483,"description":"MORREU na tarde de s\u00e1bado a escritora mo\u00e7ambicana F\u00e1tima Langa, aos 64 anos, v\u00edtima de doen\u00e7a. Uma das mais activas colaboradoras do matutino \u201cNot\u00edcias\u201d, a escritora perdeu a vida no dia do seu anivers\u00e1rio natal\u00edcio. Fonte familiar disse ao \u201cNot\u00edcias\u201d que F\u00e1tima Langa, que padecia de diabetes e problemas card\u00edacos, teria se sentido mal no s\u00e1bado de manh\u00e3. Ela acabou falecendo \u00e0 tarde, a caminho do hospital. F\u00e1tima langa destacou-se como uma das principais escritoras de literatura infanto-juvenil, tendo publicado \u201cUma Jib\u00f3ia no congelador\u201d, seu livro de estreia, \u201cNdinema vai \u00e0 escola\u201d, \u201cA gazela, o carneiro e o coelho\u201d, \u201cO rato e o coelho\u201d, \u201cO le\u00e3o, a mulher e a crian\u00e7a\u201d e \u201cNdinema e as festas do final de ano\u201d. F\u00e1tima Langa nasceu a 24 de Junho de 1953, na prov\u00edncia de Gaza. O seu percurso liter\u00e1rio \u00e9 fortemente influenciado pelas viv\u00eancias da sua inf\u00e2ncia, passada maioritariamente na terra natal. At\u00e9 aos seis anos s\u00f3 falava o Chopi, sua l\u00edngua materna. S\u00f3 mais tarde \u00e9 que aprendeu a expressar-se em portugu\u00eas, em Mandlakazi, onde fez os estudos prim\u00e1rios. Desde a tenra idade, cultivou o h\u00e1bito de contar est\u00f3rias \u00e0 volta da fogueira, na sua l\u00edngua materna. Sem nunca pensar em publicar, quando aprendeu a l\u00edngua portuguesa, falada e escrita, come\u00e7ou a escrever contos encorajada pela escritora L\u00edlia Mompl\u00e9. F\u00e1tima Langa foi galardoada com a Medalha do M\u00e9rito JK, no Brasil, por ocasi\u00e3o do centen\u00e1rio natal\u00edcio do Presidente Juscelino Kubitschek, falecido em 1976. Em 2014 recebeu tamb\u00e9m o t\u00edtulo de \u201cPersonalidade Africana do Ano\u201d, outorgado pelo Centro de Integra\u00e7\u00e3o Cultural e Empresarial de S\u00e3o Paulo (CICESP). Membro da Associa\u00e7\u00e3o dos Escritores Mo\u00e7ambicanos (AEMO), ela participou em v\u00e1rios eventos liter\u00e1rios dentro e fora do pa\u00eds, com destaque para o Brasil. A escritora, que deixa dois filhos, teve um papel de destaque, divulgando livros infantis e a cultura mo\u00e7ambicana no estrangeiro. E a maior parte dos seus livros infanto-juvenis tem edi\u00e7\u00f5es bilingues. \u00c0 fam\u00edlia enlutada, a Redac\u00e7\u00e3o do Jornal Not\u00edcias endere\u00e7a as mais sentidas condol\u00eancias. &nbsp; Fonte:&nbsp;Jornal Noticias Link: http:\/\/www.jornalnoticias.co.mz\/index.php\/recreio-e-divulgacao\/68870-morreu-escritora-fatima-langa.html"}

TVM - Televisão de Moçambique

Morreu escritora Fátima Langa - TVM - Televisão de Moçambique

<blockquote class="wp-embedded-content" data-secret="4wyKwJXiqq"><a href="https://www.tvm.co.mz/novosite/2017/06/26/morreu-escritora-fatima-langa/">Morreu escritora Fátima Langa</a></blockquote><iframe sandbox="allow-scripts" security="restricted" src="https://www.tvm.co.mz/novosite/2017/06/26/morreu-escritora-fatima-langa/embed/#?secret=4wyKwJXiqq" width="600" height="338" title="&#8220;Morreu escritora Fátima Langa&#8221; &#8212; TVM - Televisão de Moçambique" data-secret="4wyKwJXiqq" frameborder="0" marginwidth="0" marginheight="0" scrolling="no" class="wp-embedded-content"></iframe><script>
/*! This file is auto-generated */
!function(d,l){"use strict";l.querySelector&&d.addEventListener&&"undefined"!=typeof URL&&(d.wp=d.wp||{},d.wp.receiveEmbedMessage||(d.wp.receiveEmbedMessage=function(e){var t=e.data;if((t||t.secret||t.message||t.value)&&!/[^a-zA-Z0-9]/.test(t.secret)){for(var s,r,n,a=l.querySelectorAll('iframe[data-secret="'+t.secret+'"]'),o=l.querySelectorAll('blockquote[data-secret="'+t.secret+'"]'),c=new RegExp("^https?:$","i"),i=0;i<o.length;i++)o[i].style.display="none";for(i=0;i<a.length;i++)s=a[i],e.source===s.contentWindow&&(s.removeAttribute("style"),"height"===t.message?(1e3<(r=parseInt(t.value,10))?r=1e3:~~r<200&&(r=200),s.height=r):"link"===t.message&&(r=new URL(s.getAttribute("src")),n=new URL(t.value),c.test(n.protocol))&&n.host===r.host&&l.activeElement===s&&(d.top.location.href=t.value))}},d.addEventListener("message",d.wp.receiveEmbedMessage,!1),l.addEventListener("DOMContentLoaded",function(){for(var e,t,s=l.querySelectorAll("iframe.wp-embedded-content"),r=0;r<s.length;r++)(t=(e=s[r]).getAttribute("data-secret"))||(t=Math.random().toString(36).substring(2,12),e.src+="#?secret="+t,e.setAttribute("data-secret",t)),e.contentWindow.postMessage({message:"ready",secret:t},"*")},!1)))}(window,document);
//# sourceURL=https://www.tvm.co.mz/novosite/wp-includes/js/wp-embed.min.js
</script>

MORREU na tarde de sábado a escritora moçambicana Fátima Langa, aos 64 anos, vítima de doença. Uma das mais activas colaboradoras do matutino “Notícias”, a escritora perdeu a vida no dia do seu aniversário natalício. Fonte familiar disse ao “Notícias” que Fátima Langa, que padecia de diabetes e problemas cardíacos, teria se sentido mal no sábado de manhã. Ela acabou falecendo à tarde, a caminho do hospital. Fátima langa destacou-se como uma das principais escritoras de literatura infanto-juvenil, tendo publicado “Uma Jibóia no congelador”, seu livro de estreia, “Ndinema vai à escola”, “A gazela, o carneiro e o coelho”, “O rato e o coelho”, “O leão, a mulher e a criança” e “Ndinema e as festas do final de ano”. Fátima Langa nasceu a 24 de Junho de 1953, na província de Gaza. O seu percurso literário é fortemente influenciado pelas vivências da sua infância, passada maioritariamente na terra natal. Até aos seis anos só falava o Chopi, sua língua materna. Só mais tarde é que aprendeu a expressar-se em português, em Mandlakazi, onde fez os estudos primários. Desde a tenra idade, cultivou o hábito de contar estórias à volta da fogueira, na sua língua materna. Sem nunca pensar em publicar, quando aprendeu a língua portuguesa, falada e escrita, começou a escrever contos encorajada pela escritora Lília Momplé. Fátima Langa foi galardoada com a Medalha do Mérito JK, no Brasil, por ocasião do centenário natalício do Presidente Juscelino Kubitschek, falecido em 1976. Em 2014 recebeu também o título de “Personalidade Africana do Ano”, outorgado pelo Centro de Integração Cultural e Empresarial de São Paulo (CICESP). Membro da Associação dos Escritores Moçambicanos (AEMO), ela participou em vários eventos literários dentro e fora do país, com destaque para o Brasil. A escritora, que deixa dois filhos, teve um papel de destaque, divulgando livros infantis e a cultura moçambicana no estrangeiro. E a maior parte dos seus livros infanto-juvenis tem edições bilingues. À família enlutada, a Redacção do Jornal Notícias endereça as mais sentidas condolências. &nbsp; Fonte:&nbsp;Jornal Noticias Link: http://www.jornalnoticias.co.mz/index.php/recreio-e-divulgacao/68870-morreu-escritora-fatima-langa.html
