{"version":"1.0","provider_name":"TVM - Televis\u00e3o de Mo\u00e7ambique","provider_url":"https:\/\/www.tvm.co.mz\/novosite","author_name":"Leopoldino Bambo","author_url":"https:\/\/www.tvm.co.mz\/novosite\/author\/lbambo\/","title":"Presidente da Rep\u00fablica reinaugura Central de Mavuzi - TVM - Televis\u00e3o de Mo\u00e7ambique","type":"rich","width":600,"height":338,"html":"<blockquote class=\"wp-embedded-content\" data-secret=\"ucTyQcx8RQ\"><a href=\"https:\/\/www.tvm.co.mz\/novosite\/2017\/03\/27\/presidente-da-republica-reinaugura-central-de-mavuzi\/\">Presidente da Rep\u00fablica reinaugura Central de Mavuzi<\/a><\/blockquote><iframe sandbox=\"allow-scripts\" security=\"restricted\" src=\"https:\/\/www.tvm.co.mz\/novosite\/2017\/03\/27\/presidente-da-republica-reinaugura-central-de-mavuzi\/embed\/#?secret=ucTyQcx8RQ\" width=\"600\" height=\"338\" title=\"&#8220;Presidente da Rep\u00fablica reinaugura Central de Mavuzi&#8221; &#8212; TVM - Televis\u00e3o de Mo\u00e7ambique\" data-secret=\"ucTyQcx8RQ\" frameborder=\"0\" marginwidth=\"0\" marginheight=\"0\" scrolling=\"no\" class=\"wp-embedded-content\"><\/iframe><script>\n\/*! This file is auto-generated *\/\n!function(d,l){\"use strict\";l.querySelector&&d.addEventListener&&\"undefined\"!=typeof URL&&(d.wp=d.wp||{},d.wp.receiveEmbedMessage||(d.wp.receiveEmbedMessage=function(e){var t=e.data;if((t||t.secret||t.message||t.value)&&!\/[^a-zA-Z0-9]\/.test(t.secret)){for(var s,r,n,a=l.querySelectorAll('iframe[data-secret=\"'+t.secret+'\"]'),o=l.querySelectorAll('blockquote[data-secret=\"'+t.secret+'\"]'),c=new RegExp(\"^https?:$\",\"i\"),i=0;i<o.length;i++)o[i].style.display=\"none\";for(i=0;i<a.length;i++)s=a[i],e.source===s.contentWindow&&(s.removeAttribute(\"style\"),\"height\"===t.message?(1e3<(r=parseInt(t.value,10))?r=1e3:~~r<200&&(r=200),s.height=r):\"link\"===t.message&&(r=new URL(s.getAttribute(\"src\")),n=new URL(t.value),c.test(n.protocol))&&n.host===r.host&&l.activeElement===s&&(d.top.location.href=t.value))}},d.addEventListener(\"message\",d.wp.receiveEmbedMessage,!1),l.addEventListener(\"DOMContentLoaded\",function(){for(var e,t,s=l.querySelectorAll(\"iframe.wp-embedded-content\"),r=0;r<s.length;r++)(t=(e=s[r]).getAttribute(\"data-secret\"))||(t=Math.random().toString(36).substring(2,12),e.src+=\"#?secret=\"+t,e.setAttribute(\"data-secret\",t)),e.contentWindow.postMessage({message:\"ready\",secret:t},\"*\")},!1)))}(window,document);\n\/\/# sourceURL=https:\/\/www.tvm.co.mz\/novosite\/wp-includes\/js\/wp-embed.min.js\n<\/script>\n","thumbnail_url":"https:\/\/www.tvm.co.mz\/novosite\/wp-content\/uploads\/2017\/03\/Presidente_da_Republica_reinaugura_Central_de_Mavuzioooo.jpg","thumbnail_width":1015,"thumbnail_height":601,"description":"O Presidente da Rep\u00fablica, Filipe NYUSI, reinaugurou a Central El\u00e9ctrica de Mavuzi que, beneficiou recentemente de uma reabilita\u00e7\u00e3o. Com a sua moderniza\u00e7\u00e3o a subesta\u00e7\u00e3o de Mavuzi aumentou a sua capacidade de produ\u00e7\u00e3o de energia dos anteriores 25 para 45 MW. As obras custaram 120 milh\u00f5es de d\u00f3lares financiado pela pela Su\u00e9cia, Banco Alem\u00e3o para o Desenvolvimento \u00e9 pelo Governo Mo\u00e7ambicano.Presidente da Republica referiu que com o aumento da capacidade de produ\u00e7\u00e3o de energia na Central de Mavuzi est\u00e3o condi\u00e7\u00f5es para a viabiliza\u00e7\u00e3o de projecto que dependem de energia. Apesar de muitos distritos do pa\u00eds estarem electrificados, a rede nacional atingiu em 2016, 26% da popula\u00e7\u00e3o mo\u00e7ambicana. [iframe width=&#8221;880&#8243; height=&#8221;395&#8243; src=&#8221;https:\/\/www.youtube.com\/embed\/_PQWwYzOnZE&#8221; frameborder=&#8221;0&#8243; allowfullscreen ]"}

TVM - Televisão de Moçambique

Presidente da República reinaugura Central de Mavuzi - TVM - Televisão de Moçambique

<blockquote class="wp-embedded-content" data-secret="ucTyQcx8RQ"><a href="https://www.tvm.co.mz/novosite/2017/03/27/presidente-da-republica-reinaugura-central-de-mavuzi/">Presidente da República reinaugura Central de Mavuzi</a></blockquote><iframe sandbox="allow-scripts" security="restricted" src="https://www.tvm.co.mz/novosite/2017/03/27/presidente-da-republica-reinaugura-central-de-mavuzi/embed/#?secret=ucTyQcx8RQ" width="600" height="338" title="&#8220;Presidente da República reinaugura Central de Mavuzi&#8221; &#8212; TVM - Televisão de Moçambique" data-secret="ucTyQcx8RQ" frameborder="0" marginwidth="0" marginheight="0" scrolling="no" class="wp-embedded-content"></iframe><script>
/*! This file is auto-generated */
!function(d,l){"use strict";l.querySelector&&d.addEventListener&&"undefined"!=typeof URL&&(d.wp=d.wp||{},d.wp.receiveEmbedMessage||(d.wp.receiveEmbedMessage=function(e){var t=e.data;if((t||t.secret||t.message||t.value)&&!/[^a-zA-Z0-9]/.test(t.secret)){for(var s,r,n,a=l.querySelectorAll('iframe[data-secret="'+t.secret+'"]'),o=l.querySelectorAll('blockquote[data-secret="'+t.secret+'"]'),c=new RegExp("^https?:$","i"),i=0;i<o.length;i++)o[i].style.display="none";for(i=0;i<a.length;i++)s=a[i],e.source===s.contentWindow&&(s.removeAttribute("style"),"height"===t.message?(1e3<(r=parseInt(t.value,10))?r=1e3:~~r<200&&(r=200),s.height=r):"link"===t.message&&(r=new URL(s.getAttribute("src")),n=new URL(t.value),c.test(n.protocol))&&n.host===r.host&&l.activeElement===s&&(d.top.location.href=t.value))}},d.addEventListener("message",d.wp.receiveEmbedMessage,!1),l.addEventListener("DOMContentLoaded",function(){for(var e,t,s=l.querySelectorAll("iframe.wp-embedded-content"),r=0;r<s.length;r++)(t=(e=s[r]).getAttribute("data-secret"))||(t=Math.random().toString(36).substring(2,12),e.src+="#?secret="+t,e.setAttribute("data-secret",t)),e.contentWindow.postMessage({message:"ready",secret:t},"*")},!1)))}(window,document);
//# sourceURL=https://www.tvm.co.mz/novosite/wp-includes/js/wp-embed.min.js
</script>

O Presidente da República, Filipe NYUSI, reinaugurou a Central Eléctrica de Mavuzi que, beneficiou recentemente de uma reabilitação. Com a sua modernização a subestação de Mavuzi aumentou a sua capacidade de produção de energia dos anteriores 25 para 45 MW. As obras custaram 120 milhões de dólares financiado pela pela Suécia, Banco Alemão para o Desenvolvimento é pelo Governo Moçambicano.Presidente da Republica referiu que com o aumento da capacidade de produção de energia na Central de Mavuzi estão condições para a viabilização de projecto que dependem de energia. Apesar de muitos distritos do país estarem electrificados, a rede nacional atingiu em 2016, 26% da população moçambicana. [iframe width=&#8221;880&#8243; height=&#8221;395&#8243; src=&#8221;https://www.youtube.com/embed/_PQWwYzOnZE&#8221; frameborder=&#8221;0&#8243; allowfullscreen ]
