{"version":"1.0","provider_name":"TVM - Televis\u00e3o de Mo\u00e7ambique","provider_url":"https:\/\/www.tvm.co.mz\/novosite","author_name":"Leopoldino Bambo","author_url":"https:\/\/www.tvm.co.mz\/novosite\/author\/lbambo\/","title":"Empres\u00e1rio raptado na Matola - TVM - Televis\u00e3o de Mo\u00e7ambique","type":"rich","width":600,"height":338,"html":"<blockquote class=\"wp-embedded-content\" data-secret=\"LZVD1UTbSC\"><a href=\"https:\/\/www.tvm.co.mz\/novosite\/2017\/02\/17\/empresario-raptado-na-matola\/\">Empres\u00e1rio raptado na Matola<\/a><\/blockquote><iframe sandbox=\"allow-scripts\" security=\"restricted\" src=\"https:\/\/www.tvm.co.mz\/novosite\/2017\/02\/17\/empresario-raptado-na-matola\/embed\/#?secret=LZVD1UTbSC\" width=\"600\" height=\"338\" title=\"&#8220;Empres\u00e1rio raptado na Matola&#8221; &#8212; TVM - Televis\u00e3o de Mo\u00e7ambique\" data-secret=\"LZVD1UTbSC\" frameborder=\"0\" marginwidth=\"0\" marginheight=\"0\" scrolling=\"no\" class=\"wp-embedded-content\"><\/iframe><script>\n\/*! This file is auto-generated *\/\n!function(d,l){\"use strict\";l.querySelector&&d.addEventListener&&\"undefined\"!=typeof URL&&(d.wp=d.wp||{},d.wp.receiveEmbedMessage||(d.wp.receiveEmbedMessage=function(e){var t=e.data;if((t||t.secret||t.message||t.value)&&!\/[^a-zA-Z0-9]\/.test(t.secret)){for(var s,r,n,a=l.querySelectorAll('iframe[data-secret=\"'+t.secret+'\"]'),o=l.querySelectorAll('blockquote[data-secret=\"'+t.secret+'\"]'),c=new RegExp(\"^https?:$\",\"i\"),i=0;i<o.length;i++)o[i].style.display=\"none\";for(i=0;i<a.length;i++)s=a[i],e.source===s.contentWindow&&(s.removeAttribute(\"style\"),\"height\"===t.message?(1e3<(r=parseInt(t.value,10))?r=1e3:~~r<200&&(r=200),s.height=r):\"link\"===t.message&&(r=new URL(s.getAttribute(\"src\")),n=new URL(t.value),c.test(n.protocol))&&n.host===r.host&&l.activeElement===s&&(d.top.location.href=t.value))}},d.addEventListener(\"message\",d.wp.receiveEmbedMessage,!1),l.addEventListener(\"DOMContentLoaded\",function(){for(var e,t,s=l.querySelectorAll(\"iframe.wp-embedded-content\"),r=0;r<s.length;r++)(t=(e=s[r]).getAttribute(\"data-secret\"))||(t=Math.random().toString(36).substring(2,12),e.src+=\"#?secret=\"+t,e.setAttribute(\"data-secret\",t)),e.contentWindow.postMessage({message:\"ready\",secret:t},\"*\")},!1)))}(window,document);\n\/\/# sourceURL=https:\/\/www.tvm.co.mz\/novosite\/wp-includes\/js\/wp-embed.min.js\n<\/script>\n","thumbnail_url":"https:\/\/www.tvm.co.mz\/novosite\/wp-content\/uploads\/2017\/02\/tr5j5y65etrertetrhtrj.jpg","thumbnail_width":999,"thumbnail_height":567,"description":"INDIV\u00cdDUOS desconhecidos raptaram na manh\u00e3 de hoje o director-geral da empresa Pembe Mozambique, Limitada, sediada na Machava, na cidade da Matola, prov\u00edncia de Maputo. A v\u00edtima, Taibo Macabel, de 34 anos de idade, de nacionalidade queniana, na altura do rapto encontrava-se na sua viatura e em movimento, quando os supostos raptores lhe bloquearam os movimentos com dois carros.Os indiv\u00edduos em causa, empunhando uma arma de fogo do tipo AK 47 e um martelo, for\u00e7aram a v\u00edtima a introduzir-se na sua viatura e a seguir viagem para parte incerta com os supostos meliantes. Segundo Juarce Marce Martins, chefe do Departamento de Rela\u00e7\u00f5es P\u00fablicas da Pol\u00edcia da Rep\u00fablica de Mo\u00e7ambique, afecto \u00e0 prov\u00edncia de Maputo, a corpora\u00e7\u00e3o teve acesso \u00e0 informa\u00e7\u00e3o a partir de uma den\u00fancia de transeuntes que assistiram ao acto no local. Martins disse que a institui\u00e7\u00e3o j\u00e1 entrou em contacto com a fam\u00edlia e com a empresa na qual trabalha, com vista a obter informa\u00e7\u00f5es sobre poss\u00edveis contactos com os presum\u00edveis autores do rapto. Contudo, ainda n\u00e3o foram colhidos nenhuns dados. A nossa fonte destacou que v\u00e1rias unidades da pol\u00edcia j\u00e1 est\u00e3o a trabalhar no terreno com vista a resgatar a v\u00edtima, identificar os autores, bem como responsabiliz\u00e1-los pelo crime. A PRM exorta qualquer cidad\u00e3o que tenha alguma pista sobre o assunto a que se aproxime das autoridades policiais a fim de dot\u00e1-la de mais detalhes que possam ajudar a esclarecer o caso. &nbsp; Fonte:&nbsp;Jornal Noticias Link:&nbsp;http:\/\/www.jornalnoticias.co.mz\/index.php\/sociedade\/65252-empresario-raptado-na-matola.html"}

TVM - Televisão de Moçambique

Empresário raptado na Matola - TVM - Televisão de Moçambique

<blockquote class="wp-embedded-content" data-secret="LZVD1UTbSC"><a href="https://www.tvm.co.mz/novosite/2017/02/17/empresario-raptado-na-matola/">Empresário raptado na Matola</a></blockquote><iframe sandbox="allow-scripts" security="restricted" src="https://www.tvm.co.mz/novosite/2017/02/17/empresario-raptado-na-matola/embed/#?secret=LZVD1UTbSC" width="600" height="338" title="&#8220;Empresário raptado na Matola&#8221; &#8212; TVM - Televisão de Moçambique" data-secret="LZVD1UTbSC" frameborder="0" marginwidth="0" marginheight="0" scrolling="no" class="wp-embedded-content"></iframe><script>
/*! This file is auto-generated */
!function(d,l){"use strict";l.querySelector&&d.addEventListener&&"undefined"!=typeof URL&&(d.wp=d.wp||{},d.wp.receiveEmbedMessage||(d.wp.receiveEmbedMessage=function(e){var t=e.data;if((t||t.secret||t.message||t.value)&&!/[^a-zA-Z0-9]/.test(t.secret)){for(var s,r,n,a=l.querySelectorAll('iframe[data-secret="'+t.secret+'"]'),o=l.querySelectorAll('blockquote[data-secret="'+t.secret+'"]'),c=new RegExp("^https?:$","i"),i=0;i<o.length;i++)o[i].style.display="none";for(i=0;i<a.length;i++)s=a[i],e.source===s.contentWindow&&(s.removeAttribute("style"),"height"===t.message?(1e3<(r=parseInt(t.value,10))?r=1e3:~~r<200&&(r=200),s.height=r):"link"===t.message&&(r=new URL(s.getAttribute("src")),n=new URL(t.value),c.test(n.protocol))&&n.host===r.host&&l.activeElement===s&&(d.top.location.href=t.value))}},d.addEventListener("message",d.wp.receiveEmbedMessage,!1),l.addEventListener("DOMContentLoaded",function(){for(var e,t,s=l.querySelectorAll("iframe.wp-embedded-content"),r=0;r<s.length;r++)(t=(e=s[r]).getAttribute("data-secret"))||(t=Math.random().toString(36).substring(2,12),e.src+="#?secret="+t,e.setAttribute("data-secret",t)),e.contentWindow.postMessage({message:"ready",secret:t},"*")},!1)))}(window,document);
//# sourceURL=https://www.tvm.co.mz/novosite/wp-includes/js/wp-embed.min.js
</script>

INDIVÍDUOS desconhecidos raptaram na manhã de hoje o director-geral da empresa Pembe Mozambique, Limitada, sediada na Machava, na cidade da Matola, província de Maputo. A vítima, Taibo Macabel, de 34 anos de idade, de nacionalidade queniana, na altura do rapto encontrava-se na sua viatura e em movimento, quando os supostos raptores lhe bloquearam os movimentos com dois carros.Os indivíduos em causa, empunhando uma arma de fogo do tipo AK 47 e um martelo, forçaram a vítima a introduzir-se na sua viatura e a seguir viagem para parte incerta com os supostos meliantes. Segundo Juarce Marce Martins, chefe do Departamento de Relações Públicas da Polícia da República de Moçambique, afecto à província de Maputo, a corporação teve acesso à informação a partir de uma denúncia de transeuntes que assistiram ao acto no local. Martins disse que a instituição já entrou em contacto com a família e com a empresa na qual trabalha, com vista a obter informações sobre possíveis contactos com os presumíveis autores do rapto. Contudo, ainda não foram colhidos nenhuns dados. A nossa fonte destacou que várias unidades da polícia já estão a trabalhar no terreno com vista a resgatar a vítima, identificar os autores, bem como responsabilizá-los pelo crime. A PRM exorta qualquer cidadão que tenha alguma pista sobre o assunto a que se aproxime das autoridades policiais a fim de dotá-la de mais detalhes que possam ajudar a esclarecer o caso. &nbsp; Fonte:&nbsp;Jornal Noticias Link:&nbsp;http://www.jornalnoticias.co.mz/index.php/sociedade/65252-empresario-raptado-na-matola.html
