{"version":"1.0","provider_name":"TVM - Televis\u00e3o de Mo\u00e7ambique","provider_url":"https:\/\/www.tvm.co.mz\/novosite","author_name":"Leopoldino Bambo","author_url":"https:\/\/www.tvm.co.mz\/novosite\/author\/lbambo\/","title":"Trabalhadores fazem \"exig\u00eancias\" a Trump - TVM - Televis\u00e3o de Mo\u00e7ambique","type":"rich","width":600,"height":338,"html":"<blockquote class=\"wp-embedded-content\" data-secret=\"7CXrdQDHz1\"><a href=\"https:\/\/www.tvm.co.mz\/novosite\/2016\/12\/08\/trabalhadores-fazem-exigencias-a-trump\/\">Trabalhadores fazem &#8220;exig\u00eancias&#8221; a Trump<\/a><\/blockquote><iframe sandbox=\"allow-scripts\" security=\"restricted\" src=\"https:\/\/www.tvm.co.mz\/novosite\/2016\/12\/08\/trabalhadores-fazem-exigencias-a-trump\/embed\/#?secret=7CXrdQDHz1\" width=\"600\" height=\"338\" title=\"&#8220;Trabalhadores fazem &#8220;exig\u00eancias&#8221; a Trump&#8221; &#8212; TVM - Televis\u00e3o de Mo\u00e7ambique\" data-secret=\"7CXrdQDHz1\" frameborder=\"0\" marginwidth=\"0\" marginheight=\"0\" scrolling=\"no\" class=\"wp-embedded-content\"><\/iframe><script>\n\/*! This file is auto-generated *\/\n!function(d,l){\"use strict\";l.querySelector&&d.addEventListener&&\"undefined\"!=typeof URL&&(d.wp=d.wp||{},d.wp.receiveEmbedMessage||(d.wp.receiveEmbedMessage=function(e){var t=e.data;if((t||t.secret||t.message||t.value)&&!\/[^a-zA-Z0-9]\/.test(t.secret)){for(var s,r,n,a=l.querySelectorAll('iframe[data-secret=\"'+t.secret+'\"]'),o=l.querySelectorAll('blockquote[data-secret=\"'+t.secret+'\"]'),c=new RegExp(\"^https?:$\",\"i\"),i=0;i<o.length;i++)o[i].style.display=\"none\";for(i=0;i<a.length;i++)s=a[i],e.source===s.contentWindow&&(s.removeAttribute(\"style\"),\"height\"===t.message?(1e3<(r=parseInt(t.value,10))?r=1e3:~~r<200&&(r=200),s.height=r):\"link\"===t.message&&(r=new URL(s.getAttribute(\"src\")),n=new URL(t.value),c.test(n.protocol))&&n.host===r.host&&l.activeElement===s&&(d.top.location.href=t.value))}},d.addEventListener(\"message\",d.wp.receiveEmbedMessage,!1),l.addEventListener(\"DOMContentLoaded\",function(){for(var e,t,s=l.querySelectorAll(\"iframe.wp-embedded-content\"),r=0;r<s.length;r++)(t=(e=s[r]).getAttribute(\"data-secret\"))||(t=Math.random().toString(36).substring(2,12),e.src+=\"#?secret=\"+t,e.setAttribute(\"data-secret\",t)),e.contentWindow.postMessage({message:\"ready\",secret:t},\"*\")},!1)))}(window,document);\n\/\/# sourceURL=https:\/\/www.tvm.co.mz\/novosite\/wp-includes\/js\/wp-embed.min.js\n<\/script>\n","thumbnail_url":"https:\/\/www.tvm.co.mz\/novosite\/wp-content\/uploads\/2016\/12\/1000x563_351786.jpg","thumbnail_width":1000,"thumbnail_height":563,"description":"Nem tudo s\u00e3o rosas para Donald Trump. Se por um lado \u00e9 certo que os trabalhadores de colarinho azul tiveram um papel de peso na elei\u00e7\u00e3o do empres\u00e1rio, por outro, isso n\u00e3o \u00e9 sin\u00f3nimo de tranquilidade. Esta quarta-feira, v\u00e1rios trabalhadores que estavam em greve, em Washington, acusaram empresas financiadas pelo Estado de viola\u00e7\u00f5es de direitos e exigiram medidas da parte de Trump. O senador Bernie Sanders esteve no terreno: \u201cMostramos a Trump e a qualquer pessoa que quando milh\u00f5es de pessoas se juntam, vencem. Ningu\u00e9m nos vai parar.\u201d O congressista Keith Ellison tamb\u00e9m se pronunciou: \u201cN\u00e3o se trata de cooperar com Trump, mas de cooperar com as pessoas. Concentramo-nos em demasia no que alguns pol\u00edticos ou grandes empres\u00e1rios fazem. O enfoque tem de ser nas pessoas.\u201d Voz cr\u00edtica de Trump, o ator Danny Glover mostrou-se at\u00f3nito com not\u00edcias recentes: \u201c\u00c9 irrespons\u00e1vel eleger Trump como personalidade do ano. Em que \u00e9 que isso se baseia? No facto de que ganhou o Col\u00e9gio Eleitoral? No facto de que mentiu \u00e0s pessoas? Nas est\u00f3rias do que fez e do que pensa sobre as mulheres? No racismo? \u00c9 essa a personalidade do ano? Estou consternado.\u201d Donald Trump ainda n\u00e3o tomou posse como Presidente dos Estados Unidos, mas at\u00e9 l\u00e1 ainda dever\u00e1 continuar a dividir opini\u00f5es. Stefan Grobe, euronews: \u201cOs trabalhadores de colarinho azul que foram fulcrais na vit\u00f3ria eleitoral de Donald Trump querem, agora, medidas e de forma r\u00e1pida. Trump tem de dar resposta a estas pessoas para as manter do seu lado.\u201d"}

TVM - Televisão de Moçambique

Trabalhadores fazem "exigências" a Trump - TVM - Televisão de Moçambique

<blockquote class="wp-embedded-content" data-secret="7CXrdQDHz1"><a href="https://www.tvm.co.mz/novosite/2016/12/08/trabalhadores-fazem-exigencias-a-trump/">Trabalhadores fazem &#8220;exigências&#8221; a Trump</a></blockquote><iframe sandbox="allow-scripts" security="restricted" src="https://www.tvm.co.mz/novosite/2016/12/08/trabalhadores-fazem-exigencias-a-trump/embed/#?secret=7CXrdQDHz1" width="600" height="338" title="&#8220;Trabalhadores fazem &#8220;exigências&#8221; a Trump&#8221; &#8212; TVM - Televisão de Moçambique" data-secret="7CXrdQDHz1" frameborder="0" marginwidth="0" marginheight="0" scrolling="no" class="wp-embedded-content"></iframe><script>
/*! This file is auto-generated */
!function(d,l){"use strict";l.querySelector&&d.addEventListener&&"undefined"!=typeof URL&&(d.wp=d.wp||{},d.wp.receiveEmbedMessage||(d.wp.receiveEmbedMessage=function(e){var t=e.data;if((t||t.secret||t.message||t.value)&&!/[^a-zA-Z0-9]/.test(t.secret)){for(var s,r,n,a=l.querySelectorAll('iframe[data-secret="'+t.secret+'"]'),o=l.querySelectorAll('blockquote[data-secret="'+t.secret+'"]'),c=new RegExp("^https?:$","i"),i=0;i<o.length;i++)o[i].style.display="none";for(i=0;i<a.length;i++)s=a[i],e.source===s.contentWindow&&(s.removeAttribute("style"),"height"===t.message?(1e3<(r=parseInt(t.value,10))?r=1e3:~~r<200&&(r=200),s.height=r):"link"===t.message&&(r=new URL(s.getAttribute("src")),n=new URL(t.value),c.test(n.protocol))&&n.host===r.host&&l.activeElement===s&&(d.top.location.href=t.value))}},d.addEventListener("message",d.wp.receiveEmbedMessage,!1),l.addEventListener("DOMContentLoaded",function(){for(var e,t,s=l.querySelectorAll("iframe.wp-embedded-content"),r=0;r<s.length;r++)(t=(e=s[r]).getAttribute("data-secret"))||(t=Math.random().toString(36).substring(2,12),e.src+="#?secret="+t,e.setAttribute("data-secret",t)),e.contentWindow.postMessage({message:"ready",secret:t},"*")},!1)))}(window,document);
//# sourceURL=https://www.tvm.co.mz/novosite/wp-includes/js/wp-embed.min.js
</script>

Nem tudo são rosas para Donald Trump. Se por um lado é certo que os trabalhadores de colarinho azul tiveram um papel de peso na eleição do empresário, por outro, isso não é sinónimo de tranquilidade. Esta quarta-feira, vários trabalhadores que estavam em greve, em Washington, acusaram empresas financiadas pelo Estado de violações de direitos e exigiram medidas da parte de Trump. O senador Bernie Sanders esteve no terreno: “Mostramos a Trump e a qualquer pessoa que quando milhões de pessoas se juntam, vencem. Ninguém nos vai parar.” O congressista Keith Ellison também se pronunciou: “Não se trata de cooperar com Trump, mas de cooperar com as pessoas. Concentramo-nos em demasia no que alguns políticos ou grandes empresários fazem. O enfoque tem de ser nas pessoas.” Voz crítica de Trump, o ator Danny Glover mostrou-se atónito com notícias recentes: “É irresponsável eleger Trump como personalidade do ano. Em que é que isso se baseia? No facto de que ganhou o Colégio Eleitoral? No facto de que mentiu às pessoas? Nas estórias do que fez e do que pensa sobre as mulheres? No racismo? É essa a personalidade do ano? Estou consternado.” Donald Trump ainda não tomou posse como Presidente dos Estados Unidos, mas até lá ainda deverá continuar a dividir opiniões. Stefan Grobe, euronews: “Os trabalhadores de colarinho azul que foram fulcrais na vitória eleitoral de Donald Trump querem, agora, medidas e de forma rápida. Trump tem de dar resposta a estas pessoas para as manter do seu lado.”
