{"version":"1.0","provider_name":"TVM - Televis\u00e3o de Mo\u00e7ambique","provider_url":"https:\/\/www.tvm.co.mz\/novosite","author_name":"Leopoldino Bambo","author_url":"https:\/\/www.tvm.co.mz\/novosite\/author\/lbambo\/","title":"Assembleia da Rep\u00fablica regulamenta uso das TIC'S - TVM - Televis\u00e3o de Mo\u00e7ambique","type":"rich","width":600,"height":338,"html":"<blockquote class=\"wp-embedded-content\" data-secret=\"XHJEjdvoLV\"><a href=\"https:\/\/www.tvm.co.mz\/novosite\/2016\/11\/14\/assembleia-da-republica-regulamenta-uso-das-tic-s\/\">Assembleia da Rep\u00fablica regulamenta uso das TIC&#8217;S<\/a><\/blockquote><iframe sandbox=\"allow-scripts\" security=\"restricted\" src=\"https:\/\/www.tvm.co.mz\/novosite\/2016\/11\/14\/assembleia-da-republica-regulamenta-uso-das-tic-s\/embed\/#?secret=XHJEjdvoLV\" width=\"600\" height=\"338\" title=\"&#8220;Assembleia da Rep\u00fablica regulamenta uso das TIC&#8217;S&#8221; &#8212; TVM - Televis\u00e3o de Mo\u00e7ambique\" data-secret=\"XHJEjdvoLV\" frameborder=\"0\" marginwidth=\"0\" marginheight=\"0\" scrolling=\"no\" class=\"wp-embedded-content\"><\/iframe><script>\n\/*! This file is auto-generated *\/\n!function(d,l){\"use strict\";l.querySelector&&d.addEventListener&&\"undefined\"!=typeof URL&&(d.wp=d.wp||{},d.wp.receiveEmbedMessage||(d.wp.receiveEmbedMessage=function(e){var t=e.data;if((t||t.secret||t.message||t.value)&&!\/[^a-zA-Z0-9]\/.test(t.secret)){for(var s,r,n,a=l.querySelectorAll('iframe[data-secret=\"'+t.secret+'\"]'),o=l.querySelectorAll('blockquote[data-secret=\"'+t.secret+'\"]'),c=new RegExp(\"^https?:$\",\"i\"),i=0;i<o.length;i++)o[i].style.display=\"none\";for(i=0;i<a.length;i++)s=a[i],e.source===s.contentWindow&&(s.removeAttribute(\"style\"),\"height\"===t.message?(1e3<(r=parseInt(t.value,10))?r=1e3:~~r<200&&(r=200),s.height=r):\"link\"===t.message&&(r=new URL(s.getAttribute(\"src\")),n=new URL(t.value),c.test(n.protocol))&&n.host===r.host&&l.activeElement===s&&(d.top.location.href=t.value))}},d.addEventListener(\"message\",d.wp.receiveEmbedMessage,!1),l.addEventListener(\"DOMContentLoaded\",function(){for(var e,t,s=l.querySelectorAll(\"iframe.wp-embedded-content\"),r=0;r<s.length;r++)(t=(e=s[r]).getAttribute(\"data-secret\"))||(t=Math.random().toString(36).substring(2,12),e.src+=\"#?secret=\"+t,e.setAttribute(\"data-secret\",t)),e.contentWindow.postMessage({message:\"ready\",secret:t},\"*\")},!1)))}(window,document);\n\/\/# sourceURL=https:\/\/www.tvm.co.mz\/novosite\/wp-includes\/js\/wp-embed.min.js\n<\/script>\n","thumbnail_url":"https:\/\/www.tvm.co.mz\/novosite\/wp-content\/uploads\/2016\/11\/egdhdhsgagzshbszv.jpg","thumbnail_width":1003,"thumbnail_height":615,"description":"Governo explica aos deputados a import\u00e2ncia da regulamenta\u00e7\u00e3o das transac\u00e7\u00f5es electr\u00f3nicas.O Ministro da Ci\u00eancia e Tecnologias, Jorge Nhambiu, disse no Parlamento que a regulamenta\u00e7\u00e3o n\u00e3o s\u00f3 permite penalizar os crimes inform\u00e1ticos como tamb\u00e9m desenvolver a seguran\u00e7a e fiabilidade do sistema e promover o uso de uma plataforma que n\u00e3o deixa sair do pa\u00eds informa\u00e7\u00e3o relevante sobre o Estado e o sector p\u00fablico .O Ministro disse que esta regulamenta\u00e7\u00e3o ser\u00e1 um complemento ao c\u00f3digo penal que prev\u00ea crimes inform\u00e1ticos mas sem clarifica\u00e7\u00e3o de sancionamento das infrac\u00e7\u00f5es cibern\u00e9ticas. [iframe width=&#8221;650&#8243; height=&#8221;395&#8243; src=&#8221;https:\/\/www.youtube.com\/embed\/h0zMDXsorgs&#8221; frameborder=&#8221;0&#8243; allowfullscreen ]"}

TVM - Televisão de Moçambique

Assembleia da República regulamenta uso das TIC'S - TVM - Televisão de Moçambique

<blockquote class="wp-embedded-content" data-secret="XHJEjdvoLV"><a href="https://www.tvm.co.mz/novosite/2016/11/14/assembleia-da-republica-regulamenta-uso-das-tic-s/">Assembleia da República regulamenta uso das TIC&#8217;S</a></blockquote><iframe sandbox="allow-scripts" security="restricted" src="https://www.tvm.co.mz/novosite/2016/11/14/assembleia-da-republica-regulamenta-uso-das-tic-s/embed/#?secret=XHJEjdvoLV" width="600" height="338" title="&#8220;Assembleia da República regulamenta uso das TIC&#8217;S&#8221; &#8212; TVM - Televisão de Moçambique" data-secret="XHJEjdvoLV" frameborder="0" marginwidth="0" marginheight="0" scrolling="no" class="wp-embedded-content"></iframe><script>
/*! This file is auto-generated */
!function(d,l){"use strict";l.querySelector&&d.addEventListener&&"undefined"!=typeof URL&&(d.wp=d.wp||{},d.wp.receiveEmbedMessage||(d.wp.receiveEmbedMessage=function(e){var t=e.data;if((t||t.secret||t.message||t.value)&&!/[^a-zA-Z0-9]/.test(t.secret)){for(var s,r,n,a=l.querySelectorAll('iframe[data-secret="'+t.secret+'"]'),o=l.querySelectorAll('blockquote[data-secret="'+t.secret+'"]'),c=new RegExp("^https?:$","i"),i=0;i<o.length;i++)o[i].style.display="none";for(i=0;i<a.length;i++)s=a[i],e.source===s.contentWindow&&(s.removeAttribute("style"),"height"===t.message?(1e3<(r=parseInt(t.value,10))?r=1e3:~~r<200&&(r=200),s.height=r):"link"===t.message&&(r=new URL(s.getAttribute("src")),n=new URL(t.value),c.test(n.protocol))&&n.host===r.host&&l.activeElement===s&&(d.top.location.href=t.value))}},d.addEventListener("message",d.wp.receiveEmbedMessage,!1),l.addEventListener("DOMContentLoaded",function(){for(var e,t,s=l.querySelectorAll("iframe.wp-embedded-content"),r=0;r<s.length;r++)(t=(e=s[r]).getAttribute("data-secret"))||(t=Math.random().toString(36).substring(2,12),e.src+="#?secret="+t,e.setAttribute("data-secret",t)),e.contentWindow.postMessage({message:"ready",secret:t},"*")},!1)))}(window,document);
//# sourceURL=https://www.tvm.co.mz/novosite/wp-includes/js/wp-embed.min.js
</script>

Governo explica aos deputados a importância da regulamentação das transacções electrónicas.O Ministro da Ciência e Tecnologias, Jorge Nhambiu, disse no Parlamento que a regulamentação não só permite penalizar os crimes informáticos como também desenvolver a segurança e fiabilidade do sistema e promover o uso de uma plataforma que não deixa sair do país informação relevante sobre o Estado e o sector público .O Ministro disse que esta regulamentação será um complemento ao código penal que prevê crimes informáticos mas sem clarificação de sancionamento das infracções cibernéticas. [iframe width=&#8221;650&#8243; height=&#8221;395&#8243; src=&#8221;https://www.youtube.com/embed/h0zMDXsorgs&#8221; frameborder=&#8221;0&#8243; allowfullscreen ]
