{"version":"1.0","provider_name":"TVM - Televis\u00e3o de Mo\u00e7ambique","provider_url":"https:\/\/www.tvm.co.mz\/novosite","author_name":"Edson Sengo","author_url":"https:\/\/www.tvm.co.mz\/novosite\/author\/esengo\/","title":"Document\u00e1rio: Adeus, at\u00e9 amanh\u00e3 ( Hoje \u00e0s 22:00) - TVM - Televis\u00e3o de Mo\u00e7ambique","type":"rich","width":600,"height":338,"html":"<blockquote class=\"wp-embedded-content\" data-secret=\"IjvV6tIPyf\"><a href=\"https:\/\/www.tvm.co.mz\/novosite\/2016\/11\/12\/documentario-adeus-ate-amanha-hoje-as-22-00\/\">Document\u00e1rio: Adeus, at\u00e9 amanh\u00e3 ( Hoje \u00e0s 22:00)<\/a><\/blockquote><iframe sandbox=\"allow-scripts\" security=\"restricted\" src=\"https:\/\/www.tvm.co.mz\/novosite\/2016\/11\/12\/documentario-adeus-ate-amanha-hoje-as-22-00\/embed\/#?secret=IjvV6tIPyf\" width=\"600\" height=\"338\" title=\"&#8220;Document\u00e1rio: Adeus, at\u00e9 amanh\u00e3 ( Hoje \u00e0s 22:00)&#8221; &#8212; TVM - Televis\u00e3o de Mo\u00e7ambique\" data-secret=\"IjvV6tIPyf\" frameborder=\"0\" marginwidth=\"0\" marginheight=\"0\" scrolling=\"no\" class=\"wp-embedded-content\"><\/iframe><script>\n\/*! This file is auto-generated *\/\n!function(d,l){\"use strict\";l.querySelector&&d.addEventListener&&\"undefined\"!=typeof URL&&(d.wp=d.wp||{},d.wp.receiveEmbedMessage||(d.wp.receiveEmbedMessage=function(e){var t=e.data;if((t||t.secret||t.message||t.value)&&!\/[^a-zA-Z0-9]\/.test(t.secret)){for(var s,r,n,a=l.querySelectorAll('iframe[data-secret=\"'+t.secret+'\"]'),o=l.querySelectorAll('blockquote[data-secret=\"'+t.secret+'\"]'),c=new RegExp(\"^https?:$\",\"i\"),i=0;i<o.length;i++)o[i].style.display=\"none\";for(i=0;i<a.length;i++)s=a[i],e.source===s.contentWindow&&(s.removeAttribute(\"style\"),\"height\"===t.message?(1e3<(r=parseInt(t.value,10))?r=1e3:~~r<200&&(r=200),s.height=r):\"link\"===t.message&&(r=new URL(s.getAttribute(\"src\")),n=new URL(t.value),c.test(n.protocol))&&n.host===r.host&&l.activeElement===s&&(d.top.location.href=t.value))}},d.addEventListener(\"message\",d.wp.receiveEmbedMessage,!1),l.addEventListener(\"DOMContentLoaded\",function(){for(var e,t,s=l.querySelectorAll(\"iframe.wp-embedded-content\"),r=0;r<s.length;r++)(t=(e=s[r]).getAttribute(\"data-secret\"))||(t=Math.random().toString(36).substring(2,12),e.src+=\"#?secret=\"+t,e.setAttribute(\"data-secret\",t)),e.contentWindow.postMessage({message:\"ready\",secret:t},\"*\")},!1)))}(window,document);\n\/\/# sourceURL=https:\/\/www.tvm.co.mz\/novosite\/wp-includes\/js\/wp-embed.min.js\n<\/script>\n","thumbnail_url":"https:\/\/www.tvm.co.mz\/novosite\/wp-content\/uploads\/2016\/11\/113534.jpg","thumbnail_width":1173,"thumbnail_height":439,"description":"Ant\u00f3nio Escudeiro nasceu, cresceu e trabalhou em Angola, at\u00e9 ao dia em que se viu for\u00e7ado a vir embora. Jurou voltar.Mas o regresso a casa s\u00f3 se tornou realidade 32 anos depois. &#8220;Adeus, at\u00e9 Amanh\u00e3&#8221; \u00e9 o document\u00e1rio deste regresso onde se cruzam e confrontam dois universos visuais. As mem\u00f3rias do realizador e a Angola de hoje.&#8220;Temos muitos. Quase todos. O que n\u00e3o temos \u00e9 pouca coisa, mas a maioria das coisas estamos a tentar ter.&#8221; Acompanhe em directo hoje neste&nbsp;Link. [iframe width=&#8221;808&#8243; height=&#8221;395&#8243; src=&#8221;https:\/\/www.youtube.com\/embed\/Ea9cqrNmk3M&#8221; frameborder=&#8221;0&#8243; allowfullscreen ]"}

TVM - Televisão de Moçambique

Documentário: Adeus, até amanhã ( Hoje às 22:00) - TVM - Televisão de Moçambique

<blockquote class="wp-embedded-content" data-secret="IjvV6tIPyf"><a href="https://www.tvm.co.mz/novosite/2016/11/12/documentario-adeus-ate-amanha-hoje-as-22-00/">Documentário: Adeus, até amanhã ( Hoje às 22:00)</a></blockquote><iframe sandbox="allow-scripts" security="restricted" src="https://www.tvm.co.mz/novosite/2016/11/12/documentario-adeus-ate-amanha-hoje-as-22-00/embed/#?secret=IjvV6tIPyf" width="600" height="338" title="&#8220;Documentário: Adeus, até amanhã ( Hoje às 22:00)&#8221; &#8212; TVM - Televisão de Moçambique" data-secret="IjvV6tIPyf" frameborder="0" marginwidth="0" marginheight="0" scrolling="no" class="wp-embedded-content"></iframe><script>
/*! This file is auto-generated */
!function(d,l){"use strict";l.querySelector&&d.addEventListener&&"undefined"!=typeof URL&&(d.wp=d.wp||{},d.wp.receiveEmbedMessage||(d.wp.receiveEmbedMessage=function(e){var t=e.data;if((t||t.secret||t.message||t.value)&&!/[^a-zA-Z0-9]/.test(t.secret)){for(var s,r,n,a=l.querySelectorAll('iframe[data-secret="'+t.secret+'"]'),o=l.querySelectorAll('blockquote[data-secret="'+t.secret+'"]'),c=new RegExp("^https?:$","i"),i=0;i<o.length;i++)o[i].style.display="none";for(i=0;i<a.length;i++)s=a[i],e.source===s.contentWindow&&(s.removeAttribute("style"),"height"===t.message?(1e3<(r=parseInt(t.value,10))?r=1e3:~~r<200&&(r=200),s.height=r):"link"===t.message&&(r=new URL(s.getAttribute("src")),n=new URL(t.value),c.test(n.protocol))&&n.host===r.host&&l.activeElement===s&&(d.top.location.href=t.value))}},d.addEventListener("message",d.wp.receiveEmbedMessage,!1),l.addEventListener("DOMContentLoaded",function(){for(var e,t,s=l.querySelectorAll("iframe.wp-embedded-content"),r=0;r<s.length;r++)(t=(e=s[r]).getAttribute("data-secret"))||(t=Math.random().toString(36).substring(2,12),e.src+="#?secret="+t,e.setAttribute("data-secret",t)),e.contentWindow.postMessage({message:"ready",secret:t},"*")},!1)))}(window,document);
//# sourceURL=https://www.tvm.co.mz/novosite/wp-includes/js/wp-embed.min.js
</script>

António Escudeiro nasceu, cresceu e trabalhou em Angola, até ao dia em que se viu forçado a vir embora. Jurou voltar.Mas o regresso a casa só se tornou realidade 32 anos depois. &#8220;Adeus, até Amanhã&#8221; é o documentário deste regresso onde se cruzam e confrontam dois universos visuais. As memórias do realizador e a Angola de hoje.&#8220;Temos muitos. Quase todos. O que não temos é pouca coisa, mas a maioria das coisas estamos a tentar ter.&#8221; Acompanhe em directo hoje neste&nbsp;Link. [iframe width=&#8221;808&#8243; height=&#8221;395&#8243; src=&#8221;https://www.youtube.com/embed/Ea9cqrNmk3M&#8221; frameborder=&#8221;0&#8243; allowfullscreen ]
