{"version":"1.0","provider_name":"TVM - Televis\u00e3o de Mo\u00e7ambique","provider_url":"https:\/\/www.tvm.co.mz\/novosite","author_name":"Leopoldino Bambo","author_url":"https:\/\/www.tvm.co.mz\/novosite\/author\/lbambo\/","title":"Redes sociais dominam Sportel 2016 - TVM - Televis\u00e3o de Mo\u00e7ambique","type":"rich","width":600,"height":338,"html":"<blockquote class=\"wp-embedded-content\" data-secret=\"BE5GJBvKE7\"><a href=\"https:\/\/www.tvm.co.mz\/novosite\/2016\/10\/26\/redes-sociais-dominam-sportel-2016\/\">Redes sociais dominam Sportel 2016<\/a><\/blockquote><iframe sandbox=\"allow-scripts\" security=\"restricted\" src=\"https:\/\/www.tvm.co.mz\/novosite\/2016\/10\/26\/redes-sociais-dominam-sportel-2016\/embed\/#?secret=BE5GJBvKE7\" width=\"600\" height=\"338\" title=\"&#8220;Redes sociais dominam Sportel 2016&#8221; &#8212; TVM - Televis\u00e3o de Mo\u00e7ambique\" data-secret=\"BE5GJBvKE7\" frameborder=\"0\" marginwidth=\"0\" marginheight=\"0\" scrolling=\"no\" class=\"wp-embedded-content\"><\/iframe><script>\n\/*! This file is auto-generated *\/\n!function(d,l){\"use strict\";l.querySelector&&d.addEventListener&&\"undefined\"!=typeof URL&&(d.wp=d.wp||{},d.wp.receiveEmbedMessage||(d.wp.receiveEmbedMessage=function(e){var t=e.data;if((t||t.secret||t.message||t.value)&&!\/[^a-zA-Z0-9]\/.test(t.secret)){for(var s,r,n,a=l.querySelectorAll('iframe[data-secret=\"'+t.secret+'\"]'),o=l.querySelectorAll('blockquote[data-secret=\"'+t.secret+'\"]'),c=new RegExp(\"^https?:$\",\"i\"),i=0;i<o.length;i++)o[i].style.display=\"none\";for(i=0;i<a.length;i++)s=a[i],e.source===s.contentWindow&&(s.removeAttribute(\"style\"),\"height\"===t.message?(1e3<(r=parseInt(t.value,10))?r=1e3:~~r<200&&(r=200),s.height=r):\"link\"===t.message&&(r=new URL(s.getAttribute(\"src\")),n=new URL(t.value),c.test(n.protocol))&&n.host===r.host&&l.activeElement===s&&(d.top.location.href=t.value))}},d.addEventListener(\"message\",d.wp.receiveEmbedMessage,!1),l.addEventListener(\"DOMContentLoaded\",function(){for(var e,t,s=l.querySelectorAll(\"iframe.wp-embedded-content\"),r=0;r<s.length;r++)(t=(e=s[r]).getAttribute(\"data-secret\"))||(t=Math.random().toString(36).substring(2,12),e.src+=\"#?secret=\"+t,e.setAttribute(\"data-secret\",t)),e.contentWindow.postMessage({message:\"ready\",secret:t},\"*\")},!1)))}(window,document);\n\/\/# sourceURL=https:\/\/www.tvm.co.mz\/novosite\/wp-includes\/js\/wp-embed.min.js\n<\/script>\n","thumbnail_url":"https:\/\/www.tvm.co.mz\/novosite\/wp-content\/uploads\/2016\/10\/SPORTEL_6.png","thumbnail_width":969,"thumbnail_height":556,"description":"As redes sociais entraram de vez nas nossas vidas e o mundo do desporto n\u00e3o foge \u00e0 regra. Por isso, esse \u00e9 um dos temas mais importantes da edi\u00e7\u00e3o deste ano da Sportel, a conven\u00e7\u00e3o internacional de marketing e media de desporto, a decorrer no M\u00f3naco. Este \u00e9 um ponto de encontro importante num neg\u00f3cio que todos os anos movimenta milhares de milh\u00f5es de euros. A diretora do evento explica melhor do que se trata e o porqu\u00ea do convite aos dos gigantes, Twitter e Facebook: \u201cEste ano, temos duas confer\u00eancias novas, muito interessantes. Uma do Twitter e outra do Facebook, por causa de todo o entusiasmo \u00e0 nossa volta a respeito das redes sociais. Com certeza que o desporto n\u00e3o \u00e9 exce\u00e7\u00e3o e quando os adeptos querem discutir, \u00e9 a essas duas redes que v\u00e3o\u201d, diz Amparo Di Fede. Este ano, a Sportel conta com mais de 3000 participantes e cerca de 1200 empresas representadas. Al\u00e9m desta conven\u00e7\u00e3o anual no M\u00f3naco, a Sportel organiza tamb\u00e9m eventos na \u00c1sia e nos Estados Unidos. Abrange assim todos os grandes mercados desportivos do mundo. O Comit\u00e9 Ol\u00edmpico Internacional \u00e9 um dos patronos do evento."}

TVM - Televisão de Moçambique

Redes sociais dominam Sportel 2016 - TVM - Televisão de Moçambique

<blockquote class="wp-embedded-content" data-secret="BE5GJBvKE7"><a href="https://www.tvm.co.mz/novosite/2016/10/26/redes-sociais-dominam-sportel-2016/">Redes sociais dominam Sportel 2016</a></blockquote><iframe sandbox="allow-scripts" security="restricted" src="https://www.tvm.co.mz/novosite/2016/10/26/redes-sociais-dominam-sportel-2016/embed/#?secret=BE5GJBvKE7" width="600" height="338" title="&#8220;Redes sociais dominam Sportel 2016&#8221; &#8212; TVM - Televisão de Moçambique" data-secret="BE5GJBvKE7" frameborder="0" marginwidth="0" marginheight="0" scrolling="no" class="wp-embedded-content"></iframe><script>
/*! This file is auto-generated */
!function(d,l){"use strict";l.querySelector&&d.addEventListener&&"undefined"!=typeof URL&&(d.wp=d.wp||{},d.wp.receiveEmbedMessage||(d.wp.receiveEmbedMessage=function(e){var t=e.data;if((t||t.secret||t.message||t.value)&&!/[^a-zA-Z0-9]/.test(t.secret)){for(var s,r,n,a=l.querySelectorAll('iframe[data-secret="'+t.secret+'"]'),o=l.querySelectorAll('blockquote[data-secret="'+t.secret+'"]'),c=new RegExp("^https?:$","i"),i=0;i<o.length;i++)o[i].style.display="none";for(i=0;i<a.length;i++)s=a[i],e.source===s.contentWindow&&(s.removeAttribute("style"),"height"===t.message?(1e3<(r=parseInt(t.value,10))?r=1e3:~~r<200&&(r=200),s.height=r):"link"===t.message&&(r=new URL(s.getAttribute("src")),n=new URL(t.value),c.test(n.protocol))&&n.host===r.host&&l.activeElement===s&&(d.top.location.href=t.value))}},d.addEventListener("message",d.wp.receiveEmbedMessage,!1),l.addEventListener("DOMContentLoaded",function(){for(var e,t,s=l.querySelectorAll("iframe.wp-embedded-content"),r=0;r<s.length;r++)(t=(e=s[r]).getAttribute("data-secret"))||(t=Math.random().toString(36).substring(2,12),e.src+="#?secret="+t,e.setAttribute("data-secret",t)),e.contentWindow.postMessage({message:"ready",secret:t},"*")},!1)))}(window,document);
//# sourceURL=https://www.tvm.co.mz/novosite/wp-includes/js/wp-embed.min.js
</script>

As redes sociais entraram de vez nas nossas vidas e o mundo do desporto não foge à regra. Por isso, esse é um dos temas mais importantes da edição deste ano da Sportel, a convenção internacional de marketing e media de desporto, a decorrer no Mónaco. Este é um ponto de encontro importante num negócio que todos os anos movimenta milhares de milhões de euros. A diretora do evento explica melhor do que se trata e o porquê do convite aos dos gigantes, Twitter e Facebook: “Este ano, temos duas conferências novas, muito interessantes. Uma do Twitter e outra do Facebook, por causa de todo o entusiasmo à nossa volta a respeito das redes sociais. Com certeza que o desporto não é exceção e quando os adeptos querem discutir, é a essas duas redes que vão”, diz Amparo Di Fede. Este ano, a Sportel conta com mais de 3000 participantes e cerca de 1200 empresas representadas. Além desta convenção anual no Mónaco, a Sportel organiza também eventos na Ásia e nos Estados Unidos. Abrange assim todos os grandes mercados desportivos do mundo. O Comité Olímpico Internacional é um dos patronos do evento.
