{"version":"1.0","provider_name":"TVM - Televis\u00e3o de Mo\u00e7ambique","provider_url":"https:\/\/www.tvm.co.mz\/novosite","author_name":"Edson Sengo","author_url":"https:\/\/www.tvm.co.mz\/novosite\/author\/esengo\/","title":"Lan\u00e7ada obra sobre cultura e urbanismo em Mo\u00e7ambique - TVM - Televis\u00e3o de Mo\u00e7ambique","type":"rich","width":600,"height":338,"html":"<blockquote class=\"wp-embedded-content\" data-secret=\"Z2k3skLGu9\"><a href=\"https:\/\/www.tvm.co.mz\/novosite\/2016\/08\/22\/lancada-obra-sobre-cultura-e-urbanismo-em-mocambique\/\">Lan\u00e7ada obra sobre cultura e urbanismo em Mo\u00e7ambique<\/a><\/blockquote><iframe sandbox=\"allow-scripts\" security=\"restricted\" src=\"https:\/\/www.tvm.co.mz\/novosite\/2016\/08\/22\/lancada-obra-sobre-cultura-e-urbanismo-em-mocambique\/embed\/#?secret=Z2k3skLGu9\" width=\"600\" height=\"338\" title=\"&#8220;Lan\u00e7ada obra sobre cultura e urbanismo em Mo\u00e7ambique&#8221; &#8212; TVM - Televis\u00e3o de Mo\u00e7ambique\" data-secret=\"Z2k3skLGu9\" frameborder=\"0\" marginwidth=\"0\" marginheight=\"0\" scrolling=\"no\" class=\"wp-embedded-content\"><\/iframe><script>\n\/*! This file is auto-generated *\/\n!function(d,l){\"use strict\";l.querySelector&&d.addEventListener&&\"undefined\"!=typeof URL&&(d.wp=d.wp||{},d.wp.receiveEmbedMessage||(d.wp.receiveEmbedMessage=function(e){var t=e.data;if((t||t.secret||t.message||t.value)&&!\/[^a-zA-Z0-9]\/.test(t.secret)){for(var s,r,n,a=l.querySelectorAll('iframe[data-secret=\"'+t.secret+'\"]'),o=l.querySelectorAll('blockquote[data-secret=\"'+t.secret+'\"]'),c=new RegExp(\"^https?:$\",\"i\"),i=0;i<o.length;i++)o[i].style.display=\"none\";for(i=0;i<a.length;i++)s=a[i],e.source===s.contentWindow&&(s.removeAttribute(\"style\"),\"height\"===t.message?(1e3<(r=parseInt(t.value,10))?r=1e3:~~r<200&&(r=200),s.height=r):\"link\"===t.message&&(r=new URL(s.getAttribute(\"src\")),n=new URL(t.value),c.test(n.protocol))&&n.host===r.host&&l.activeElement===s&&(d.top.location.href=t.value))}},d.addEventListener(\"message\",d.wp.receiveEmbedMessage,!1),l.addEventListener(\"DOMContentLoaded\",function(){for(var e,t,s=l.querySelectorAll(\"iframe.wp-embedded-content\"),r=0;r<s.length;r++)(t=(e=s[r]).getAttribute(\"data-secret\"))||(t=Math.random().toString(36).substring(2,12),e.src+=\"#?secret=\"+t,e.setAttribute(\"data-secret\",t)),e.contentWindow.postMessage({message:\"ready\",secret:t},\"*\")},!1)))}(window,document);\n\/\/# sourceURL=https:\/\/www.tvm.co.mz\/novosite\/wp-includes\/js\/wp-embed.min.js\n<\/script>\n","thumbnail_url":"https:\/\/www.tvm.co.mz\/novosite\/wp-content\/uploads\/2016\/08\/mafalalbk.jpg","thumbnail_width":640,"thumbnail_height":479,"description":"Mafalala: mem\u00f3rias e espa\u00e7os de um lugar \u00e9 o t\u00edtulo do livro lan\u00e7ado domingo, no bairro da Mafalala, cidade de Maputo. De 117 p\u00e1ginas a obra resulta de um trabalho conjunto entre investigadores mo\u00e7ambicanos e portugueses das \u00e1reas da literatura e do urbanismo.A elabora\u00e7\u00e3o da obra liter\u00e1ria levou 3 anos. [iframe width=&#8221;640&#8243; height=&#8221;395&#8243; src=&#8221;https:\/\/www.youtube.com\/embed\/M17iRTHYygc&#8221; frameborder=&#8221;0&#8243; allowfullscreen ]"}

TVM - Televisão de Moçambique

Lançada obra sobre cultura e urbanismo em Moçambique - TVM - Televisão de Moçambique

<blockquote class="wp-embedded-content" data-secret="Z2k3skLGu9"><a href="https://www.tvm.co.mz/novosite/2016/08/22/lancada-obra-sobre-cultura-e-urbanismo-em-mocambique/">Lançada obra sobre cultura e urbanismo em Moçambique</a></blockquote><iframe sandbox="allow-scripts" security="restricted" src="https://www.tvm.co.mz/novosite/2016/08/22/lancada-obra-sobre-cultura-e-urbanismo-em-mocambique/embed/#?secret=Z2k3skLGu9" width="600" height="338" title="&#8220;Lançada obra sobre cultura e urbanismo em Moçambique&#8221; &#8212; TVM - Televisão de Moçambique" data-secret="Z2k3skLGu9" frameborder="0" marginwidth="0" marginheight="0" scrolling="no" class="wp-embedded-content"></iframe><script>
/*! This file is auto-generated */
!function(d,l){"use strict";l.querySelector&&d.addEventListener&&"undefined"!=typeof URL&&(d.wp=d.wp||{},d.wp.receiveEmbedMessage||(d.wp.receiveEmbedMessage=function(e){var t=e.data;if((t||t.secret||t.message||t.value)&&!/[^a-zA-Z0-9]/.test(t.secret)){for(var s,r,n,a=l.querySelectorAll('iframe[data-secret="'+t.secret+'"]'),o=l.querySelectorAll('blockquote[data-secret="'+t.secret+'"]'),c=new RegExp("^https?:$","i"),i=0;i<o.length;i++)o[i].style.display="none";for(i=0;i<a.length;i++)s=a[i],e.source===s.contentWindow&&(s.removeAttribute("style"),"height"===t.message?(1e3<(r=parseInt(t.value,10))?r=1e3:~~r<200&&(r=200),s.height=r):"link"===t.message&&(r=new URL(s.getAttribute("src")),n=new URL(t.value),c.test(n.protocol))&&n.host===r.host&&l.activeElement===s&&(d.top.location.href=t.value))}},d.addEventListener("message",d.wp.receiveEmbedMessage,!1),l.addEventListener("DOMContentLoaded",function(){for(var e,t,s=l.querySelectorAll("iframe.wp-embedded-content"),r=0;r<s.length;r++)(t=(e=s[r]).getAttribute("data-secret"))||(t=Math.random().toString(36).substring(2,12),e.src+="#?secret="+t,e.setAttribute("data-secret",t)),e.contentWindow.postMessage({message:"ready",secret:t},"*")},!1)))}(window,document);
//# sourceURL=https://www.tvm.co.mz/novosite/wp-includes/js/wp-embed.min.js
</script>

Mafalala: memórias e espaços de um lugar é o título do livro lançado domingo, no bairro da Mafalala, cidade de Maputo. De 117 páginas a obra resulta de um trabalho conjunto entre investigadores moçambicanos e portugueses das áreas da literatura e do urbanismo.A elaboração da obra literária levou 3 anos. [iframe width=&#8221;640&#8243; height=&#8221;395&#8243; src=&#8221;https://www.youtube.com/embed/M17iRTHYygc&#8221; frameborder=&#8221;0&#8243; allowfullscreen ]
