{"version":"1.0","provider_name":"TVM - Televis\u00e3o de Mo\u00e7ambique","provider_url":"https:\/\/www.tvm.co.mz\/novosite","author_name":"Leopoldino Bambo","author_url":"https:\/\/www.tvm.co.mz\/novosite\/author\/lbambo\/","title":"Zona Euro: Crescimento econ\u00f3mico modesto \u00e0 vista - TVM - Televis\u00e3o de Mo\u00e7ambique","type":"rich","width":600,"height":338,"html":"<blockquote class=\"wp-embedded-content\" data-secret=\"cl0QqxeRtY\"><a href=\"https:\/\/www.tvm.co.mz\/novosite\/2016\/08\/04\/zona-euro-crescimento-economico-modesto-a-vista\/\">Zona Euro: Crescimento econ\u00f3mico modesto \u00e0 vista<\/a><\/blockquote><iframe sandbox=\"allow-scripts\" security=\"restricted\" src=\"https:\/\/www.tvm.co.mz\/novosite\/2016\/08\/04\/zona-euro-crescimento-economico-modesto-a-vista\/embed\/#?secret=cl0QqxeRtY\" width=\"600\" height=\"338\" title=\"&#8220;Zona Euro: Crescimento econ\u00f3mico modesto \u00e0 vista&#8221; &#8212; TVM - Televis\u00e3o de Mo\u00e7ambique\" data-secret=\"cl0QqxeRtY\" frameborder=\"0\" marginwidth=\"0\" marginheight=\"0\" scrolling=\"no\" class=\"wp-embedded-content\"><\/iframe><script>\n\/*! This file is auto-generated *\/\n!function(d,l){\"use strict\";l.querySelector&&d.addEventListener&&\"undefined\"!=typeof URL&&(d.wp=d.wp||{},d.wp.receiveEmbedMessage||(d.wp.receiveEmbedMessage=function(e){var t=e.data;if((t||t.secret||t.message||t.value)&&!\/[^a-zA-Z0-9]\/.test(t.secret)){for(var s,r,n,a=l.querySelectorAll('iframe[data-secret=\"'+t.secret+'\"]'),o=l.querySelectorAll('blockquote[data-secret=\"'+t.secret+'\"]'),c=new RegExp(\"^https?:$\",\"i\"),i=0;i<o.length;i++)o[i].style.display=\"none\";for(i=0;i<a.length;i++)s=a[i],e.source===s.contentWindow&&(s.removeAttribute(\"style\"),\"height\"===t.message?(1e3<(r=parseInt(t.value,10))?r=1e3:~~r<200&&(r=200),s.height=r):\"link\"===t.message&&(r=new URL(s.getAttribute(\"src\")),n=new URL(t.value),c.test(n.protocol))&&n.host===r.host&&l.activeElement===s&&(d.top.location.href=t.value))}},d.addEventListener(\"message\",d.wp.receiveEmbedMessage,!1),l.addEventListener(\"DOMContentLoaded\",function(){for(var e,t,s=l.querySelectorAll(\"iframe.wp-embedded-content\"),r=0;r<s.length;r++)(t=(e=s[r]).getAttribute(\"data-secret\"))||(t=Math.random().toString(36).substring(2,12),e.src+=\"#?secret=\"+t,e.setAttribute(\"data-secret\",t)),e.contentWindow.postMessage({message:\"ready\",secret:t},\"*\")},!1)))}(window,document);\n\/\/# sourceURL=https:\/\/www.tvm.co.mz\/novosite\/wp-includes\/js\/wp-embed.min.js\n<\/script>\n","thumbnail_url":"https:\/\/www.tvm.co.mz\/novosite\/wp-content\/uploads\/2016\/08\/640x360_340379.jpg","thumbnail_width":640,"thumbnail_height":360,"description":"Ligeira acelera\u00e7\u00e3o da actividade econ\u00f3mica da zona euro em Julho, apesar da vit\u00f3ria do Brexit no referendo no Reino Unido em finais de Junho. Ao contr\u00e1rio do esperado, o \u00edndice PMI composto, da ind\u00fastria e servi\u00e7os, foi revisto em alta. Atingiu 53,2 pontos, contra uma estimativa de 52,9 pontos e os 53,1 registados em Junho. O economista da Markit Chris Williamson estima que a economia tem demonstrado uma \u201cresist\u00eancia surpreendente\u201d face ao resultado do referendo brit\u00e2nico. Os dados PMI deixam antever um crescimento modesto de 0,3% do PIB no terceiro trimestre, aumentando a press\u00e3o sobre o Banco Central Europeu, cujas medidas tardam em relan\u00e7ar a economia. Em Junho, as vendas a retalho estagnaram na zona euro, em termos mensais. Em termos hom\u00f3logos, a subida \u00e9 de 1,6%. Segundo o Eurostat, voltaram a aumentar as vendas de bebidas, alimenta\u00e7\u00e3o e tabaco. Mas os europeus reduziram as compras de combust\u00edvel (-1,30%). Portugal regista a maior subida no conjunto da Uni\u00e3o Europeia. As vendas a retalho progrediram 3,1% em Junho."}

TVM - Televisão de Moçambique

Zona Euro: Crescimento económico modesto à vista - TVM - Televisão de Moçambique

<blockquote class="wp-embedded-content" data-secret="cl0QqxeRtY"><a href="https://www.tvm.co.mz/novosite/2016/08/04/zona-euro-crescimento-economico-modesto-a-vista/">Zona Euro: Crescimento económico modesto à vista</a></blockquote><iframe sandbox="allow-scripts" security="restricted" src="https://www.tvm.co.mz/novosite/2016/08/04/zona-euro-crescimento-economico-modesto-a-vista/embed/#?secret=cl0QqxeRtY" width="600" height="338" title="&#8220;Zona Euro: Crescimento económico modesto à vista&#8221; &#8212; TVM - Televisão de Moçambique" data-secret="cl0QqxeRtY" frameborder="0" marginwidth="0" marginheight="0" scrolling="no" class="wp-embedded-content"></iframe><script>
/*! This file is auto-generated */
!function(d,l){"use strict";l.querySelector&&d.addEventListener&&"undefined"!=typeof URL&&(d.wp=d.wp||{},d.wp.receiveEmbedMessage||(d.wp.receiveEmbedMessage=function(e){var t=e.data;if((t||t.secret||t.message||t.value)&&!/[^a-zA-Z0-9]/.test(t.secret)){for(var s,r,n,a=l.querySelectorAll('iframe[data-secret="'+t.secret+'"]'),o=l.querySelectorAll('blockquote[data-secret="'+t.secret+'"]'),c=new RegExp("^https?:$","i"),i=0;i<o.length;i++)o[i].style.display="none";for(i=0;i<a.length;i++)s=a[i],e.source===s.contentWindow&&(s.removeAttribute("style"),"height"===t.message?(1e3<(r=parseInt(t.value,10))?r=1e3:~~r<200&&(r=200),s.height=r):"link"===t.message&&(r=new URL(s.getAttribute("src")),n=new URL(t.value),c.test(n.protocol))&&n.host===r.host&&l.activeElement===s&&(d.top.location.href=t.value))}},d.addEventListener("message",d.wp.receiveEmbedMessage,!1),l.addEventListener("DOMContentLoaded",function(){for(var e,t,s=l.querySelectorAll("iframe.wp-embedded-content"),r=0;r<s.length;r++)(t=(e=s[r]).getAttribute("data-secret"))||(t=Math.random().toString(36).substring(2,12),e.src+="#?secret="+t,e.setAttribute("data-secret",t)),e.contentWindow.postMessage({message:"ready",secret:t},"*")},!1)))}(window,document);
//# sourceURL=https://www.tvm.co.mz/novosite/wp-includes/js/wp-embed.min.js
</script>

Ligeira aceleração da actividade económica da zona euro em Julho, apesar da vitória do Brexit no referendo no Reino Unido em finais de Junho. Ao contrário do esperado, o índice PMI composto, da indústria e serviços, foi revisto em alta. Atingiu 53,2 pontos, contra uma estimativa de 52,9 pontos e os 53,1 registados em Junho. O economista da Markit Chris Williamson estima que a economia tem demonstrado uma “resistência surpreendente” face ao resultado do referendo britânico. Os dados PMI deixam antever um crescimento modesto de 0,3% do PIB no terceiro trimestre, aumentando a pressão sobre o Banco Central Europeu, cujas medidas tardam em relançar a economia. Em Junho, as vendas a retalho estagnaram na zona euro, em termos mensais. Em termos homólogos, a subida é de 1,6%. Segundo o Eurostat, voltaram a aumentar as vendas de bebidas, alimentação e tabaco. Mas os europeus reduziram as compras de combustível (-1,30%). Portugal regista a maior subida no conjunto da União Europeia. As vendas a retalho progrediram 3,1% em Junho.
